{"id":5997,"date":"2018-06-29T10:35:42","date_gmt":"2018-06-29T08:35:42","guid":{"rendered":"https:\/\/www.aq-arium.com\/aqmarine\/?page_id=5997"},"modified":"2018-06-29T10:35:42","modified_gmt":"2018-06-29T08:35:42","slug":"mantis-smart-ato","status":"publish","type":"page","link":"https:\/\/www.aq-arium.com\/aqmarine\/acuario-marino\/mantis-smart-ato\/","title":{"rendered":"Mantis &#8211; Smart ATO"},"content":{"rendered":"<p><img loading=\"lazy\" decoding=\"async\" class=\"alignnone size-large wp-image-5975\" src=\"https:\/\/www.aq-arium.com\/aqmarine\/wp-content\/uploads\/2018\/06\/IMG_5454-1024x683.png\" alt=\"IMG_5454\" width=\"960\" height=\"640\" srcset=\"https:\/\/www.aq-arium.com\/aqmarine\/wp-content\/uploads\/2018\/06\/IMG_5454.png 1024w, https:\/\/www.aq-arium.com\/aqmarine\/wp-content\/uploads\/2018\/06\/IMG_5454-600x400.png 600w, https:\/\/www.aq-arium.com\/aqmarine\/wp-content\/uploads\/2018\/06\/IMG_5454-300x200.png 300w, https:\/\/www.aq-arium.com\/aqmarine\/wp-content\/uploads\/2018\/06\/IMG_5454-960x640.png 960w, https:\/\/www.aq-arium.com\/aqmarine\/wp-content\/uploads\/2018\/06\/IMG_5454-480x320.png 480w, https:\/\/www.aq-arium.com\/aqmarine\/wp-content\/uploads\/2018\/06\/IMG_5454-320x213.png 320w, https:\/\/www.aq-arium.com\/aqmarine\/wp-content\/uploads\/2018\/06\/IMG_5454-240x160.png 240w\" sizes=\"auto, (max-width: 960px) 100vw, 960px\" \/><\/p>\n<p>El <strong>Smart ATO<\/strong> micro es un rellenador autom\u00e1tico para acuarios, de dise\u00f1o reducido.<\/p>\n<p>Su sensor digital \u00f3ptico controla el nivel del agua del acuario, accionando la bomba incluida consiguiendo as\u00ed mantener siempre un nivel estable en el acuario con la tecnolog\u00eda de seguridad r\u00e1pida ( QST ) que proporciona en tiempo real una protecci\u00f3n total y segura en caso de fallo.<\/p>\n<h3>\u00bfQu\u00e9 incluye el Smart ATO micro?<\/h3>\n<ul>\n<li>Controlador \/ Sensor<\/li>\n<li>Adaptador de corriente<\/li>\n<li>Tubos<\/li>\n<li>Bomba de relleno DC<\/li>\n<li>Codo para tubo<\/li>\n<\/ul>\n<h3>Caracter\u00edsticas del rellenador autom\u00e1tico Smart ATO<\/h3>\n<ul>\n<li>Peque\u00f1a y compacta<\/li>\n<li>Tecnolog\u00eda de Seguridad R\u00e1pida<\/li>\n<li>Sin piezas m\u00f3viles<\/li>\n<li>Soporte magn\u00e9tico integrado<\/li>\n<li>Im\u00e1n impermeable sumergible<\/li>\n<\/ul>\n<p>&nbsp;<\/p>\n<ul>\n<li>Entrada: 100-240 VAC 50-60 HZ<\/li>\n<li>BOMBA DC\n<ul>\n<li>Cabeza: 200 cm<\/li>\n<li>Caudal: 280 litros\/h<\/li>\n<\/ul>\n<\/li>\n<li>Espesor m\u00e1ximo de la pared: 12,7 mm<\/li>\n<\/ul>\n<p><img loading=\"lazy\" decoding=\"async\" class=\"alignnone size-large wp-image-5973\" src=\"https:\/\/www.aq-arium.com\/aqmarine\/wp-content\/uploads\/2018\/06\/IMG_5452-1024x683.png\" alt=\"IMG_5452\" width=\"960\" height=\"640\" srcset=\"https:\/\/www.aq-arium.com\/aqmarine\/wp-content\/uploads\/2018\/06\/IMG_5452.png 1024w, https:\/\/www.aq-arium.com\/aqmarine\/wp-content\/uploads\/2018\/06\/IMG_5452-600x400.png 600w, https:\/\/www.aq-arium.com\/aqmarine\/wp-content\/uploads\/2018\/06\/IMG_5452-300x200.png 300w, https:\/\/www.aq-arium.com\/aqmarine\/wp-content\/uploads\/2018\/06\/IMG_5452-960x640.png 960w, https:\/\/www.aq-arium.com\/aqmarine\/wp-content\/uploads\/2018\/06\/IMG_5452-480x320.png 480w, https:\/\/www.aq-arium.com\/aqmarine\/wp-content\/uploads\/2018\/06\/IMG_5452-320x213.png 320w, https:\/\/www.aq-arium.com\/aqmarine\/wp-content\/uploads\/2018\/06\/IMG_5452-240x160.png 240w\" sizes=\"auto, (max-width: 960px) 100vw, 960px\" \/> <img loading=\"lazy\" decoding=\"async\" class=\"alignnone size-large wp-image-5972\" src=\"https:\/\/www.aq-arium.com\/aqmarine\/wp-content\/uploads\/2018\/06\/IMG_5451-1024x683.png\" alt=\"IMG_5451\" width=\"960\" height=\"640\" srcset=\"https:\/\/www.aq-arium.com\/aqmarine\/wp-content\/uploads\/2018\/06\/IMG_5451.png 1024w, https:\/\/www.aq-arium.com\/aqmarine\/wp-content\/uploads\/2018\/06\/IMG_5451-600x400.png 600w, https:\/\/www.aq-arium.com\/aqmarine\/wp-content\/uploads\/2018\/06\/IMG_5451-300x200.png 300w, https:\/\/www.aq-arium.com\/aqmarine\/wp-content\/uploads\/2018\/06\/IMG_5451-960x640.png 960w, https:\/\/www.aq-arium.com\/aqmarine\/wp-content\/uploads\/2018\/06\/IMG_5451-480x320.png 480w, https:\/\/www.aq-arium.com\/aqmarine\/wp-content\/uploads\/2018\/06\/IMG_5451-320x213.png 320w, https:\/\/www.aq-arium.com\/aqmarine\/wp-content\/uploads\/2018\/06\/IMG_5451-240x160.png 240w\" sizes=\"auto, (max-width: 960px) 100vw, 960px\" \/><\/p>\n","protected":false},"excerpt":{"rendered":"<p>El Smart ATO micro es un rellenador autom\u00e1tico para acuarios, de dise\u00f1o reducido. Su sensor digital \u00f3ptico controla el nivel del agua del acuario, accionando la bomba incluida consiguiendo as\u00ed mantener siempre un nivel estable en el acuario con la tecnolog\u00eda de seguridad r\u00e1pida ( QST ) que proporciona en tiempo real una protecci\u00f3n total [&hellip;]<\/p>\n","protected":false},"author":1,"featured_media":0,"parent":9115,"menu_order":0,"comment_status":"closed","ping_status":"closed","template":"","meta":{"_acf_changed":false,"footnotes":""},"class_list":["post-5997","page","type-page","status-publish","hentry"],"acf":[],"yoast_head":"<!-- This site is optimized with the Yoast SEO plugin v23.9 - https:\/\/yoast.com\/wordpress\/plugins\/seo\/ -->\n<title>Mantis - Smart ATO - AQ, Aquarium Solutions<\/title>\n<meta name=\"robots\" content=\"index, follow, max-snippet:-1, max-image-preview:large, max-video-preview:-1\" \/>\n<link rel=\"canonical\" href=\"https:\/\/www.aq-arium.com\/aqmarine\/acuario-marino\/mantis-smart-ato\/\" \/>\n<meta property=\"og:locale\" content=\"es_ES\" \/>\n<meta property=\"og:type\" content=\"article\" \/>\n<meta property=\"og:title\" content=\"Mantis - Smart ATO - AQ, Aquarium Solutions\" \/>\n<meta property=\"og:description\" content=\"El Smart ATO micro es un rellenador autom\u00e1tico para acuarios, de dise\u00f1o reducido. Su sensor digital \u00f3ptico controla el nivel del agua del acuario, accionando la bomba incluida consiguiendo as\u00ed mantener siempre un nivel estable en el acuario con la tecnolog\u00eda de seguridad r\u00e1pida ( QST ) que proporciona en tiempo real una protecci\u00f3n total [&hellip;]\" \/>\n<meta property=\"og:url\" content=\"https:\/\/www.aq-arium.com\/aqmarine\/acuario-marino\/mantis-smart-ato\/\" \/>\n<meta property=\"og:site_name\" content=\"AQ, Aquarium Solutions\" \/>\n<meta property=\"article:publisher\" content=\"https:\/\/www.instagram.com\/aq.arium\/\" \/>\n<meta property=\"og:image\" content=\"https:\/\/www.aq-arium.com\/aqmarine\/wp-content\/uploads\/2018\/06\/IMG_5454-1024x683.png\" \/>\n<meta name=\"twitter:card\" content=\"summary_large_image\" \/>\n<meta name=\"twitter:site\" content=\"@AArium56877\" \/>\n<meta name=\"twitter:label1\" content=\"Tiempo de lectura\" \/>\n\t<meta name=\"twitter:data1\" content=\"1 minuto\" \/>\n<script type=\"application\/ld+json\" class=\"yoast-schema-graph\">{\"@context\":\"https:\/\/schema.org\",\"@graph\":[{\"@type\":\"WebPage\",\"@id\":\"https:\/\/www.aq-arium.com\/aqmarine\/acuario-marino\/mantis-smart-ato\/\",\"url\":\"https:\/\/www.aq-arium.com\/aqmarine\/acuario-marino\/mantis-smart-ato\/\",\"name\":\"Mantis - Smart ATO - AQ, Aquarium Solutions\",\"isPartOf\":{\"@id\":\"https:\/\/www.aq-arium.com\/aqmarine\/#website\"},\"primaryImageOfPage\":{\"@id\":\"https:\/\/www.aq-arium.com\/aqmarine\/acuario-marino\/mantis-smart-ato\/#primaryimage\"},\"image\":{\"@id\":\"https:\/\/www.aq-arium.com\/aqmarine\/acuario-marino\/mantis-smart-ato\/#primaryimage\"},\"thumbnailUrl\":\"https:\/\/www.aq-arium.com\/aqmarine\/wp-content\/uploads\/2018\/06\/IMG_5454-1024x683.png\",\"datePublished\":\"2018-06-29T08:35:42+00:00\",\"dateModified\":\"2018-06-29T08:35:42+00:00\",\"breadcrumb\":{\"@id\":\"https:\/\/www.aq-arium.com\/aqmarine\/acuario-marino\/mantis-smart-ato\/#breadcrumb\"},\"inLanguage\":\"es-ES\",\"potentialAction\":[{\"@type\":\"ReadAction\",\"target\":[\"https:\/\/www.aq-arium.com\/aqmarine\/acuario-marino\/mantis-smart-ato\/\"]}]},{\"@type\":\"ImageObject\",\"inLanguage\":\"es-ES\",\"@id\":\"https:\/\/www.aq-arium.com\/aqmarine\/acuario-marino\/mantis-smart-ato\/#primaryimage\",\"url\":\"https:\/\/www.aq-arium.com\/aqmarine\/wp-content\/uploads\/2018\/06\/IMG_5454.png\",\"contentUrl\":\"https:\/\/www.aq-arium.com\/aqmarine\/wp-content\/uploads\/2018\/06\/IMG_5454.png\",\"width\":1024,\"height\":683},{\"@type\":\"BreadcrumbList\",\"@id\":\"https:\/\/www.aq-arium.com\/aqmarine\/acuario-marino\/mantis-smart-ato\/#breadcrumb\",\"itemListElement\":[{\"@type\":\"ListItem\",\"position\":1,\"name\":\"Portada\",\"item\":\"https:\/\/www.aq-arium.com\/aqmarine\/\"},{\"@type\":\"ListItem\",\"position\":2,\"name\":\"ACUARIO MARINO\",\"item\":\"https:\/\/www.aq-arium.com\/aqmarine\/acuario-marino\/\"},{\"@type\":\"ListItem\",\"position\":3,\"name\":\"Mantis &#8211; Smart ATO\"}]},{\"@type\":\"WebSite\",\"@id\":\"https:\/\/www.aq-arium.com\/aqmarine\/#website\",\"url\":\"https:\/\/www.aq-arium.com\/aqmarine\/\",\"name\":\"AQ, Aquarium Solutions\",\"description\":\"Productos para Acuario Marino y Dulce\",\"publisher\":{\"@id\":\"https:\/\/www.aq-arium.com\/aqmarine\/#organization\"},\"potentialAction\":[{\"@type\":\"SearchAction\",\"target\":{\"@type\":\"EntryPoint\",\"urlTemplate\":\"https:\/\/www.aq-arium.com\/aqmarine\/?s={search_term_string}\"},\"query-input\":{\"@type\":\"PropertyValueSpecification\",\"valueRequired\":true,\"valueName\":\"search_term_string\"}}],\"inLanguage\":\"es-ES\"},{\"@type\":\"Organization\",\"@id\":\"https:\/\/www.aq-arium.com\/aqmarine\/#organization\",\"name\":\"AQ-arium Solutions\",\"url\":\"https:\/\/www.aq-arium.com\/aqmarine\/\",\"logo\":{\"@type\":\"ImageObject\",\"inLanguage\":\"es-ES\",\"@id\":\"https:\/\/www.aq-arium.com\/aqmarine\/#\/schema\/logo\/image\/\",\"url\":\"https:\/\/www.aq-arium.com\/aqmarine\/wp-content\/uploads\/2021\/08\/AQ-arium-Solutions-logo-100x47px-1.png\",\"contentUrl\":\"https:\/\/www.aq-arium.com\/aqmarine\/wp-content\/uploads\/2021\/08\/AQ-arium-Solutions-logo-100x47px-1.png\",\"width\":100,\"height\":47,\"caption\":\"AQ-arium Solutions\"},\"image\":{\"@id\":\"https:\/\/www.aq-arium.com\/aqmarine\/#\/schema\/logo\/image\/\"},\"sameAs\":[\"https:\/\/www.instagram.com\/aq.arium\/\",\"https:\/\/x.com\/AArium56877\"]}]}<\/script>\n<!-- \/ Yoast SEO plugin. -->","yoast_head_json":{"title":"Mantis - Smart ATO - AQ, Aquarium Solutions","robots":{"index":"index","follow":"follow","max-snippet":"max-snippet:-1","max-image-preview":"max-image-preview:large","max-video-preview":"max-video-preview:-1"},"canonical":"https:\/\/www.aq-arium.com\/aqmarine\/acuario-marino\/mantis-smart-ato\/","og_locale":"es_ES","og_type":"article","og_title":"Mantis - Smart ATO - AQ, Aquarium Solutions","og_description":"El Smart ATO micro es un rellenador autom\u00e1tico para acuarios, de dise\u00f1o reducido. Su sensor digital \u00f3ptico controla el nivel del agua del acuario, accionando la bomba incluida consiguiendo as\u00ed mantener siempre un nivel estable en el acuario con la tecnolog\u00eda de seguridad r\u00e1pida ( QST ) que proporciona en tiempo real una protecci\u00f3n total [&hellip;]","og_url":"https:\/\/www.aq-arium.com\/aqmarine\/acuario-marino\/mantis-smart-ato\/","og_site_name":"AQ, Aquarium Solutions","article_publisher":"https:\/\/www.instagram.com\/aq.arium\/","og_image":[{"url":"https:\/\/www.aq-arium.com\/aqmarine\/wp-content\/uploads\/2018\/06\/IMG_5454-1024x683.png"}],"twitter_card":"summary_large_image","twitter_site":"@AArium56877","twitter_misc":{"Tiempo de lectura":"1 minuto"},"schema":{"@context":"https:\/\/schema.org","@graph":[{"@type":"WebPage","@id":"https:\/\/www.aq-arium.com\/aqmarine\/acuario-marino\/mantis-smart-ato\/","url":"https:\/\/www.aq-arium.com\/aqmarine\/acuario-marino\/mantis-smart-ato\/","name":"Mantis - Smart ATO - AQ, Aquarium Solutions","isPartOf":{"@id":"https:\/\/www.aq-arium.com\/aqmarine\/#website"},"primaryImageOfPage":{"@id":"https:\/\/www.aq-arium.com\/aqmarine\/acuario-marino\/mantis-smart-ato\/#primaryimage"},"image":{"@id":"https:\/\/www.aq-arium.com\/aqmarine\/acuario-marino\/mantis-smart-ato\/#primaryimage"},"thumbnailUrl":"https:\/\/www.aq-arium.com\/aqmarine\/wp-content\/uploads\/2018\/06\/IMG_5454-1024x683.png","datePublished":"2018-06-29T08:35:42+00:00","dateModified":"2018-06-29T08:35:42+00:00","breadcrumb":{"@id":"https:\/\/www.aq-arium.com\/aqmarine\/acuario-marino\/mantis-smart-ato\/#breadcrumb"},"inLanguage":"es-ES","potentialAction":[{"@type":"ReadAction","target":["https:\/\/www.aq-arium.com\/aqmarine\/acuario-marino\/mantis-smart-ato\/"]}]},{"@type":"ImageObject","inLanguage":"es-ES","@id":"https:\/\/www.aq-arium.com\/aqmarine\/acuario-marino\/mantis-smart-ato\/#primaryimage","url":"https:\/\/www.aq-arium.com\/aqmarine\/wp-content\/uploads\/2018\/06\/IMG_5454.png","contentUrl":"https:\/\/www.aq-arium.com\/aqmarine\/wp-content\/uploads\/2018\/06\/IMG_5454.png","width":1024,"height":683},{"@type":"BreadcrumbList","@id":"https:\/\/www.aq-arium.com\/aqmarine\/acuario-marino\/mantis-smart-ato\/#breadcrumb","itemListElement":[{"@type":"ListItem","position":1,"name":"Portada","item":"https:\/\/www.aq-arium.com\/aqmarine\/"},{"@type":"ListItem","position":2,"name":"ACUARIO MARINO","item":"https:\/\/www.aq-arium.com\/aqmarine\/acuario-marino\/"},{"@type":"ListItem","position":3,"name":"Mantis &#8211; Smart ATO"}]},{"@type":"WebSite","@id":"https:\/\/www.aq-arium.com\/aqmarine\/#website","url":"https:\/\/www.aq-arium.com\/aqmarine\/","name":"AQ, Aquarium Solutions","description":"Productos para Acuario Marino y Dulce","publisher":{"@id":"https:\/\/www.aq-arium.com\/aqmarine\/#organization"},"potentialAction":[{"@type":"SearchAction","target":{"@type":"EntryPoint","urlTemplate":"https:\/\/www.aq-arium.com\/aqmarine\/?s={search_term_string}"},"query-input":{"@type":"PropertyValueSpecification","valueRequired":true,"valueName":"search_term_string"}}],"inLanguage":"es-ES"},{"@type":"Organization","@id":"https:\/\/www.aq-arium.com\/aqmarine\/#organization","name":"AQ-arium Solutions","url":"https:\/\/www.aq-arium.com\/aqmarine\/","logo":{"@type":"ImageObject","inLanguage":"es-ES","@id":"https:\/\/www.aq-arium.com\/aqmarine\/#\/schema\/logo\/image\/","url":"https:\/\/www.aq-arium.com\/aqmarine\/wp-content\/uploads\/2021\/08\/AQ-arium-Solutions-logo-100x47px-1.png","contentUrl":"https:\/\/www.aq-arium.com\/aqmarine\/wp-content\/uploads\/2021\/08\/AQ-arium-Solutions-logo-100x47px-1.png","width":100,"height":47,"caption":"AQ-arium Solutions"},"image":{"@id":"https:\/\/www.aq-arium.com\/aqmarine\/#\/schema\/logo\/image\/"},"sameAs":["https:\/\/www.instagram.com\/aq.arium\/","https:\/\/x.com\/AArium56877"]}]}},"jetpack_sharing_enabled":true,"_links":{"self":[{"href":"https:\/\/www.aq-arium.com\/aqmarine\/wp-json\/wp\/v2\/pages\/5997","targetHints":{"allow":["GET"]}}],"collection":[{"href":"https:\/\/www.aq-arium.com\/aqmarine\/wp-json\/wp\/v2\/pages"}],"about":[{"href":"https:\/\/www.aq-arium.com\/aqmarine\/wp-json\/wp\/v2\/types\/page"}],"author":[{"embeddable":true,"href":"https:\/\/www.aq-arium.com\/aqmarine\/wp-json\/wp\/v2\/users\/1"}],"replies":[{"embeddable":true,"href":"https:\/\/www.aq-arium.com\/aqmarine\/wp-json\/wp\/v2\/comments?post=5997"}],"version-history":[{"count":0,"href":"https:\/\/www.aq-arium.com\/aqmarine\/wp-json\/wp\/v2\/pages\/5997\/revisions"}],"up":[{"embeddable":true,"href":"https:\/\/www.aq-arium.com\/aqmarine\/wp-json\/wp\/v2\/pages\/9115"}],"wp:attachment":[{"href":"https:\/\/www.aq-arium.com\/aqmarine\/wp-json\/wp\/v2\/media?parent=5997"}],"curies":[{"name":"wp","href":"https:\/\/api.w.org\/{rel}","templated":true}]}}