{"id":5371,"date":"2018-05-28T12:00:18","date_gmt":"2018-05-28T10:00:18","guid":{"rendered":"https:\/\/www.aq-arium.com\/aqmarine\/?page_id=5371"},"modified":"2021-02-12T13:26:03","modified_gmt":"2021-02-12T12:26:03","slug":"jebao-al-150","status":"publish","type":"page","link":"https:\/\/www.aq-arium.com\/aqmarine\/jebao-dulce\/jebao-iluminacion\/jebao-al-150\/","title":{"rendered":"Jebao AL-150"},"content":{"rendered":"<p>las nuevas pantallas AL-150 de JEBAO, una marca que representa la mejor calidad-precio.\u00a0 Simulan la luz natural del mar, para proporcionar un entorno de vida natural y confortable para los corales y\u00a0peces del tanque.<\/p>\n<p><img loading=\"lazy\" decoding=\"async\" class=\"aligncenter size-full wp-image-5348\" src=\"https:\/\/www.aq-arium.com\/aqmarine\/wp-content\/uploads\/2018\/05\/Jebao-AL-150.jpg\" alt=\"Jebao-AL-150\" width=\"974\" height=\"654\" srcset=\"https:\/\/www.aq-arium.com\/aqmarine\/wp-content\/uploads\/2018\/05\/Jebao-AL-150.jpg 974w, https:\/\/www.aq-arium.com\/aqmarine\/wp-content\/uploads\/2018\/05\/Jebao-AL-150-600x403.jpg 600w, https:\/\/www.aq-arium.com\/aqmarine\/wp-content\/uploads\/2018\/05\/Jebao-AL-150-300x201.jpg 300w, https:\/\/www.aq-arium.com\/aqmarine\/wp-content\/uploads\/2018\/05\/Jebao-AL-150-240x160.jpg 240w\" sizes=\"auto, (max-width: 974px) 100vw, 974px\" \/><\/p>\n<h3>Caracter\u00edsticas:<\/h3>\n<ul>\n<li>50 LEDs de espectro completo de alta calidad y intensidad, con un ratio de penetraci\u00f3n en al agua elevado, la pantalla consta de 2 M\u00f3dulos (cada uno con 25 LED y consumo de 75 W) los cuales aseguran una\u00a0completa cobertura del espacio del tanque. Consumo total de la pantalla 150W.<\/li>\n<li>Se caracteriza por su conexi\u00f3n Wi-Fi 24h, lo que permite gestionar y configurar la pantalla desde la App exclusiva de Jebao, disponible para iOS y Android a trav\u00e9s de c\u00f3digo QR. (Incluye un chivato para confirmar la conexi\u00f3n Wi-Fi)<\/li>\n<li>Sistema de refrigeraci\u00f3n silencioso, protegida con un control inteligente de la temperatura.<\/li>\n<li>Incluye soporte regulable de 20 a 32 cm de la superficie del agua, max\u00a0grosor\u00a0cristal 2 cm.<\/li>\n<li>8 tipos de LED de espectro completo en 6 canales diferentes disponibles.<\/li>\n<li>Dimensiones:\u00a029.2 x 16 x 3.9 cm<\/li>\n<li>Peso:\u00a04 Kg<\/li>\n<\/ul>\n<p>A continuaci\u00f3n os dejamos la review que realiz\u00f3 hookedonreef.es hace unos meses de \u00e9sta misma pantalla antes de su salida al mercado:<\/p>\n<p><iframe loading=\"lazy\" title=\"jebao AL-150\" width=\"500\" height=\"281\" src=\"https:\/\/www.youtube.com\/embed\/6tqiIHOVvp0?start=641&#038;feature=oembed\" frameborder=\"0\" allow=\"accelerometer; autoplay; clipboard-write; encrypted-media; gyroscope; picture-in-picture; web-share\" referrerpolicy=\"strict-origin-when-cross-origin\" allowfullscreen><\/iframe><\/p>\n<p>&nbsp;<\/p>\n<h2><strong>MEDICIONES\u00a0<\/strong><\/h2>\n<p>Las mediciones han sido tomadas con\u00a0 un medidor de par Apogee MQ-500 nuevo a estrenar, siempre colocada la pantalla en modo manual y al 100% todos sus canales.<\/p>\n<p>La pantalla se encuentra a 23 cm sobre la superficie colocada de manera longitudinal.<\/p>\n<p><a href=\"https:\/\/www.aq-arium.com\/aqmarine\/wp-content\/uploads\/2018\/05\/tests.png\"><img loading=\"lazy\" decoding=\"async\" class=\"aligncenter size-full wp-image-5491\" src=\"https:\/\/www.aq-arium.com\/aqmarine\/wp-content\/uploads\/2018\/05\/tests.png\" alt=\"tests\" width=\"1024\" height=\"600\" srcset=\"https:\/\/www.aq-arium.com\/aqmarine\/wp-content\/uploads\/2018\/05\/tests.png 1024w, https:\/\/www.aq-arium.com\/aqmarine\/wp-content\/uploads\/2018\/05\/tests-600x352.png 600w, https:\/\/www.aq-arium.com\/aqmarine\/wp-content\/uploads\/2018\/05\/tests-300x176.png 300w\" sizes=\"auto, (max-width: 1024px) 100vw, 1024px\" \/><\/a>Por ultimo tambi\u00e9n la hemos probado en un acuario de profundidad 60cm\u00a0 para ponerla a prueba en acuarios mas profundos y las mediciones de PAR a 60 cm se mantienen entorno a 180 umols debajo de ella, por compararlo de alguna manera\u00a0 son los mismo resultados que hemos obtenido con una radion g4 pro al 70% (unos 130watios igual que los 130watios de jebao).<\/p>\n<p>Mediciones realizadas por hookedonreef.es<\/p>\n<p>&nbsp;<\/p>\n<p><span style=\"color: #3366ff;\"><strong><a style=\"color: #3366ff;\" href=\"https:\/\/www.aq-arium.com\/aqmarine\/download\/jebao-informacion-importante-ak-80-y-al-150\/\">INFORMACI\u00d3N IMPORTANTE DE AK-80 Y AK-150<\/a><\/strong><\/span><\/p>\n","protected":false},"excerpt":{"rendered":"<p>las nuevas pantallas AL-150 de JEBAO, una marca que representa la mejor calidad-precio.\u00a0 Simulan la luz natural del mar, para proporcionar un entorno de vida natural y confortable para los corales y\u00a0peces del tanque. Caracter\u00edsticas: 50 LEDs de espectro completo de alta calidad y intensidad, con un ratio de penetraci\u00f3n en al agua elevado, la [&hellip;]<\/p>\n","protected":false},"author":1,"featured_media":5348,"parent":5368,"menu_order":0,"comment_status":"closed","ping_status":"closed","template":"","meta":{"_acf_changed":false,"footnotes":""},"class_list":["post-5371","page","type-page","status-publish","has-post-thumbnail","hentry"],"acf":[],"yoast_head":"<!-- This site is optimized with the Yoast SEO plugin v23.9 - https:\/\/yoast.com\/wordpress\/plugins\/seo\/ -->\n<title>Jebao AL-150 - AQ, Aquarium Solutions<\/title>\n<meta name=\"robots\" content=\"index, follow, max-snippet:-1, max-image-preview:large, max-video-preview:-1\" \/>\n<link rel=\"canonical\" href=\"https:\/\/www.aq-arium.com\/aqmarine\/jebao-dulce\/jebao-iluminacion\/jebao-al-150\/\" \/>\n<meta property=\"og:locale\" content=\"es_ES\" \/>\n<meta property=\"og:type\" content=\"article\" \/>\n<meta property=\"og:title\" content=\"Jebao AL-150 - AQ, Aquarium Solutions\" \/>\n<meta property=\"og:description\" content=\"las nuevas pantallas AL-150 de JEBAO, una marca que representa la mejor calidad-precio.\u00a0 Simulan la luz natural del mar, para proporcionar un entorno de vida natural y confortable para los corales y\u00a0peces del tanque. Caracter\u00edsticas: 50 LEDs de espectro completo de alta calidad y intensidad, con un ratio de penetraci\u00f3n en al agua elevado, la [&hellip;]\" \/>\n<meta property=\"og:url\" content=\"https:\/\/www.aq-arium.com\/aqmarine\/jebao-dulce\/jebao-iluminacion\/jebao-al-150\/\" \/>\n<meta property=\"og:site_name\" content=\"AQ, Aquarium Solutions\" \/>\n<meta property=\"article:publisher\" content=\"https:\/\/www.instagram.com\/aq.arium\/\" \/>\n<meta property=\"article:modified_time\" content=\"2021-02-12T12:26:03+00:00\" \/>\n<meta property=\"og:image\" content=\"https:\/\/www.aq-arium.com\/aqmarine\/wp-content\/uploads\/2018\/05\/Jebao-AL-150.jpg\" \/>\n\t<meta property=\"og:image:width\" content=\"974\" \/>\n\t<meta property=\"og:image:height\" content=\"654\" \/>\n\t<meta property=\"og:image:type\" content=\"image\/jpeg\" \/>\n<meta name=\"twitter:card\" content=\"summary_large_image\" \/>\n<meta name=\"twitter:site\" content=\"@AArium56877\" \/>\n<meta name=\"twitter:label1\" content=\"Tiempo de lectura\" \/>\n\t<meta name=\"twitter:data1\" content=\"2 minutos\" \/>\n<script type=\"application\/ld+json\" class=\"yoast-schema-graph\">{\"@context\":\"https:\/\/schema.org\",\"@graph\":[{\"@type\":\"WebPage\",\"@id\":\"https:\/\/www.aq-arium.com\/aqmarine\/jebao-dulce\/jebao-iluminacion\/jebao-al-150\/\",\"url\":\"https:\/\/www.aq-arium.com\/aqmarine\/jebao-dulce\/jebao-iluminacion\/jebao-al-150\/\",\"name\":\"Jebao AL-150 - AQ, Aquarium Solutions\",\"isPartOf\":{\"@id\":\"https:\/\/www.aq-arium.com\/aqmarine\/#website\"},\"primaryImageOfPage\":{\"@id\":\"https:\/\/www.aq-arium.com\/aqmarine\/jebao-dulce\/jebao-iluminacion\/jebao-al-150\/#primaryimage\"},\"image\":{\"@id\":\"https:\/\/www.aq-arium.com\/aqmarine\/jebao-dulce\/jebao-iluminacion\/jebao-al-150\/#primaryimage\"},\"thumbnailUrl\":\"https:\/\/www.aq-arium.com\/aqmarine\/wp-content\/uploads\/2018\/05\/Jebao-AL-150.jpg\",\"datePublished\":\"2018-05-28T10:00:18+00:00\",\"dateModified\":\"2021-02-12T12:26:03+00:00\",\"breadcrumb\":{\"@id\":\"https:\/\/www.aq-arium.com\/aqmarine\/jebao-dulce\/jebao-iluminacion\/jebao-al-150\/#breadcrumb\"},\"inLanguage\":\"es-ES\",\"potentialAction\":[{\"@type\":\"ReadAction\",\"target\":[\"https:\/\/www.aq-arium.com\/aqmarine\/jebao-dulce\/jebao-iluminacion\/jebao-al-150\/\"]}]},{\"@type\":\"ImageObject\",\"inLanguage\":\"es-ES\",\"@id\":\"https:\/\/www.aq-arium.com\/aqmarine\/jebao-dulce\/jebao-iluminacion\/jebao-al-150\/#primaryimage\",\"url\":\"https:\/\/www.aq-arium.com\/aqmarine\/wp-content\/uploads\/2018\/05\/Jebao-AL-150.jpg\",\"contentUrl\":\"https:\/\/www.aq-arium.com\/aqmarine\/wp-content\/uploads\/2018\/05\/Jebao-AL-150.jpg\",\"width\":974,\"height\":654,\"caption\":\"Jebao-AL-150\"},{\"@type\":\"BreadcrumbList\",\"@id\":\"https:\/\/www.aq-arium.com\/aqmarine\/jebao-dulce\/jebao-iluminacion\/jebao-al-150\/#breadcrumb\",\"itemListElement\":[{\"@type\":\"ListItem\",\"position\":1,\"name\":\"Portada\",\"item\":\"https:\/\/www.aq-arium.com\/aqmarine\/\"},{\"@type\":\"ListItem\",\"position\":2,\"name\":\"Jebao\",\"item\":\"https:\/\/www.aq-arium.com\/aqmarine\/jebao-dulce\/\"},{\"@type\":\"ListItem\",\"position\":3,\"name\":\"Jebao &#8211; Iluminaci\u00f3n\",\"item\":\"https:\/\/www.aq-arium.com\/aqmarine\/jebao-dulce\/jebao-iluminacion\/\"},{\"@type\":\"ListItem\",\"position\":4,\"name\":\"Jebao AL-150\"}]},{\"@type\":\"WebSite\",\"@id\":\"https:\/\/www.aq-arium.com\/aqmarine\/#website\",\"url\":\"https:\/\/www.aq-arium.com\/aqmarine\/\",\"name\":\"AQ, Aquarium Solutions\",\"description\":\"Productos para Acuario Marino y Dulce\",\"publisher\":{\"@id\":\"https:\/\/www.aq-arium.com\/aqmarine\/#organization\"},\"potentialAction\":[{\"@type\":\"SearchAction\",\"target\":{\"@type\":\"EntryPoint\",\"urlTemplate\":\"https:\/\/www.aq-arium.com\/aqmarine\/?s={search_term_string}\"},\"query-input\":{\"@type\":\"PropertyValueSpecification\",\"valueRequired\":true,\"valueName\":\"search_term_string\"}}],\"inLanguage\":\"es-ES\"},{\"@type\":\"Organization\",\"@id\":\"https:\/\/www.aq-arium.com\/aqmarine\/#organization\",\"name\":\"AQ-arium Solutions\",\"url\":\"https:\/\/www.aq-arium.com\/aqmarine\/\",\"logo\":{\"@type\":\"ImageObject\",\"inLanguage\":\"es-ES\",\"@id\":\"https:\/\/www.aq-arium.com\/aqmarine\/#\/schema\/logo\/image\/\",\"url\":\"https:\/\/www.aq-arium.com\/aqmarine\/wp-content\/uploads\/2021\/08\/AQ-arium-Solutions-logo-100x47px-1.png\",\"contentUrl\":\"https:\/\/www.aq-arium.com\/aqmarine\/wp-content\/uploads\/2021\/08\/AQ-arium-Solutions-logo-100x47px-1.png\",\"width\":100,\"height\":47,\"caption\":\"AQ-arium Solutions\"},\"image\":{\"@id\":\"https:\/\/www.aq-arium.com\/aqmarine\/#\/schema\/logo\/image\/\"},\"sameAs\":[\"https:\/\/www.instagram.com\/aq.arium\/\",\"https:\/\/x.com\/AArium56877\"]}]}<\/script>\n<!-- \/ Yoast SEO plugin. -->","yoast_head_json":{"title":"Jebao AL-150 - AQ, Aquarium Solutions","robots":{"index":"index","follow":"follow","max-snippet":"max-snippet:-1","max-image-preview":"max-image-preview:large","max-video-preview":"max-video-preview:-1"},"canonical":"https:\/\/www.aq-arium.com\/aqmarine\/jebao-dulce\/jebao-iluminacion\/jebao-al-150\/","og_locale":"es_ES","og_type":"article","og_title":"Jebao AL-150 - AQ, Aquarium Solutions","og_description":"las nuevas pantallas AL-150 de JEBAO, una marca que representa la mejor calidad-precio.\u00a0 Simulan la luz natural del mar, para proporcionar un entorno de vida natural y confortable para los corales y\u00a0peces del tanque. Caracter\u00edsticas: 50 LEDs de espectro completo de alta calidad y intensidad, con un ratio de penetraci\u00f3n en al agua elevado, la [&hellip;]","og_url":"https:\/\/www.aq-arium.com\/aqmarine\/jebao-dulce\/jebao-iluminacion\/jebao-al-150\/","og_site_name":"AQ, Aquarium Solutions","article_publisher":"https:\/\/www.instagram.com\/aq.arium\/","article_modified_time":"2021-02-12T12:26:03+00:00","og_image":[{"width":974,"height":654,"url":"https:\/\/www.aq-arium.com\/aqmarine\/wp-content\/uploads\/2018\/05\/Jebao-AL-150.jpg","type":"image\/jpeg"}],"twitter_card":"summary_large_image","twitter_site":"@AArium56877","twitter_misc":{"Tiempo de lectura":"2 minutos"},"schema":{"@context":"https:\/\/schema.org","@graph":[{"@type":"WebPage","@id":"https:\/\/www.aq-arium.com\/aqmarine\/jebao-dulce\/jebao-iluminacion\/jebao-al-150\/","url":"https:\/\/www.aq-arium.com\/aqmarine\/jebao-dulce\/jebao-iluminacion\/jebao-al-150\/","name":"Jebao AL-150 - AQ, Aquarium Solutions","isPartOf":{"@id":"https:\/\/www.aq-arium.com\/aqmarine\/#website"},"primaryImageOfPage":{"@id":"https:\/\/www.aq-arium.com\/aqmarine\/jebao-dulce\/jebao-iluminacion\/jebao-al-150\/#primaryimage"},"image":{"@id":"https:\/\/www.aq-arium.com\/aqmarine\/jebao-dulce\/jebao-iluminacion\/jebao-al-150\/#primaryimage"},"thumbnailUrl":"https:\/\/www.aq-arium.com\/aqmarine\/wp-content\/uploads\/2018\/05\/Jebao-AL-150.jpg","datePublished":"2018-05-28T10:00:18+00:00","dateModified":"2021-02-12T12:26:03+00:00","breadcrumb":{"@id":"https:\/\/www.aq-arium.com\/aqmarine\/jebao-dulce\/jebao-iluminacion\/jebao-al-150\/#breadcrumb"},"inLanguage":"es-ES","potentialAction":[{"@type":"ReadAction","target":["https:\/\/www.aq-arium.com\/aqmarine\/jebao-dulce\/jebao-iluminacion\/jebao-al-150\/"]}]},{"@type":"ImageObject","inLanguage":"es-ES","@id":"https:\/\/www.aq-arium.com\/aqmarine\/jebao-dulce\/jebao-iluminacion\/jebao-al-150\/#primaryimage","url":"https:\/\/www.aq-arium.com\/aqmarine\/wp-content\/uploads\/2018\/05\/Jebao-AL-150.jpg","contentUrl":"https:\/\/www.aq-arium.com\/aqmarine\/wp-content\/uploads\/2018\/05\/Jebao-AL-150.jpg","width":974,"height":654,"caption":"Jebao-AL-150"},{"@type":"BreadcrumbList","@id":"https:\/\/www.aq-arium.com\/aqmarine\/jebao-dulce\/jebao-iluminacion\/jebao-al-150\/#breadcrumb","itemListElement":[{"@type":"ListItem","position":1,"name":"Portada","item":"https:\/\/www.aq-arium.com\/aqmarine\/"},{"@type":"ListItem","position":2,"name":"Jebao","item":"https:\/\/www.aq-arium.com\/aqmarine\/jebao-dulce\/"},{"@type":"ListItem","position":3,"name":"Jebao &#8211; Iluminaci\u00f3n","item":"https:\/\/www.aq-arium.com\/aqmarine\/jebao-dulce\/jebao-iluminacion\/"},{"@type":"ListItem","position":4,"name":"Jebao AL-150"}]},{"@type":"WebSite","@id":"https:\/\/www.aq-arium.com\/aqmarine\/#website","url":"https:\/\/www.aq-arium.com\/aqmarine\/","name":"AQ, Aquarium Solutions","description":"Productos para Acuario Marino y Dulce","publisher":{"@id":"https:\/\/www.aq-arium.com\/aqmarine\/#organization"},"potentialAction":[{"@type":"SearchAction","target":{"@type":"EntryPoint","urlTemplate":"https:\/\/www.aq-arium.com\/aqmarine\/?s={search_term_string}"},"query-input":{"@type":"PropertyValueSpecification","valueRequired":true,"valueName":"search_term_string"}}],"inLanguage":"es-ES"},{"@type":"Organization","@id":"https:\/\/www.aq-arium.com\/aqmarine\/#organization","name":"AQ-arium Solutions","url":"https:\/\/www.aq-arium.com\/aqmarine\/","logo":{"@type":"ImageObject","inLanguage":"es-ES","@id":"https:\/\/www.aq-arium.com\/aqmarine\/#\/schema\/logo\/image\/","url":"https:\/\/www.aq-arium.com\/aqmarine\/wp-content\/uploads\/2021\/08\/AQ-arium-Solutions-logo-100x47px-1.png","contentUrl":"https:\/\/www.aq-arium.com\/aqmarine\/wp-content\/uploads\/2021\/08\/AQ-arium-Solutions-logo-100x47px-1.png","width":100,"height":47,"caption":"AQ-arium Solutions"},"image":{"@id":"https:\/\/www.aq-arium.com\/aqmarine\/#\/schema\/logo\/image\/"},"sameAs":["https:\/\/www.instagram.com\/aq.arium\/","https:\/\/x.com\/AArium56877"]}]}},"jetpack_sharing_enabled":true,"_links":{"self":[{"href":"https:\/\/www.aq-arium.com\/aqmarine\/wp-json\/wp\/v2\/pages\/5371","targetHints":{"allow":["GET"]}}],"collection":[{"href":"https:\/\/www.aq-arium.com\/aqmarine\/wp-json\/wp\/v2\/pages"}],"about":[{"href":"https:\/\/www.aq-arium.com\/aqmarine\/wp-json\/wp\/v2\/types\/page"}],"author":[{"embeddable":true,"href":"https:\/\/www.aq-arium.com\/aqmarine\/wp-json\/wp\/v2\/users\/1"}],"replies":[{"embeddable":true,"href":"https:\/\/www.aq-arium.com\/aqmarine\/wp-json\/wp\/v2\/comments?post=5371"}],"version-history":[{"count":0,"href":"https:\/\/www.aq-arium.com\/aqmarine\/wp-json\/wp\/v2\/pages\/5371\/revisions"}],"up":[{"embeddable":true,"href":"https:\/\/www.aq-arium.com\/aqmarine\/wp-json\/wp\/v2\/pages\/5368"}],"wp:featuredmedia":[{"embeddable":true,"href":"https:\/\/www.aq-arium.com\/aqmarine\/wp-json\/wp\/v2\/media\/5348"}],"wp:attachment":[{"href":"https:\/\/www.aq-arium.com\/aqmarine\/wp-json\/wp\/v2\/media?parent=5371"}],"curies":[{"name":"wp","href":"https:\/\/api.w.org\/{rel}","templated":true}]}}