{"id":4157,"date":"2016-09-21T13:06:56","date_gmt":"2016-09-21T11:06:56","guid":{"rendered":"https:\/\/www.aq-arium.com\/aqmarine\/?page_id=4157"},"modified":"2016-09-21T16:31:21","modified_gmt":"2016-09-21T14:31:21","slug":"maxspect-controlador-2da-generacion","status":"publish","type":"page","link":"https:\/\/www.aq-arium.com\/aqmarine\/acuario-marino\/maxspect-riptide\/maxspect-controlador-2da-generacion\/","title":{"rendered":"MAXSPECT \u2013 Controlador 2da Generaci\u00f3n"},"content":{"rendered":"<p><img loading=\"lazy\" decoding=\"async\" src=\"https:\/\/www.aq-arium.com\/aqmarine\/wp-content\/uploads\/2014\/07\/gyre-superior-1024x159.jpg\" alt=\"gyre superior\" width=\"960\" height=\"149\" \/><\/p>\n<h2>Segunda Generaci\u00f3n Controlador Avanzado Gyre<\/h2>\n<p>Controle f\u00e1cilmente hasta dos Gyre de forma sencilla con 5 modos y 6 ajustes disponibles de movimiento y flujo de agua.<\/p>\n<h3><strong>Caracter\u00edsticas<\/strong><\/h3>\n<ul>\n<li>5 modos de movimiento de agua<\/li>\n<li>6 variables de ajuste del flujo<\/li>\n<li>4 m\u00e9todos de Conectividad<\/li>\n<li>Ciclos de flujo personalizables<\/li>\n<li>Dos tipos de preconfiguraci\u00f3n 24h<\/li>\n<li>Modo alimentaci\u00f3n<\/li>\n<li>Control dual de bombas gyre<\/li>\n<\/ul>\n<div class=\"ctsc-column ctsc-col2\">\n<h3>MODOS<\/h3>\n<p><img loading=\"lazy\" decoding=\"async\" class=\"alignnone size-medium wp-image-4158\" src=\"https:\/\/www.aq-arium.com\/aqmarine\/wp-content\/uploads\/2016\/09\/movimientoagua-300x274.jpg\" alt=\"movimientoagua\" width=\"300\" height=\"274\" srcset=\"https:\/\/www.aq-arium.com\/aqmarine\/wp-content\/uploads\/2016\/09\/movimientoagua-300x274.jpg 300w, https:\/\/www.aq-arium.com\/aqmarine\/wp-content\/uploads\/2016\/09\/movimientoagua-600x548.jpg 600w, https:\/\/www.aq-arium.com\/aqmarine\/wp-content\/uploads\/2016\/09\/movimientoagua.jpg 648w\" sizes=\"auto, (max-width: 300px) 100vw, 300px\" \/><\/p>\n<\/div><div class=\"ctsc-column ctsc-col2 ctsc-col-last\">\n<h3>SINCRONIZACI\u00d3N<\/h3>\n<p><img loading=\"lazy\" decoding=\"async\" class=\"alignnone size-medium wp-image-4159\" src=\"https:\/\/www.aq-arium.com\/aqmarine\/wp-content\/uploads\/2016\/09\/enlace-300x274.jpg\" alt=\"enlace\" width=\"300\" height=\"274\" srcset=\"https:\/\/www.aq-arium.com\/aqmarine\/wp-content\/uploads\/2016\/09\/enlace-300x274.jpg 300w, https:\/\/www.aq-arium.com\/aqmarine\/wp-content\/uploads\/2016\/09\/enlace-600x548.jpg 600w, https:\/\/www.aq-arium.com\/aqmarine\/wp-content\/uploads\/2016\/09\/enlace.jpg 648w\" sizes=\"auto, (max-width: 300px) 100vw, 300px\" \/><\/p>\n<\/div><div class=\"col-divide\"><\/div>\n<p>Personaliza completamente los flujos de tu Maxspect Gyre y avent\u00e1jate de un sistema de sincronizaci\u00f3n simple entre dos bombas con este intuitivo controlador. El nuevo controlador avanzado es extremadamente superior en comparaci\u00f3n con la primera generaci\u00f3n, con lo que te sorprender\u00e1 sus nuevas caracter\u00edsticas y versatilidad.<\/p>\n<h3>5 modos de movimiento del agua<\/h3>\n<ul>\n<li>Velocidad Constante<\/li>\n<li>Pulsaci\u00f3n<\/li>\n<li>Pulsaci\u00f3n gradual<\/li>\n<li>Modo Aleatorio<\/li>\n<li>Alternancia<\/li>\n<\/ul>\n<div class=\"ctsc-column ctsc-col3\">\n<p><img loading=\"lazy\" decoding=\"async\" class=\"alignnone size-medium wp-image-4161\" src=\"https:\/\/www.aq-arium.com\/aqmarine\/wp-content\/uploads\/2016\/09\/createflowcycles_3_1-300x300.jpg\" alt=\"createflowcycles_3_1\" width=\"300\" height=\"300\" srcset=\"https:\/\/www.aq-arium.com\/aqmarine\/wp-content\/uploads\/2016\/09\/createflowcycles_3_1-300x300.jpg 300w, https:\/\/www.aq-arium.com\/aqmarine\/wp-content\/uploads\/2016\/09\/createflowcycles_3_1-100x100.jpg 100w, https:\/\/www.aq-arium.com\/aqmarine\/wp-content\/uploads\/2016\/09\/createflowcycles_3_1-600x600.jpg 600w, https:\/\/www.aq-arium.com\/aqmarine\/wp-content\/uploads\/2016\/09\/createflowcycles_3_1-150x150.jpg 150w, https:\/\/www.aq-arium.com\/aqmarine\/wp-content\/uploads\/2016\/09\/createflowcycles_3_1-50x50.jpg 50w, https:\/\/www.aq-arium.com\/aqmarine\/wp-content\/uploads\/2016\/09\/createflowcycles_3_1-480x480.jpg 480w, https:\/\/www.aq-arium.com\/aqmarine\/wp-content\/uploads\/2016\/09\/createflowcycles_3_1-320x320.jpg 320w, https:\/\/www.aq-arium.com\/aqmarine\/wp-content\/uploads\/2016\/09\/createflowcycles_3_1-240x240.jpg 240w, https:\/\/www.aq-arium.com\/aqmarine\/wp-content\/uploads\/2016\/09\/createflowcycles_3_1.jpg 800w\" sizes=\"auto, (max-width: 300px) 100vw, 300px\" \/><\/p>\n<\/div><div class=\"ctsc-column ctsc-col3\">\n<p><img loading=\"lazy\" decoding=\"async\" class=\"alignnone size-medium wp-image-4162\" src=\"https:\/\/www.aq-arium.com\/aqmarine\/wp-content\/uploads\/2016\/09\/lunartidalcycle_3_1-300x300.jpg\" alt=\"lunartidalcycle_3_1\" width=\"300\" height=\"300\" srcset=\"https:\/\/www.aq-arium.com\/aqmarine\/wp-content\/uploads\/2016\/09\/lunartidalcycle_3_1-300x300.jpg 300w, https:\/\/www.aq-arium.com\/aqmarine\/wp-content\/uploads\/2016\/09\/lunartidalcycle_3_1-100x100.jpg 100w, https:\/\/www.aq-arium.com\/aqmarine\/wp-content\/uploads\/2016\/09\/lunartidalcycle_3_1-600x600.jpg 600w, https:\/\/www.aq-arium.com\/aqmarine\/wp-content\/uploads\/2016\/09\/lunartidalcycle_3_1-150x150.jpg 150w, https:\/\/www.aq-arium.com\/aqmarine\/wp-content\/uploads\/2016\/09\/lunartidalcycle_3_1-50x50.jpg 50w, https:\/\/www.aq-arium.com\/aqmarine\/wp-content\/uploads\/2016\/09\/lunartidalcycle_3_1-480x480.jpg 480w, https:\/\/www.aq-arium.com\/aqmarine\/wp-content\/uploads\/2016\/09\/lunartidalcycle_3_1-320x320.jpg 320w, https:\/\/www.aq-arium.com\/aqmarine\/wp-content\/uploads\/2016\/09\/lunartidalcycle_3_1-240x240.jpg 240w, https:\/\/www.aq-arium.com\/aqmarine\/wp-content\/uploads\/2016\/09\/lunartidalcycle_3_1.jpg 800w\" sizes=\"auto, (max-width: 300px) 100vw, 300px\" \/><\/p>\n<\/div><div class=\"ctsc-column ctsc-col3 ctsc-col-last\">\n<p><img loading=\"lazy\" decoding=\"async\" class=\"alignnone size-medium wp-image-4163\" src=\"https:\/\/www.aq-arium.com\/aqmarine\/wp-content\/uploads\/2016\/09\/oceanicgyrecycle_3_1-300x300.jpg\" alt=\"oceanicgyrecycle_3_1\" width=\"300\" height=\"300\" srcset=\"https:\/\/www.aq-arium.com\/aqmarine\/wp-content\/uploads\/2016\/09\/oceanicgyrecycle_3_1-300x300.jpg 300w, https:\/\/www.aq-arium.com\/aqmarine\/wp-content\/uploads\/2016\/09\/oceanicgyrecycle_3_1-100x100.jpg 100w, https:\/\/www.aq-arium.com\/aqmarine\/wp-content\/uploads\/2016\/09\/oceanicgyrecycle_3_1-600x600.jpg 600w, https:\/\/www.aq-arium.com\/aqmarine\/wp-content\/uploads\/2016\/09\/oceanicgyrecycle_3_1-150x150.jpg 150w, https:\/\/www.aq-arium.com\/aqmarine\/wp-content\/uploads\/2016\/09\/oceanicgyrecycle_3_1-50x50.jpg 50w, https:\/\/www.aq-arium.com\/aqmarine\/wp-content\/uploads\/2016\/09\/oceanicgyrecycle_3_1-480x480.jpg 480w, https:\/\/www.aq-arium.com\/aqmarine\/wp-content\/uploads\/2016\/09\/oceanicgyrecycle_3_1-320x320.jpg 320w, https:\/\/www.aq-arium.com\/aqmarine\/wp-content\/uploads\/2016\/09\/oceanicgyrecycle_3_1-240x240.jpg 240w, https:\/\/www.aq-arium.com\/aqmarine\/wp-content\/uploads\/2016\/09\/oceanicgyrecycle_3_1.jpg 800w\" sizes=\"auto, (max-width: 300px) 100vw, 300px\" \/><\/p>\n<\/div><div class=\"col-divide\"><\/div>\n<p>&nbsp;<\/p>\n<h3>6 variables de ajuste de flujo<\/h3>\n<ul>\n<li>Flujo M\u00e1ximo<\/li>\n<li>Flujo M\u00ednimo<\/li>\n<li>Flujo M\u00e1ximo por tiempo<\/li>\n<li>Flujo M\u00ednimo por tiempo<\/li>\n<li>Subida por tiempo<\/li>\n<li>Bajada por tiempo<\/li>\n<\/ul>\n<p>&nbsp;<\/p>\n<h3>Preconfiguraci\u00f3n 24 Horas<\/h3>\n<ul>\n<li>Ciclo Lunar<\/li>\n<li>Ciclo Oce\u00e1nico<\/li>\n<\/ul>\n<p><img loading=\"lazy\" decoding=\"async\" class=\"alignnone wp-image-4165 size-full\" src=\"https:\/\/www.aq-arium.com\/aqmarine\/wp-content\/uploads\/2016\/09\/advanced-controller_3.jpg\" alt=\"advanced-controller_3\" width=\"800\" height=\"800\" srcset=\"https:\/\/www.aq-arium.com\/aqmarine\/wp-content\/uploads\/2016\/09\/advanced-controller_3.jpg 800w, https:\/\/www.aq-arium.com\/aqmarine\/wp-content\/uploads\/2016\/09\/advanced-controller_3-300x300.jpg 300w, https:\/\/www.aq-arium.com\/aqmarine\/wp-content\/uploads\/2016\/09\/advanced-controller_3-100x100.jpg 100w, https:\/\/www.aq-arium.com\/aqmarine\/wp-content\/uploads\/2016\/09\/advanced-controller_3-600x600.jpg 600w, https:\/\/www.aq-arium.com\/aqmarine\/wp-content\/uploads\/2016\/09\/advanced-controller_3-150x150.jpg 150w, https:\/\/www.aq-arium.com\/aqmarine\/wp-content\/uploads\/2016\/09\/advanced-controller_3-50x50.jpg 50w, https:\/\/www.aq-arium.com\/aqmarine\/wp-content\/uploads\/2016\/09\/advanced-controller_3-480x480.jpg 480w, https:\/\/www.aq-arium.com\/aqmarine\/wp-content\/uploads\/2016\/09\/advanced-controller_3-320x320.jpg 320w, https:\/\/www.aq-arium.com\/aqmarine\/wp-content\/uploads\/2016\/09\/advanced-controller_3-240x240.jpg 240w\" sizes=\"auto, (max-width: 800px) 100vw, 800px\" \/> <img loading=\"lazy\" decoding=\"async\" class=\"alignnone wp-image-4166 size-full\" src=\"https:\/\/www.aq-arium.com\/aqmarine\/wp-content\/uploads\/2016\/09\/xf250bundle_3.jpg\" alt=\"xf250bundle_3\" width=\"800\" height=\"800\" srcset=\"https:\/\/www.aq-arium.com\/aqmarine\/wp-content\/uploads\/2016\/09\/xf250bundle_3.jpg 800w, https:\/\/www.aq-arium.com\/aqmarine\/wp-content\/uploads\/2016\/09\/xf250bundle_3-300x300.jpg 300w, https:\/\/www.aq-arium.com\/aqmarine\/wp-content\/uploads\/2016\/09\/xf250bundle_3-100x100.jpg 100w, https:\/\/www.aq-arium.com\/aqmarine\/wp-content\/uploads\/2016\/09\/xf250bundle_3-600x600.jpg 600w, https:\/\/www.aq-arium.com\/aqmarine\/wp-content\/uploads\/2016\/09\/xf250bundle_3-150x150.jpg 150w, https:\/\/www.aq-arium.com\/aqmarine\/wp-content\/uploads\/2016\/09\/xf250bundle_3-50x50.jpg 50w, https:\/\/www.aq-arium.com\/aqmarine\/wp-content\/uploads\/2016\/09\/xf250bundle_3-480x480.jpg 480w, https:\/\/www.aq-arium.com\/aqmarine\/wp-content\/uploads\/2016\/09\/xf250bundle_3-320x320.jpg 320w, https:\/\/www.aq-arium.com\/aqmarine\/wp-content\/uploads\/2016\/09\/xf250bundle_3-240x240.jpg 240w\" sizes=\"auto, (max-width: 800px) 100vw, 800px\" \/><\/p>\n<h3>Contenido<\/h3>\n<p>El Controlador Avanzado XF230 y la XF250 viene con Soporte de montaje y Transformador. La XF280 viene solamente el Controlador. El transformador viene con la Bomba XF280.<\/p>\n<h3>Transformador<\/h3>\n<p>Modelo XF230 : GM85-360200-F<br \/>\nVoltaje de Entrada \/ Corriente : 100\/240vAC 50\/60Hz<br \/>\nVoltaje de Salida \/ Corriente : 24wDC 3A<br \/>\nPeso : 300g<\/p>\n<p>Modelo XF250 : GM85-360200-F<br \/>\nVoltaje de Entrada \/ Corriente : 115\/240vAC 50\/60Hz<br \/>\nVoltaje de Salida \/ Corriente : 36wDC 2A<br \/>\nPeso : 300g<\/p>\n<p><em>Longitud del Cable : 3 metros del Controlador a la bomba, 1,5 metros del Transformador al Controlador.<\/em><\/p>\n","protected":false},"excerpt":{"rendered":"<p>Segunda Generaci\u00f3n Controlador Avanzado Gyre Controle f\u00e1cilmente hasta dos Gyre de forma sencilla con 5 modos y 6 ajustes disponibles de movimiento y flujo de agua. Caracter\u00edsticas 5 modos de movimiento de agua 6 variables de ajuste del flujo 4 m\u00e9todos de Conectividad Ciclos de flujo personalizables Dos tipos de preconfiguraci\u00f3n 24h Modo alimentaci\u00f3n Control [&hellip;]<\/p>\n","protected":false},"author":1,"featured_media":4144,"parent":279,"menu_order":0,"comment_status":"closed","ping_status":"closed","template":"","meta":{"_acf_changed":false,"footnotes":""},"class_list":["post-4157","page","type-page","status-publish","has-post-thumbnail","hentry"],"acf":[],"yoast_head":"<!-- This site is optimized with the Yoast SEO plugin v23.9 - https:\/\/yoast.com\/wordpress\/plugins\/seo\/ -->\n<title>MAXSPECT \u2013 Controlador 2da Generaci\u00f3n - AQ, Aquarium Solutions<\/title>\n<meta name=\"robots\" content=\"index, follow, max-snippet:-1, max-image-preview:large, max-video-preview:-1\" \/>\n<link rel=\"canonical\" href=\"https:\/\/www.aq-arium.com\/aqmarine\/acuario-marino\/maxspect-riptide\/maxspect-controlador-2da-generacion\/\" \/>\n<meta property=\"og:locale\" content=\"es_ES\" \/>\n<meta property=\"og:type\" content=\"article\" \/>\n<meta property=\"og:title\" content=\"MAXSPECT \u2013 Controlador 2da Generaci\u00f3n - AQ, Aquarium Solutions\" \/>\n<meta property=\"og:description\" content=\"Segunda Generaci\u00f3n Controlador Avanzado Gyre Controle f\u00e1cilmente hasta dos Gyre de forma sencilla con 5 modos y 6 ajustes disponibles de movimiento y flujo de agua. Caracter\u00edsticas 5 modos de movimiento de agua 6 variables de ajuste del flujo 4 m\u00e9todos de Conectividad Ciclos de flujo personalizables Dos tipos de preconfiguraci\u00f3n 24h Modo alimentaci\u00f3n Control [&hellip;]\" \/>\n<meta property=\"og:url\" content=\"https:\/\/www.aq-arium.com\/aqmarine\/acuario-marino\/maxspect-riptide\/maxspect-controlador-2da-generacion\/\" \/>\n<meta property=\"og:site_name\" content=\"AQ, Aquarium Solutions\" \/>\n<meta property=\"article:publisher\" content=\"https:\/\/www.instagram.com\/aq.arium\/\" \/>\n<meta property=\"article:modified_time\" content=\"2016-09-21T14:31:21+00:00\" \/>\n<meta property=\"og:image\" content=\"https:\/\/www.aq-arium.com\/aqmarine\/wp-content\/uploads\/2014\/07\/xf280bundle_2.jpg\" \/>\n\t<meta property=\"og:image:width\" content=\"800\" \/>\n\t<meta property=\"og:image:height\" content=\"800\" \/>\n\t<meta property=\"og:image:type\" content=\"image\/jpeg\" \/>\n<meta name=\"twitter:card\" content=\"summary_large_image\" \/>\n<meta name=\"twitter:site\" content=\"@AArium56877\" \/>\n<meta name=\"twitter:label1\" content=\"Tiempo de lectura\" \/>\n\t<meta name=\"twitter:data1\" content=\"1 minuto\" \/>\n<script type=\"application\/ld+json\" class=\"yoast-schema-graph\">{\"@context\":\"https:\/\/schema.org\",\"@graph\":[{\"@type\":\"WebPage\",\"@id\":\"https:\/\/www.aq-arium.com\/aqmarine\/acuario-marino\/maxspect-riptide\/maxspect-controlador-2da-generacion\/\",\"url\":\"https:\/\/www.aq-arium.com\/aqmarine\/acuario-marino\/maxspect-riptide\/maxspect-controlador-2da-generacion\/\",\"name\":\"MAXSPECT \u2013 Controlador 2da Generaci\u00f3n - AQ, Aquarium Solutions\",\"isPartOf\":{\"@id\":\"https:\/\/www.aq-arium.com\/aqmarine\/#website\"},\"primaryImageOfPage\":{\"@id\":\"https:\/\/www.aq-arium.com\/aqmarine\/acuario-marino\/maxspect-riptide\/maxspect-controlador-2da-generacion\/#primaryimage\"},\"image\":{\"@id\":\"https:\/\/www.aq-arium.com\/aqmarine\/acuario-marino\/maxspect-riptide\/maxspect-controlador-2da-generacion\/#primaryimage\"},\"thumbnailUrl\":\"https:\/\/www.aq-arium.com\/aqmarine\/wp-content\/uploads\/2014\/07\/xf280bundle_2.jpg\",\"datePublished\":\"2016-09-21T11:06:56+00:00\",\"dateModified\":\"2016-09-21T14:31:21+00:00\",\"breadcrumb\":{\"@id\":\"https:\/\/www.aq-arium.com\/aqmarine\/acuario-marino\/maxspect-riptide\/maxspect-controlador-2da-generacion\/#breadcrumb\"},\"inLanguage\":\"es-ES\",\"potentialAction\":[{\"@type\":\"ReadAction\",\"target\":[\"https:\/\/www.aq-arium.com\/aqmarine\/acuario-marino\/maxspect-riptide\/maxspect-controlador-2da-generacion\/\"]}]},{\"@type\":\"ImageObject\",\"inLanguage\":\"es-ES\",\"@id\":\"https:\/\/www.aq-arium.com\/aqmarine\/acuario-marino\/maxspect-riptide\/maxspect-controlador-2da-generacion\/#primaryimage\",\"url\":\"https:\/\/www.aq-arium.com\/aqmarine\/wp-content\/uploads\/2014\/07\/xf280bundle_2.jpg\",\"contentUrl\":\"https:\/\/www.aq-arium.com\/aqmarine\/wp-content\/uploads\/2014\/07\/xf280bundle_2.jpg\",\"width\":800,\"height\":800},{\"@type\":\"BreadcrumbList\",\"@id\":\"https:\/\/www.aq-arium.com\/aqmarine\/acuario-marino\/maxspect-riptide\/maxspect-controlador-2da-generacion\/#breadcrumb\",\"itemListElement\":[{\"@type\":\"ListItem\",\"position\":1,\"name\":\"Portada\",\"item\":\"https:\/\/www.aq-arium.com\/aqmarine\/\"},{\"@type\":\"ListItem\",\"position\":2,\"name\":\"ACUARIO MARINO\",\"item\":\"https:\/\/www.aq-arium.com\/aqmarine\/acuario-marino\/\"},{\"@type\":\"ListItem\",\"position\":3,\"name\":\"MaxSpect &#8211; Gyre\",\"item\":\"https:\/\/www.aq-arium.com\/aqmarine\/acuario-marino\/maxspect-riptide\/\"},{\"@type\":\"ListItem\",\"position\":4,\"name\":\"MAXSPECT \u2013 Controlador 2da Generaci\u00f3n\"}]},{\"@type\":\"WebSite\",\"@id\":\"https:\/\/www.aq-arium.com\/aqmarine\/#website\",\"url\":\"https:\/\/www.aq-arium.com\/aqmarine\/\",\"name\":\"AQ, Aquarium Solutions\",\"description\":\"Productos para Acuario Marino y Dulce\",\"publisher\":{\"@id\":\"https:\/\/www.aq-arium.com\/aqmarine\/#organization\"},\"potentialAction\":[{\"@type\":\"SearchAction\",\"target\":{\"@type\":\"EntryPoint\",\"urlTemplate\":\"https:\/\/www.aq-arium.com\/aqmarine\/?s={search_term_string}\"},\"query-input\":{\"@type\":\"PropertyValueSpecification\",\"valueRequired\":true,\"valueName\":\"search_term_string\"}}],\"inLanguage\":\"es-ES\"},{\"@type\":\"Organization\",\"@id\":\"https:\/\/www.aq-arium.com\/aqmarine\/#organization\",\"name\":\"AQ-arium Solutions\",\"url\":\"https:\/\/www.aq-arium.com\/aqmarine\/\",\"logo\":{\"@type\":\"ImageObject\",\"inLanguage\":\"es-ES\",\"@id\":\"https:\/\/www.aq-arium.com\/aqmarine\/#\/schema\/logo\/image\/\",\"url\":\"https:\/\/www.aq-arium.com\/aqmarine\/wp-content\/uploads\/2021\/08\/AQ-arium-Solutions-logo-100x47px-1.png\",\"contentUrl\":\"https:\/\/www.aq-arium.com\/aqmarine\/wp-content\/uploads\/2021\/08\/AQ-arium-Solutions-logo-100x47px-1.png\",\"width\":100,\"height\":47,\"caption\":\"AQ-arium Solutions\"},\"image\":{\"@id\":\"https:\/\/www.aq-arium.com\/aqmarine\/#\/schema\/logo\/image\/\"},\"sameAs\":[\"https:\/\/www.instagram.com\/aq.arium\/\",\"https:\/\/x.com\/AArium56877\"]}]}<\/script>\n<!-- \/ Yoast SEO plugin. -->","yoast_head_json":{"title":"MAXSPECT \u2013 Controlador 2da Generaci\u00f3n - AQ, Aquarium Solutions","robots":{"index":"index","follow":"follow","max-snippet":"max-snippet:-1","max-image-preview":"max-image-preview:large","max-video-preview":"max-video-preview:-1"},"canonical":"https:\/\/www.aq-arium.com\/aqmarine\/acuario-marino\/maxspect-riptide\/maxspect-controlador-2da-generacion\/","og_locale":"es_ES","og_type":"article","og_title":"MAXSPECT \u2013 Controlador 2da Generaci\u00f3n - AQ, Aquarium Solutions","og_description":"Segunda Generaci\u00f3n Controlador Avanzado Gyre Controle f\u00e1cilmente hasta dos Gyre de forma sencilla con 5 modos y 6 ajustes disponibles de movimiento y flujo de agua. Caracter\u00edsticas 5 modos de movimiento de agua 6 variables de ajuste del flujo 4 m\u00e9todos de Conectividad Ciclos de flujo personalizables Dos tipos de preconfiguraci\u00f3n 24h Modo alimentaci\u00f3n Control [&hellip;]","og_url":"https:\/\/www.aq-arium.com\/aqmarine\/acuario-marino\/maxspect-riptide\/maxspect-controlador-2da-generacion\/","og_site_name":"AQ, Aquarium Solutions","article_publisher":"https:\/\/www.instagram.com\/aq.arium\/","article_modified_time":"2016-09-21T14:31:21+00:00","og_image":[{"width":800,"height":800,"url":"https:\/\/www.aq-arium.com\/aqmarine\/wp-content\/uploads\/2014\/07\/xf280bundle_2.jpg","type":"image\/jpeg"}],"twitter_card":"summary_large_image","twitter_site":"@AArium56877","twitter_misc":{"Tiempo de lectura":"1 minuto"},"schema":{"@context":"https:\/\/schema.org","@graph":[{"@type":"WebPage","@id":"https:\/\/www.aq-arium.com\/aqmarine\/acuario-marino\/maxspect-riptide\/maxspect-controlador-2da-generacion\/","url":"https:\/\/www.aq-arium.com\/aqmarine\/acuario-marino\/maxspect-riptide\/maxspect-controlador-2da-generacion\/","name":"MAXSPECT \u2013 Controlador 2da Generaci\u00f3n - AQ, Aquarium Solutions","isPartOf":{"@id":"https:\/\/www.aq-arium.com\/aqmarine\/#website"},"primaryImageOfPage":{"@id":"https:\/\/www.aq-arium.com\/aqmarine\/acuario-marino\/maxspect-riptide\/maxspect-controlador-2da-generacion\/#primaryimage"},"image":{"@id":"https:\/\/www.aq-arium.com\/aqmarine\/acuario-marino\/maxspect-riptide\/maxspect-controlador-2da-generacion\/#primaryimage"},"thumbnailUrl":"https:\/\/www.aq-arium.com\/aqmarine\/wp-content\/uploads\/2014\/07\/xf280bundle_2.jpg","datePublished":"2016-09-21T11:06:56+00:00","dateModified":"2016-09-21T14:31:21+00:00","breadcrumb":{"@id":"https:\/\/www.aq-arium.com\/aqmarine\/acuario-marino\/maxspect-riptide\/maxspect-controlador-2da-generacion\/#breadcrumb"},"inLanguage":"es-ES","potentialAction":[{"@type":"ReadAction","target":["https:\/\/www.aq-arium.com\/aqmarine\/acuario-marino\/maxspect-riptide\/maxspect-controlador-2da-generacion\/"]}]},{"@type":"ImageObject","inLanguage":"es-ES","@id":"https:\/\/www.aq-arium.com\/aqmarine\/acuario-marino\/maxspect-riptide\/maxspect-controlador-2da-generacion\/#primaryimage","url":"https:\/\/www.aq-arium.com\/aqmarine\/wp-content\/uploads\/2014\/07\/xf280bundle_2.jpg","contentUrl":"https:\/\/www.aq-arium.com\/aqmarine\/wp-content\/uploads\/2014\/07\/xf280bundle_2.jpg","width":800,"height":800},{"@type":"BreadcrumbList","@id":"https:\/\/www.aq-arium.com\/aqmarine\/acuario-marino\/maxspect-riptide\/maxspect-controlador-2da-generacion\/#breadcrumb","itemListElement":[{"@type":"ListItem","position":1,"name":"Portada","item":"https:\/\/www.aq-arium.com\/aqmarine\/"},{"@type":"ListItem","position":2,"name":"ACUARIO MARINO","item":"https:\/\/www.aq-arium.com\/aqmarine\/acuario-marino\/"},{"@type":"ListItem","position":3,"name":"MaxSpect &#8211; Gyre","item":"https:\/\/www.aq-arium.com\/aqmarine\/acuario-marino\/maxspect-riptide\/"},{"@type":"ListItem","position":4,"name":"MAXSPECT \u2013 Controlador 2da Generaci\u00f3n"}]},{"@type":"WebSite","@id":"https:\/\/www.aq-arium.com\/aqmarine\/#website","url":"https:\/\/www.aq-arium.com\/aqmarine\/","name":"AQ, Aquarium Solutions","description":"Productos para Acuario Marino y Dulce","publisher":{"@id":"https:\/\/www.aq-arium.com\/aqmarine\/#organization"},"potentialAction":[{"@type":"SearchAction","target":{"@type":"EntryPoint","urlTemplate":"https:\/\/www.aq-arium.com\/aqmarine\/?s={search_term_string}"},"query-input":{"@type":"PropertyValueSpecification","valueRequired":true,"valueName":"search_term_string"}}],"inLanguage":"es-ES"},{"@type":"Organization","@id":"https:\/\/www.aq-arium.com\/aqmarine\/#organization","name":"AQ-arium Solutions","url":"https:\/\/www.aq-arium.com\/aqmarine\/","logo":{"@type":"ImageObject","inLanguage":"es-ES","@id":"https:\/\/www.aq-arium.com\/aqmarine\/#\/schema\/logo\/image\/","url":"https:\/\/www.aq-arium.com\/aqmarine\/wp-content\/uploads\/2021\/08\/AQ-arium-Solutions-logo-100x47px-1.png","contentUrl":"https:\/\/www.aq-arium.com\/aqmarine\/wp-content\/uploads\/2021\/08\/AQ-arium-Solutions-logo-100x47px-1.png","width":100,"height":47,"caption":"AQ-arium Solutions"},"image":{"@id":"https:\/\/www.aq-arium.com\/aqmarine\/#\/schema\/logo\/image\/"},"sameAs":["https:\/\/www.instagram.com\/aq.arium\/","https:\/\/x.com\/AArium56877"]}]}},"jetpack_sharing_enabled":true,"_links":{"self":[{"href":"https:\/\/www.aq-arium.com\/aqmarine\/wp-json\/wp\/v2\/pages\/4157","targetHints":{"allow":["GET"]}}],"collection":[{"href":"https:\/\/www.aq-arium.com\/aqmarine\/wp-json\/wp\/v2\/pages"}],"about":[{"href":"https:\/\/www.aq-arium.com\/aqmarine\/wp-json\/wp\/v2\/types\/page"}],"author":[{"embeddable":true,"href":"https:\/\/www.aq-arium.com\/aqmarine\/wp-json\/wp\/v2\/users\/1"}],"replies":[{"embeddable":true,"href":"https:\/\/www.aq-arium.com\/aqmarine\/wp-json\/wp\/v2\/comments?post=4157"}],"version-history":[{"count":0,"href":"https:\/\/www.aq-arium.com\/aqmarine\/wp-json\/wp\/v2\/pages\/4157\/revisions"}],"up":[{"embeddable":true,"href":"https:\/\/www.aq-arium.com\/aqmarine\/wp-json\/wp\/v2\/pages\/279"}],"wp:featuredmedia":[{"embeddable":true,"href":"https:\/\/www.aq-arium.com\/aqmarine\/wp-json\/wp\/v2\/media\/4144"}],"wp:attachment":[{"href":"https:\/\/www.aq-arium.com\/aqmarine\/wp-json\/wp\/v2\/media?parent=4157"}],"curies":[{"name":"wp","href":"https:\/\/api.w.org\/{rel}","templated":true}]}}