{"id":3852,"date":"2016-05-30T17:15:52","date_gmt":"2016-05-30T15:15:52","guid":{"rendered":"https:\/\/www.aq-arium.com\/aqmarine\/?page_id=3852"},"modified":"2021-09-01T12:17:17","modified_gmt":"2021-09-01T11:17:17","slug":"bubble-magus-bombas","status":"publish","type":"page","link":"https:\/\/www.aq-arium.com\/aqmarine\/acuario-marino\/bubble-magus-bombas\/","title":{"rendered":"Bubble Magus &#8211; Bombas"},"content":{"rendered":"<p>Bubble Magus ya hace varios a\u00f1os, fabrica sus bombas para usar en sus\u00a0skimmers y reactores, siendo una de las bombas m\u00e1s silenciosas y estables del mercado.<\/p>\n<h2>Serie WP (Impulsi\u00f3n)<\/h2>\n<div class=\"ctsc-column ctsc-col3\">\n<p><img loading=\"lazy\" decoding=\"async\" class=\"alignnone wp-image-3853 size-column3-1\/1\" src=\"https:\/\/www.aq-arium.com\/aqmarine\/wp-content\/uploads\/2016\/05\/WP600-320x320.jpg\" alt=\"WP600\" width=\"320\" height=\"320\" srcset=\"https:\/\/www.aq-arium.com\/aqmarine\/wp-content\/uploads\/2016\/05\/WP600-320x320.jpg 320w, https:\/\/www.aq-arium.com\/aqmarine\/wp-content\/uploads\/2016\/05\/WP600-300x300.jpg 300w, https:\/\/www.aq-arium.com\/aqmarine\/wp-content\/uploads\/2016\/05\/WP600-100x100.jpg 100w, https:\/\/www.aq-arium.com\/aqmarine\/wp-content\/uploads\/2016\/05\/WP600-150x150.jpg 150w, https:\/\/www.aq-arium.com\/aqmarine\/wp-content\/uploads\/2016\/05\/WP600-50x50.jpg 50w, https:\/\/www.aq-arium.com\/aqmarine\/wp-content\/uploads\/2016\/05\/WP600-240x240.jpg 240w\" sizes=\"auto, (max-width: 320px) 100vw, 320px\" \/><\/p>\n<p><strong>WP-600<\/strong><br \/>\nConsumo : 11W<br \/>\nFlujo m\u00e1ximo : 680L\/H<br \/>\nAltura m\u00e1xima : 1,2M<\/p>\n<\/div><div class=\"ctsc-column ctsc-col3\">\n<p><img loading=\"lazy\" decoding=\"async\" class=\"alignnone wp-image-3854 size-column3-1\/1\" src=\"https:\/\/www.aq-arium.com\/aqmarine\/wp-content\/uploads\/2016\/05\/WP1000-320x320.jpg\" alt=\"WP1000\" width=\"320\" height=\"320\" srcset=\"https:\/\/www.aq-arium.com\/aqmarine\/wp-content\/uploads\/2016\/05\/WP1000-320x320.jpg 320w, https:\/\/www.aq-arium.com\/aqmarine\/wp-content\/uploads\/2016\/05\/WP1000-300x300.jpg 300w, https:\/\/www.aq-arium.com\/aqmarine\/wp-content\/uploads\/2016\/05\/WP1000-100x100.jpg 100w, https:\/\/www.aq-arium.com\/aqmarine\/wp-content\/uploads\/2016\/05\/WP1000-150x150.jpg 150w, https:\/\/www.aq-arium.com\/aqmarine\/wp-content\/uploads\/2016\/05\/WP1000-50x50.jpg 50w, https:\/\/www.aq-arium.com\/aqmarine\/wp-content\/uploads\/2016\/05\/WP1000-240x240.jpg 240w\" sizes=\"auto, (max-width: 320px) 100vw, 320px\" \/><\/p>\n<p><strong>WP-1000<\/strong><br \/>\nConsumo : 20W<br \/>\nFlujo m\u00e1ximo : 1100L\/H<br \/>\nAltura m\u00e1xima : 1,6M<\/p>\n<\/div><div class=\"ctsc-column ctsc-col3 ctsc-col-last\">\n<p><img loading=\"lazy\" decoding=\"async\" class=\"alignnone wp-image-3855 size-column3-1\/1\" src=\"https:\/\/www.aq-arium.com\/aqmarine\/wp-content\/uploads\/2016\/05\/WP2000-320x320.jpg\" alt=\"WP2000\" width=\"320\" height=\"320\" srcset=\"https:\/\/www.aq-arium.com\/aqmarine\/wp-content\/uploads\/2016\/05\/WP2000-320x320.jpg 320w, https:\/\/www.aq-arium.com\/aqmarine\/wp-content\/uploads\/2016\/05\/WP2000-300x300.jpg 300w, https:\/\/www.aq-arium.com\/aqmarine\/wp-content\/uploads\/2016\/05\/WP2000-100x100.jpg 100w, https:\/\/www.aq-arium.com\/aqmarine\/wp-content\/uploads\/2016\/05\/WP2000-150x150.jpg 150w, https:\/\/www.aq-arium.com\/aqmarine\/wp-content\/uploads\/2016\/05\/WP2000-50x50.jpg 50w, https:\/\/www.aq-arium.com\/aqmarine\/wp-content\/uploads\/2016\/05\/WP2000-240x240.jpg 240w\" sizes=\"auto, (max-width: 320px) 100vw, 320px\" \/><\/p>\n<p><strong>WP-2000<\/strong><br \/>\nConsumo : 40W<br \/>\nFlujo m\u00e1ximo : 2100L\/H<br \/>\nAltura m\u00e1xima : 2,2M<\/p>\n<\/div><div class=\"col-divide\"><\/div>\n<div class=\"ctsc-column ctsc-col3\">\n<p><img loading=\"lazy\" decoding=\"async\" class=\"alignnone wp-image-3856 size-column3-1\/1\" src=\"https:\/\/www.aq-arium.com\/aqmarine\/wp-content\/uploads\/2016\/05\/WP40001-320x320.jpg\" alt=\"WP4000\" width=\"320\" height=\"320\" srcset=\"https:\/\/www.aq-arium.com\/aqmarine\/wp-content\/uploads\/2016\/05\/WP40001-320x320.jpg 320w, https:\/\/www.aq-arium.com\/aqmarine\/wp-content\/uploads\/2016\/05\/WP40001-300x300.jpg 300w, https:\/\/www.aq-arium.com\/aqmarine\/wp-content\/uploads\/2016\/05\/WP40001-100x100.jpg 100w, https:\/\/www.aq-arium.com\/aqmarine\/wp-content\/uploads\/2016\/05\/WP40001-150x150.jpg 150w, https:\/\/www.aq-arium.com\/aqmarine\/wp-content\/uploads\/2016\/05\/WP40001-50x50.jpg 50w, https:\/\/www.aq-arium.com\/aqmarine\/wp-content\/uploads\/2016\/05\/WP40001-240x240.jpg 240w\" sizes=\"auto, (max-width: 320px) 100vw, 320px\" \/><\/p>\n<p><strong>WP-4000<\/strong><br \/>\nConsumo : 70W<br \/>\nFlujo m\u00e1ximo : 4100L\/H<br \/>\nAltura m\u00e1xima : 2,7M<\/p>\n<\/div><div class=\"ctsc-column ctsc-col3\">\n<p><img loading=\"lazy\" decoding=\"async\" class=\"alignnone wp-image-3857 size-column3-1\/1\" src=\"https:\/\/www.aq-arium.com\/aqmarine\/wp-content\/uploads\/2016\/05\/WP6000-320x320.jpg\" alt=\"WP6000\" width=\"320\" height=\"320\" srcset=\"https:\/\/www.aq-arium.com\/aqmarine\/wp-content\/uploads\/2016\/05\/WP6000-320x320.jpg 320w, https:\/\/www.aq-arium.com\/aqmarine\/wp-content\/uploads\/2016\/05\/WP6000-300x300.jpg 300w, https:\/\/www.aq-arium.com\/aqmarine\/wp-content\/uploads\/2016\/05\/WP6000-100x100.jpg 100w, https:\/\/www.aq-arium.com\/aqmarine\/wp-content\/uploads\/2016\/05\/WP6000-150x150.jpg 150w, https:\/\/www.aq-arium.com\/aqmarine\/wp-content\/uploads\/2016\/05\/WP6000-50x50.jpg 50w, https:\/\/www.aq-arium.com\/aqmarine\/wp-content\/uploads\/2016\/05\/WP6000-240x240.jpg 240w\" sizes=\"auto, (max-width: 320px) 100vw, 320px\" \/><\/p>\n<p><strong>WP-6000<\/strong><br \/>\nConsumo : 62W<br \/>\nFlujo m\u00e1ximo : 5800\u00a0L\/H<br \/>\nAltura m\u00e1xima : 4,1M<\/p>\n<\/div><div class=\"ctsc-column ctsc-col3 ctsc-col-last\">\n\n<\/div><div class=\"col-divide\"><\/div>\n<p>&nbsp;<\/p>\n<h2>Serie SP (Skimmer)<\/h2>\n<p>Bubble Magus, tambi\u00e9n fabrica estos mismos modelos con rotor de agujas para adaptarlos a los skimmers.<\/p>\n","protected":false},"excerpt":{"rendered":"<p>Bubble Magus ya hace varios a\u00f1os, fabrica sus bombas para usar en sus\u00a0skimmers y reactores, siendo una de las bombas m\u00e1s silenciosas y estables del mercado. Serie WP (Impulsi\u00f3n) &nbsp; Serie SP (Skimmer) Bubble Magus, tambi\u00e9n fabrica estos mismos modelos con rotor de agujas para adaptarlos a los skimmers.<\/p>\n","protected":false},"author":1,"featured_media":0,"parent":9115,"menu_order":0,"comment_status":"closed","ping_status":"closed","template":"","meta":{"_acf_changed":false,"footnotes":""},"class_list":["post-3852","page","type-page","status-publish","hentry"],"acf":[],"yoast_head":"<!-- This site is optimized with the Yoast SEO plugin v23.9 - https:\/\/yoast.com\/wordpress\/plugins\/seo\/ -->\n<title>Bubble Magus - Bombas - AQ, Aquarium Solutions<\/title>\n<meta name=\"description\" content=\"Bubble Magus fabrica sus bombas para usar en sus\u00a0skimmers y reactores, siendo una de las bombas m\u00e1s silenciosas y estables del mercado.\" \/>\n<meta name=\"robots\" content=\"index, follow, max-snippet:-1, max-image-preview:large, max-video-preview:-1\" \/>\n<link rel=\"canonical\" href=\"https:\/\/www.aq-arium.com\/aqmarine\/acuario-marino\/bubble-magus-bombas\/\" \/>\n<meta property=\"og:locale\" content=\"es_ES\" \/>\n<meta property=\"og:type\" content=\"article\" \/>\n<meta property=\"og:title\" content=\"Bubble Magus - Bombas - AQ, Aquarium Solutions\" \/>\n<meta property=\"og:description\" content=\"Bubble Magus fabrica sus bombas para usar en sus\u00a0skimmers y reactores, siendo una de las bombas m\u00e1s silenciosas y estables del mercado.\" \/>\n<meta property=\"og:url\" content=\"https:\/\/www.aq-arium.com\/aqmarine\/acuario-marino\/bubble-magus-bombas\/\" \/>\n<meta property=\"og:site_name\" content=\"AQ, Aquarium Solutions\" \/>\n<meta property=\"article:publisher\" content=\"https:\/\/www.instagram.com\/aq.arium\/\" \/>\n<meta property=\"article:modified_time\" content=\"2021-09-01T11:17:17+00:00\" \/>\n<meta property=\"og:image\" content=\"https:\/\/www.aq-arium.com\/aqmarine\/wp-content\/uploads\/2016\/05\/WP600-320x320.jpg\" \/>\n<meta name=\"twitter:card\" content=\"summary_large_image\" \/>\n<meta name=\"twitter:site\" content=\"@AArium56877\" \/>\n<meta name=\"twitter:label1\" content=\"Tiempo de lectura\" \/>\n\t<meta name=\"twitter:data1\" content=\"1 minuto\" \/>\n<script type=\"application\/ld+json\" class=\"yoast-schema-graph\">{\"@context\":\"https:\/\/schema.org\",\"@graph\":[{\"@type\":\"WebPage\",\"@id\":\"https:\/\/www.aq-arium.com\/aqmarine\/acuario-marino\/bubble-magus-bombas\/\",\"url\":\"https:\/\/www.aq-arium.com\/aqmarine\/acuario-marino\/bubble-magus-bombas\/\",\"name\":\"Bubble Magus - Bombas - AQ, Aquarium Solutions\",\"isPartOf\":{\"@id\":\"https:\/\/www.aq-arium.com\/aqmarine\/#website\"},\"primaryImageOfPage\":{\"@id\":\"https:\/\/www.aq-arium.com\/aqmarine\/acuario-marino\/bubble-magus-bombas\/#primaryimage\"},\"image\":{\"@id\":\"https:\/\/www.aq-arium.com\/aqmarine\/acuario-marino\/bubble-magus-bombas\/#primaryimage\"},\"thumbnailUrl\":\"https:\/\/www.aq-arium.com\/aqmarine\/wp-content\/uploads\/2016\/05\/WP600-320x320.jpg\",\"datePublished\":\"2016-05-30T15:15:52+00:00\",\"dateModified\":\"2021-09-01T11:17:17+00:00\",\"description\":\"Bubble Magus fabrica sus bombas para usar en sus\u00a0skimmers y reactores, siendo una de las bombas m\u00e1s silenciosas y estables del mercado.\",\"breadcrumb\":{\"@id\":\"https:\/\/www.aq-arium.com\/aqmarine\/acuario-marino\/bubble-magus-bombas\/#breadcrumb\"},\"inLanguage\":\"es-ES\",\"potentialAction\":[{\"@type\":\"ReadAction\",\"target\":[\"https:\/\/www.aq-arium.com\/aqmarine\/acuario-marino\/bubble-magus-bombas\/\"]}]},{\"@type\":\"ImageObject\",\"inLanguage\":\"es-ES\",\"@id\":\"https:\/\/www.aq-arium.com\/aqmarine\/acuario-marino\/bubble-magus-bombas\/#primaryimage\",\"url\":\"https:\/\/www.aq-arium.com\/aqmarine\/wp-content\/uploads\/2016\/05\/WP600-320x320.jpg\",\"contentUrl\":\"https:\/\/www.aq-arium.com\/aqmarine\/wp-content\/uploads\/2016\/05\/WP600-320x320.jpg\"},{\"@type\":\"BreadcrumbList\",\"@id\":\"https:\/\/www.aq-arium.com\/aqmarine\/acuario-marino\/bubble-magus-bombas\/#breadcrumb\",\"itemListElement\":[{\"@type\":\"ListItem\",\"position\":1,\"name\":\"Portada\",\"item\":\"https:\/\/www.aq-arium.com\/aqmarine\/\"},{\"@type\":\"ListItem\",\"position\":2,\"name\":\"ACUARIO MARINO\",\"item\":\"https:\/\/www.aq-arium.com\/aqmarine\/acuario-marino\/\"},{\"@type\":\"ListItem\",\"position\":3,\"name\":\"Bubble Magus &#8211; Bombas\"}]},{\"@type\":\"WebSite\",\"@id\":\"https:\/\/www.aq-arium.com\/aqmarine\/#website\",\"url\":\"https:\/\/www.aq-arium.com\/aqmarine\/\",\"name\":\"AQ, Aquarium Solutions\",\"description\":\"Productos para Acuario Marino y Dulce\",\"publisher\":{\"@id\":\"https:\/\/www.aq-arium.com\/aqmarine\/#organization\"},\"potentialAction\":[{\"@type\":\"SearchAction\",\"target\":{\"@type\":\"EntryPoint\",\"urlTemplate\":\"https:\/\/www.aq-arium.com\/aqmarine\/?s={search_term_string}\"},\"query-input\":{\"@type\":\"PropertyValueSpecification\",\"valueRequired\":true,\"valueName\":\"search_term_string\"}}],\"inLanguage\":\"es-ES\"},{\"@type\":\"Organization\",\"@id\":\"https:\/\/www.aq-arium.com\/aqmarine\/#organization\",\"name\":\"AQ-arium Solutions\",\"url\":\"https:\/\/www.aq-arium.com\/aqmarine\/\",\"logo\":{\"@type\":\"ImageObject\",\"inLanguage\":\"es-ES\",\"@id\":\"https:\/\/www.aq-arium.com\/aqmarine\/#\/schema\/logo\/image\/\",\"url\":\"https:\/\/www.aq-arium.com\/aqmarine\/wp-content\/uploads\/2021\/08\/AQ-arium-Solutions-logo-100x47px-1.png\",\"contentUrl\":\"https:\/\/www.aq-arium.com\/aqmarine\/wp-content\/uploads\/2021\/08\/AQ-arium-Solutions-logo-100x47px-1.png\",\"width\":100,\"height\":47,\"caption\":\"AQ-arium Solutions\"},\"image\":{\"@id\":\"https:\/\/www.aq-arium.com\/aqmarine\/#\/schema\/logo\/image\/\"},\"sameAs\":[\"https:\/\/www.instagram.com\/aq.arium\/\",\"https:\/\/x.com\/AArium56877\"]}]}<\/script>\n<!-- \/ Yoast SEO plugin. -->","yoast_head_json":{"title":"Bubble Magus - Bombas - AQ, Aquarium Solutions","description":"Bubble Magus fabrica sus bombas para usar en sus\u00a0skimmers y reactores, siendo una de las bombas m\u00e1s silenciosas y estables del mercado.","robots":{"index":"index","follow":"follow","max-snippet":"max-snippet:-1","max-image-preview":"max-image-preview:large","max-video-preview":"max-video-preview:-1"},"canonical":"https:\/\/www.aq-arium.com\/aqmarine\/acuario-marino\/bubble-magus-bombas\/","og_locale":"es_ES","og_type":"article","og_title":"Bubble Magus - Bombas - AQ, Aquarium Solutions","og_description":"Bubble Magus fabrica sus bombas para usar en sus\u00a0skimmers y reactores, siendo una de las bombas m\u00e1s silenciosas y estables del mercado.","og_url":"https:\/\/www.aq-arium.com\/aqmarine\/acuario-marino\/bubble-magus-bombas\/","og_site_name":"AQ, Aquarium Solutions","article_publisher":"https:\/\/www.instagram.com\/aq.arium\/","article_modified_time":"2021-09-01T11:17:17+00:00","og_image":[{"url":"https:\/\/www.aq-arium.com\/aqmarine\/wp-content\/uploads\/2016\/05\/WP600-320x320.jpg"}],"twitter_card":"summary_large_image","twitter_site":"@AArium56877","twitter_misc":{"Tiempo de lectura":"1 minuto"},"schema":{"@context":"https:\/\/schema.org","@graph":[{"@type":"WebPage","@id":"https:\/\/www.aq-arium.com\/aqmarine\/acuario-marino\/bubble-magus-bombas\/","url":"https:\/\/www.aq-arium.com\/aqmarine\/acuario-marino\/bubble-magus-bombas\/","name":"Bubble Magus - Bombas - AQ, Aquarium Solutions","isPartOf":{"@id":"https:\/\/www.aq-arium.com\/aqmarine\/#website"},"primaryImageOfPage":{"@id":"https:\/\/www.aq-arium.com\/aqmarine\/acuario-marino\/bubble-magus-bombas\/#primaryimage"},"image":{"@id":"https:\/\/www.aq-arium.com\/aqmarine\/acuario-marino\/bubble-magus-bombas\/#primaryimage"},"thumbnailUrl":"https:\/\/www.aq-arium.com\/aqmarine\/wp-content\/uploads\/2016\/05\/WP600-320x320.jpg","datePublished":"2016-05-30T15:15:52+00:00","dateModified":"2021-09-01T11:17:17+00:00","description":"Bubble Magus fabrica sus bombas para usar en sus\u00a0skimmers y reactores, siendo una de las bombas m\u00e1s silenciosas y estables del mercado.","breadcrumb":{"@id":"https:\/\/www.aq-arium.com\/aqmarine\/acuario-marino\/bubble-magus-bombas\/#breadcrumb"},"inLanguage":"es-ES","potentialAction":[{"@type":"ReadAction","target":["https:\/\/www.aq-arium.com\/aqmarine\/acuario-marino\/bubble-magus-bombas\/"]}]},{"@type":"ImageObject","inLanguage":"es-ES","@id":"https:\/\/www.aq-arium.com\/aqmarine\/acuario-marino\/bubble-magus-bombas\/#primaryimage","url":"https:\/\/www.aq-arium.com\/aqmarine\/wp-content\/uploads\/2016\/05\/WP600-320x320.jpg","contentUrl":"https:\/\/www.aq-arium.com\/aqmarine\/wp-content\/uploads\/2016\/05\/WP600-320x320.jpg"},{"@type":"BreadcrumbList","@id":"https:\/\/www.aq-arium.com\/aqmarine\/acuario-marino\/bubble-magus-bombas\/#breadcrumb","itemListElement":[{"@type":"ListItem","position":1,"name":"Portada","item":"https:\/\/www.aq-arium.com\/aqmarine\/"},{"@type":"ListItem","position":2,"name":"ACUARIO MARINO","item":"https:\/\/www.aq-arium.com\/aqmarine\/acuario-marino\/"},{"@type":"ListItem","position":3,"name":"Bubble Magus &#8211; Bombas"}]},{"@type":"WebSite","@id":"https:\/\/www.aq-arium.com\/aqmarine\/#website","url":"https:\/\/www.aq-arium.com\/aqmarine\/","name":"AQ, Aquarium Solutions","description":"Productos para Acuario Marino y Dulce","publisher":{"@id":"https:\/\/www.aq-arium.com\/aqmarine\/#organization"},"potentialAction":[{"@type":"SearchAction","target":{"@type":"EntryPoint","urlTemplate":"https:\/\/www.aq-arium.com\/aqmarine\/?s={search_term_string}"},"query-input":{"@type":"PropertyValueSpecification","valueRequired":true,"valueName":"search_term_string"}}],"inLanguage":"es-ES"},{"@type":"Organization","@id":"https:\/\/www.aq-arium.com\/aqmarine\/#organization","name":"AQ-arium Solutions","url":"https:\/\/www.aq-arium.com\/aqmarine\/","logo":{"@type":"ImageObject","inLanguage":"es-ES","@id":"https:\/\/www.aq-arium.com\/aqmarine\/#\/schema\/logo\/image\/","url":"https:\/\/www.aq-arium.com\/aqmarine\/wp-content\/uploads\/2021\/08\/AQ-arium-Solutions-logo-100x47px-1.png","contentUrl":"https:\/\/www.aq-arium.com\/aqmarine\/wp-content\/uploads\/2021\/08\/AQ-arium-Solutions-logo-100x47px-1.png","width":100,"height":47,"caption":"AQ-arium Solutions"},"image":{"@id":"https:\/\/www.aq-arium.com\/aqmarine\/#\/schema\/logo\/image\/"},"sameAs":["https:\/\/www.instagram.com\/aq.arium\/","https:\/\/x.com\/AArium56877"]}]}},"jetpack_sharing_enabled":true,"_links":{"self":[{"href":"https:\/\/www.aq-arium.com\/aqmarine\/wp-json\/wp\/v2\/pages\/3852","targetHints":{"allow":["GET"]}}],"collection":[{"href":"https:\/\/www.aq-arium.com\/aqmarine\/wp-json\/wp\/v2\/pages"}],"about":[{"href":"https:\/\/www.aq-arium.com\/aqmarine\/wp-json\/wp\/v2\/types\/page"}],"author":[{"embeddable":true,"href":"https:\/\/www.aq-arium.com\/aqmarine\/wp-json\/wp\/v2\/users\/1"}],"replies":[{"embeddable":true,"href":"https:\/\/www.aq-arium.com\/aqmarine\/wp-json\/wp\/v2\/comments?post=3852"}],"version-history":[{"count":0,"href":"https:\/\/www.aq-arium.com\/aqmarine\/wp-json\/wp\/v2\/pages\/3852\/revisions"}],"up":[{"embeddable":true,"href":"https:\/\/www.aq-arium.com\/aqmarine\/wp-json\/wp\/v2\/pages\/9115"}],"wp:attachment":[{"href":"https:\/\/www.aq-arium.com\/aqmarine\/wp-json\/wp\/v2\/media?parent=3852"}],"curies":[{"name":"wp","href":"https:\/\/api.w.org\/{rel}","templated":true}]}}