{"id":3189,"date":"2015-09-29T15:22:55","date_gmt":"2015-09-29T14:22:55","guid":{"rendered":"https:\/\/www.aq-arium.com\/aqmarine\/?page_id=3189"},"modified":"2021-09-01T14:42:55","modified_gmt":"2021-09-01T13:42:55","slug":"tunze","status":"publish","type":"page","link":"https:\/\/www.aq-arium.com\/aqmarine\/acuario-marino\/tunze\/","title":{"rendered":"TUNZE"},"content":{"rendered":"<p class=\"h3\"><img loading=\"lazy\" decoding=\"async\" class=\"alignnone size-large wp-image-11083\" src=\"https:\/\/www.aq-arium.com\/aqmarine\/wp-content\/uploads\/2019\/07\/turbelles-1024x199.jpg\" alt=\"turbelles\" width=\"960\" height=\"187\" srcset=\"https:\/\/www.aq-arium.com\/aqmarine\/wp-content\/uploads\/2019\/07\/turbelles-1024x199.jpg 1024w, https:\/\/www.aq-arium.com\/aqmarine\/wp-content\/uploads\/2019\/07\/turbelles-600x117.jpg 600w, https:\/\/www.aq-arium.com\/aqmarine\/wp-content\/uploads\/2019\/07\/turbelles-300x58.jpg 300w, https:\/\/www.aq-arium.com\/aqmarine\/wp-content\/uploads\/2019\/07\/turbelles-240x48.jpg 240w, https:\/\/www.aq-arium.com\/aqmarine\/wp-content\/uploads\/2019\/07\/turbelles.jpg 1600w\" sizes=\"auto, (max-width: 960px) 100vw, 960px\" \/><\/p>\n<h1 class=\"h3\"><span style=\"color: #3366ff;\"><a style=\"color: #3366ff;\" href=\"https:\/\/www.aq-arium.com\/aqmarine\/acuario-marino\/bombas-tunze-la-tecnologia-turbelle\/\">BOMBAS DE MOVIMIENTO <strong>TURBELLE<\/strong><\/a><\/span><\/h1>\n<p>&nbsp;<\/p>\n<h1 class=\"h3\"><a href=\"https:\/\/www.aq-arium.com\/aqmarine\/tunze\/bombas-de-presion-tunze-comline-silence\/\"><span style=\"color: #3366ff;\">BOMBAS DE\u00a0PRESI\u00d3N <strong>COMLINE &amp; SILENCE<\/strong><\/span><\/a><\/h1>\n<p>&nbsp;<\/p>\n<h1 class=\"h3\"><\/h1>\n<p><img loading=\"lazy\" decoding=\"async\" class=\"aligncenter wp-image-3711 size-medium\" src=\"https:\/\/www.aq-arium.com\/aqmarine\/wp-content\/uploads\/2016\/01\/tunze_logo_rounded_petrol_htae_2015_96-300x120.jpg\" alt=\"tunze_logo_grande\" width=\"300\" height=\"120\" srcset=\"https:\/\/www.aq-arium.com\/aqmarine\/wp-content\/uploads\/2016\/01\/tunze_logo_rounded_petrol_htae_2015_96-300x120.jpg 300w, https:\/\/www.aq-arium.com\/aqmarine\/wp-content\/uploads\/2016\/01\/tunze_logo_rounded_petrol_htae_2015_96-600x240.jpg 600w, https:\/\/www.aq-arium.com\/aqmarine\/wp-content\/uploads\/2016\/01\/tunze_logo_rounded_petrol_htae_2015_96-480x192.jpg 480w, https:\/\/www.aq-arium.com\/aqmarine\/wp-content\/uploads\/2016\/01\/tunze_logo_rounded_petrol_htae_2015_96-320x128.jpg 320w, https:\/\/www.aq-arium.com\/aqmarine\/wp-content\/uploads\/2016\/01\/tunze_logo_rounded_petrol_htae_2015_96-240x96.jpg 240w, https:\/\/www.aq-arium.com\/aqmarine\/wp-content\/uploads\/2016\/01\/tunze_logo_rounded_petrol_htae_2015_96.jpg 837w\" sizes=\"auto, (max-width: 300px) 100vw, 300px\" \/><\/p>\n<h2 class=\"h3\">Filosof\u00eda de la empresa<\/h2>\n<p>En funci\u00f3n de gerente de la compa\u00f1\u00eda TUNZE\u00ae Aquarientechnik GmbH en Penzberg, Alemania, me gustar\u00eda darles la bienvenida en el mundo de uno de los mercados m\u00e1s fuertes y conocidos de la acuar\u00edstica.<br \/>\nDesde su fundaci\u00f3n en el a\u00f1o 1960, la compa\u00f1\u00eda TUNZE\u00ae se ha concentrado en satisfacer los deseos de su clientela ofreciendo productos de alta calidad. Tambi\u00e9n en el futuro seguiremos esforz\u00e1ndonos en sorprenderles y en hacer realidad mejores condiciones acu\u00e1ticas en la circulaci\u00f3n cerrada de un acuario.<\/p>\n<h2 class=\"h3\">Nuestra visi\u00f3n<\/h2>\n<p>La filosof\u00eda y los objetivos que aspira una empresa es posible expresarlos con una visi\u00f3n. De esta manera se han creado ahora, partiendo de las bombas Turbelle\u00ae anteriores, productos modernos de excelente calidad y dise\u00f1o.<br \/>\nEn la actualidad los objetivos que nos impulsan son calidad y compatibilidad con el medio ambiente, pues la energ\u00eda cuesta dinero y desgasta el medio ambiente. Nuestras bombas se perfeccionan continuamente para poder batir nuevos records en consumo de corriente y rendimiento, lo que conlleva una disipaci\u00f3n m\u00ednima de calor en el agua y garantiza m\u00e1xima fiabilidad en el funcionamiento. Tambi\u00e9n los procesos internos de la producci\u00f3n se orientan, ahora de modo m\u00e1s consecuente que nunca, por criterios medioambientales. Nuestra prioridad consiste en reducir las emisiones de CO2 y optimizar la eficiencia energ\u00e9tica, es decir, contribuir en conseguir el consumo de corriente m\u00e1s reducido posible.<\/p>\n<h2 class=\"h3\">Nuestro servicio<\/h2>\n<p>\u00bfQu\u00e9 ser\u00eda del producto sin un buen servicio? Queremos que el servicio vaya m\u00e1s all\u00e1 de la venta. Usted puede acceder en Internet a nuestro programa completo, instrucciones, v\u00eddeos, configurador, etc. All\u00ed usted tambi\u00e9n puede pedir directamente todas las piezas de recambio. Si tiene preguntas, estamos con mucho gusto a su disposici\u00f3n por correo electr\u00f3nico o por la l\u00ednea telef\u00f3nica de asistencia r\u00e1pida.<\/p>\n<h2 class=\"h3\">Nuestro futuro<\/h2>\n<p>La expresi\u00f3n del dise\u00f1o TUNZE\u00ae no s\u00f3lo se refleja en la forma y el aspecto de un producto, sino tambi\u00e9n en el rendimiento superior a la media frente a componentes de uso corriente en el mercado. Nuestro objetivo es ir abriendo nuevos horizontes y cuestionarnos todo, de modo que la t\u00e9cnica responda al modo de ver actual desde el punto de vista de la ecolog\u00eda del acuario y electrot\u00e9cnica.<\/p>\n<p class=\"h3\"><span style=\"color: #000000;\">Descargue los cat\u00e1logos de TUNZE en los siguientes links :<\/span><\/p>\n<p class=\"h3\"><span style=\"color: #ff0000;\">ATENCI\u00d3N, DEBIDO A QUE LOS CATALOGOS DE 2019 SON EXTREMADAMENTE PESADOS, PONEMOS DIRECTAMENTE EL LINK DESDE TUNZE. GRACIAS.<\/span><\/p>\n<p class=\"h3\"><span style=\"color: #3366ff;\"><a style=\"color: #3366ff;\" href=\"https:\/\/www.tunze.com\/fileadmin\/flipbooks\/katalog2019_S\/Katalog2019_S.pdf\">CATALOGO GENERAL TUNZE ESPA\u00d1OL 2019<\/a><\/span><\/p>\n<p class=\"h3\"><span style=\"color: #3366ff;\"><a style=\"color: #3366ff;\" href=\"https:\/\/www.tunze.com\/fileadmin\/flipbooks\/katalog2019_POR\/Katalog2019_Por.pdf\">CATALOGO GENERAL TUNZE PORTUGU\u00c9S\u00a02019<\/a><\/span><\/p>\n<p class=\"h3\"><div class='w3eden'>\n    <div class=''>\n\n        \n        <div id=\"content_wpdm_package_1\">\n            <div class='row'><div class='col-lg-6 col-md-6 col-12'><!-- WPDM Link Template: Default Template -->\n\n<div class=\"link-template-default card mb-2\">\n    <div class=\"card-body\">\n        <div class=\"media\">\n            <div class=\"mr-3 img-48\"><img decoding=\"async\" class=\"wpdm_icon\" alt=\"Icono\"   src=\"https:\/\/www.aq-arium.com\/aqmarine\/wp-content\/plugins\/download-manager\/assets\/file-type-icons\/pdf.png\" \/><\/div>\n            <div class=\"media-body\">\n                <h3 class=\"package-title\"><a href='https:\/\/www.aq-arium.com\/aqmarine\/download\/tunze-novedades-interzoo-2018\/'>Tunze - Novedades Interzoo 2018<\/a><\/h3>\n                <div class=\"text-muted text-small\"><i class=\"fas fa-copy\"><\/i> 1 archivo(s) <i class=\"fas fa-hdd ml-3\"><\/i> 11.06 MB<\/div>\n            <\/div>\n            <div class=\"ml-3\">\n                <a class='wpdm-download-link download-on-click btn btn-primary btn-xs' rel='nofollow' href='#' data-downloadurl=\"https:\/\/www.aq-arium.com\/aqmarine\/download\/tunze-novedades-interzoo-2018\/?wpdmdl=5439&refresh=6a0900568e0e41778974806\">Descargar<\/a>\n            <\/div>\n        <\/div>\n    <\/div>\n<\/div>\n\n<\/div><div class='col-lg-6 col-md-6 col-12'><!-- WPDM Link Template: Default Template -->\n\n<div class=\"link-template-default card mb-2\">\n    <div class=\"card-body\">\n        <div class=\"media\">\n            <div class=\"mr-3 img-48\"><img decoding=\"async\" class=\"wpdm_icon\" alt=\"Icono\"   src=\"https:\/\/www.aq-arium.com\/aqmarine\/wp-content\/plugins\/download-manager\/assets\/file-type-icons\/pdf.png\" \/><\/div>\n            <div class=\"media-body\">\n                <h3 class=\"package-title\"><a href='https:\/\/www.aq-arium.com\/aqmarine\/download\/tunze-interzoo-2016\/'>Tunze - Interzoo 2016<\/a><\/h3>\n                <div class=\"text-muted text-small\"><i class=\"fas fa-copy\"><\/i> 1 archivo(s) <i class=\"fas fa-hdd ml-3\"><\/i> 4.20 MB<\/div>\n            <\/div>\n            <div class=\"ml-3\">\n                <a class='wpdm-download-link download-on-click btn btn-primary btn-xs' rel='nofollow' href='#' data-downloadurl=\"https:\/\/www.aq-arium.com\/aqmarine\/download\/tunze-interzoo-2016\/?wpdmdl=3867&refresh=6a090056ca2c01778974806\">Descargar<\/a>\n            <\/div>\n        <\/div>\n    <\/div>\n<\/div>\n\n<\/div><div class='col-lg-6 col-md-6 col-12'><!-- WPDM Link Template: Default Template -->\n\n<div class=\"link-template-default card mb-2\">\n    <div class=\"card-body\">\n        <div class=\"media\">\n            <div class=\"mr-3 img-48\"><img decoding=\"async\" class=\"wpdm_icon\" alt=\"Icono\"   src=\"https:\/\/www.aq-arium.com\/aqmarine\/wp-content\/plugins\/download-manager\/assets\/file-type-icons\/pdf.png\" \/><\/div>\n            <div class=\"media-body\">\n                <h3 class=\"package-title\"><a href='https:\/\/www.aq-arium.com\/aqmarine\/download\/tunze-6045-blue-edition\/'>Tunze - 6045 Blue Edition<\/a><\/h3>\n                <div class=\"text-muted text-small\"><i class=\"fas fa-copy\"><\/i> 1 archivo(s) <i class=\"fas fa-hdd ml-3\"><\/i> 2.16 MB<\/div>\n            <\/div>\n            <div class=\"ml-3\">\n                <a class='wpdm-download-link download-on-click btn btn-primary btn-xs' rel='nofollow' href='#' data-downloadurl=\"https:\/\/www.aq-arium.com\/aqmarine\/download\/tunze-6045-blue-edition\/?wpdmdl=3193&refresh=6a090056ced2b1778974806\">Descargar<\/a>\n            <\/div>\n        <\/div>\n    <\/div>\n<\/div>\n\n<\/div><div class='col-lg-6 col-md-6 col-12'><!-- WPDM Link Template: Default Template -->\n\n<div class=\"link-template-default card mb-2\">\n    <div class=\"card-body\">\n        <div class=\"media\">\n            <div class=\"mr-3 img-48\"><img decoding=\"async\" class=\"wpdm_icon\" alt=\"Icono\"   src=\"https:\/\/www.aq-arium.com\/aqmarine\/wp-content\/plugins\/download-manager\/assets\/file-type-icons\/pdf.png\" \/><\/div>\n            <div class=\"media-body\">\n                <h3 class=\"package-title\"><a href='https:\/\/www.aq-arium.com\/aqmarine\/download\/tunze-reefpack-500\/'>Tunze - ReefPack 500<\/a><\/h3>\n                <div class=\"text-muted text-small\"><i class=\"fas fa-copy\"><\/i> 1 archivo(s) <i class=\"fas fa-hdd ml-3\"><\/i> 1.33 MB<\/div>\n            <\/div>\n            <div class=\"ml-3\">\n                <a class='wpdm-download-link download-on-click btn btn-primary btn-xs' rel='nofollow' href='#' data-downloadurl=\"https:\/\/www.aq-arium.com\/aqmarine\/download\/tunze-reefpack-500\/?wpdmdl=3197&refresh=6a090056d50971778974806\">Descargar<\/a>\n            <\/div>\n        <\/div>\n    <\/div>\n<\/div>\n\n<\/div><div class='col-lg-6 col-md-6 col-12'><!-- WPDM Link Template: Default Template -->\n\n<div class=\"link-template-default card mb-2\">\n    <div class=\"card-body\">\n        <div class=\"media\">\n            <div class=\"mr-3 img-48\"><img decoding=\"async\" class=\"wpdm_icon\" alt=\"Icono\"   src=\"https:\/\/www.aq-arium.com\/aqmarine\/wp-content\/plugins\/download-manager\/assets\/file-type-icons\/pdf.png\" \/><\/div>\n            <div class=\"media-body\">\n                <h3 class=\"package-title\"><a href='https:\/\/www.aq-arium.com\/aqmarine\/download\/tunze-nanostream-electronic\/'>Tunze - NanoStream Electronic<\/a><\/h3>\n                <div class=\"text-muted text-small\"><i class=\"fas fa-copy\"><\/i> 1 archivo(s) <i class=\"fas fa-hdd ml-3\"><\/i> 1.08 MB<\/div>\n            <\/div>\n            <div class=\"ml-3\">\n                <a class='wpdm-download-link download-on-click btn btn-primary btn-xs' rel='nofollow' href='#' data-downloadurl=\"https:\/\/www.aq-arium.com\/aqmarine\/download\/tunze-nanostream-electronic\/?wpdmdl=3196&refresh=6a090056da0b01778974806\">Descargar<\/a>\n            <\/div>\n        <\/div>\n    <\/div>\n<\/div>\n\n<\/div><div class='col-lg-6 col-md-6 col-12'><!-- WPDM Link Template: Default Template -->\n\n<div class=\"link-template-default card mb-2\">\n    <div class=\"card-body\">\n        <div class=\"media\">\n            <div class=\"mr-3 img-48\"><img decoding=\"async\" class=\"wpdm_icon\" alt=\"Icono\"   src=\"https:\/\/www.aq-arium.com\/aqmarine\/wp-content\/plugins\/download-manager\/assets\/file-type-icons\/pdf.png\" \/><\/div>\n            <div class=\"media-body\">\n                <h3 class=\"package-title\"><a href='https:\/\/www.aq-arium.com\/aqmarine\/download\/tunze-led-8811-y-8821\/'>Tunze - LED 8811 y 8821<\/a><\/h3>\n                <div class=\"text-muted text-small\"><i class=\"fas fa-copy\"><\/i> 1 archivo(s) <i class=\"fas fa-hdd ml-3\"><\/i> 1.39 MB<\/div>\n            <\/div>\n            <div class=\"ml-3\">\n                <a class='wpdm-download-link download-on-click btn btn-primary btn-xs' rel='nofollow' href='#' data-downloadurl=\"https:\/\/www.aq-arium.com\/aqmarine\/download\/tunze-led-8811-y-8821\/?wpdmdl=3195&refresh=6a090056e1d4b1778974806\">Descargar<\/a>\n            <\/div>\n        <\/div>\n    <\/div>\n<\/div>\n\n<\/div><div class='col-lg-6 col-md-6 col-12'><!-- WPDM Link Template: Default Template -->\n\n<div class=\"link-template-default card mb-2\">\n    <div class=\"card-body\">\n        <div class=\"media\">\n            <div class=\"mr-3 img-48\"><img decoding=\"async\" class=\"wpdm_icon\" alt=\"Icono\"   src=\"https:\/\/www.aq-arium.com\/aqmarine\/wp-content\/plugins\/download-manager\/assets\/file-type-icons\/pdf.png\" \/><\/div>\n            <div class=\"media-body\">\n                <h3 class=\"package-title\"><a href='https:\/\/www.aq-arium.com\/aqmarine\/download\/tunze-1073-060\/'>Tunze - 1073.060<\/a><\/h3>\n                <div class=\"text-muted text-small\"><i class=\"fas fa-copy\"><\/i> 1 archivo(s) <i class=\"fas fa-hdd ml-3\"><\/i> 1.69 MB<\/div>\n            <\/div>\n            <div class=\"ml-3\">\n                <a class='wpdm-download-link download-on-click btn btn-primary btn-xs' rel='nofollow' href='#' data-downloadurl=\"https:\/\/www.aq-arium.com\/aqmarine\/download\/tunze-1073-060\/?wpdmdl=3194&refresh=6a090056e8c781778974806\">Descargar<\/a>\n            <\/div>\n        <\/div>\n    <\/div>\n<\/div>\n\n<\/div><\/div>                    <\/div>\n\n        <div style='clear:both'><\/div>\n    <\/div>\n<\/div>\n\n","protected":false},"excerpt":{"rendered":"<p>BOMBAS DE MOVIMIENTO TURBELLE &nbsp; BOMBAS DE\u00a0PRESI\u00d3N COMLINE &amp; SILENCE &nbsp; Filosof\u00eda de la empresa En funci\u00f3n de gerente de la compa\u00f1\u00eda TUNZE\u00ae Aquarientechnik GmbH en Penzberg, Alemania, me gustar\u00eda darles la bienvenida en el mundo de uno de los mercados m\u00e1s fuertes y conocidos de la acuar\u00edstica. Desde su fundaci\u00f3n en el a\u00f1o 1960, [&hellip;]<\/p>\n","protected":false},"author":1,"featured_media":15468,"parent":9115,"menu_order":0,"comment_status":"closed","ping_status":"closed","template":"","meta":{"_acf_changed":false,"footnotes":""},"class_list":["post-3189","page","type-page","status-publish","has-post-thumbnail","hentry"],"acf":[],"yoast_head":"<!-- This site is optimized with the Yoast SEO plugin v23.9 - https:\/\/yoast.com\/wordpress\/plugins\/seo\/ -->\n<title>TUNZE Bombas y Accesorios - AQ, Aquarium Solutions<\/title>\n<meta name=\"description\" content=\"Productos de alta calidad para acuario marino, bombas, filtros y accesorios de limpieza de gran reconocimiento.\" \/>\n<meta name=\"robots\" content=\"index, follow, max-snippet:-1, max-image-preview:large, max-video-preview:-1\" \/>\n<link rel=\"canonical\" href=\"https:\/\/www.aq-arium.com\/aqmarine\/acuario-marino\/tunze\/\" \/>\n<meta property=\"og:locale\" content=\"es_ES\" \/>\n<meta property=\"og:type\" content=\"article\" \/>\n<meta property=\"og:title\" content=\"TUNZE Bombas y Accesorios - AQ, Aquarium Solutions\" \/>\n<meta property=\"og:description\" content=\"Productos de alta calidad para acuario marino, bombas, filtros y accesorios de limpieza de gran reconocimiento.\" \/>\n<meta property=\"og:url\" content=\"https:\/\/www.aq-arium.com\/aqmarine\/acuario-marino\/tunze\/\" \/>\n<meta property=\"og:site_name\" content=\"AQ, Aquarium Solutions\" \/>\n<meta property=\"article:publisher\" content=\"https:\/\/www.instagram.com\/aq.arium\/\" \/>\n<meta property=\"article:modified_time\" content=\"2021-09-01T13:42:55+00:00\" \/>\n<meta property=\"og:image\" content=\"https:\/\/www.aq-arium.com\/aqmarine\/wp-content\/uploads\/2020\/10\/1-Tunze.jpg\" \/>\n\t<meta property=\"og:image:width\" content=\"500\" \/>\n\t<meta property=\"og:image:height\" content=\"500\" \/>\n\t<meta property=\"og:image:type\" content=\"image\/jpeg\" \/>\n<meta name=\"twitter:card\" content=\"summary_large_image\" \/>\n<meta name=\"twitter:site\" content=\"@AArium56877\" \/>\n<meta name=\"twitter:label1\" content=\"Tiempo de lectura\" \/>\n\t<meta name=\"twitter:data1\" content=\"2 minutos\" \/>\n<script type=\"application\/ld+json\" class=\"yoast-schema-graph\">{\"@context\":\"https:\/\/schema.org\",\"@graph\":[{\"@type\":\"WebPage\",\"@id\":\"https:\/\/www.aq-arium.com\/aqmarine\/acuario-marino\/tunze\/\",\"url\":\"https:\/\/www.aq-arium.com\/aqmarine\/acuario-marino\/tunze\/\",\"name\":\"TUNZE Bombas y Accesorios - AQ, Aquarium Solutions\",\"isPartOf\":{\"@id\":\"https:\/\/www.aq-arium.com\/aqmarine\/#website\"},\"primaryImageOfPage\":{\"@id\":\"https:\/\/www.aq-arium.com\/aqmarine\/acuario-marino\/tunze\/#primaryimage\"},\"image\":{\"@id\":\"https:\/\/www.aq-arium.com\/aqmarine\/acuario-marino\/tunze\/#primaryimage\"},\"thumbnailUrl\":\"https:\/\/www.aq-arium.com\/aqmarine\/wp-content\/uploads\/2020\/10\/1-Tunze.jpg\",\"datePublished\":\"2015-09-29T14:22:55+00:00\",\"dateModified\":\"2021-09-01T13:42:55+00:00\",\"description\":\"Productos de alta calidad para acuario marino, bombas, filtros y accesorios de limpieza de gran reconocimiento.\",\"breadcrumb\":{\"@id\":\"https:\/\/www.aq-arium.com\/aqmarine\/acuario-marino\/tunze\/#breadcrumb\"},\"inLanguage\":\"es-ES\",\"potentialAction\":[{\"@type\":\"ReadAction\",\"target\":[\"https:\/\/www.aq-arium.com\/aqmarine\/acuario-marino\/tunze\/\"]}]},{\"@type\":\"ImageObject\",\"inLanguage\":\"es-ES\",\"@id\":\"https:\/\/www.aq-arium.com\/aqmarine\/acuario-marino\/tunze\/#primaryimage\",\"url\":\"https:\/\/www.aq-arium.com\/aqmarine\/wp-content\/uploads\/2020\/10\/1-Tunze.jpg\",\"contentUrl\":\"https:\/\/www.aq-arium.com\/aqmarine\/wp-content\/uploads\/2020\/10\/1-Tunze.jpg\",\"width\":500,\"height\":500,\"caption\":\"TUNZE\"},{\"@type\":\"BreadcrumbList\",\"@id\":\"https:\/\/www.aq-arium.com\/aqmarine\/acuario-marino\/tunze\/#breadcrumb\",\"itemListElement\":[{\"@type\":\"ListItem\",\"position\":1,\"name\":\"Portada\",\"item\":\"https:\/\/www.aq-arium.com\/aqmarine\/\"},{\"@type\":\"ListItem\",\"position\":2,\"name\":\"ACUARIO MARINO\",\"item\":\"https:\/\/www.aq-arium.com\/aqmarine\/acuario-marino\/\"},{\"@type\":\"ListItem\",\"position\":3,\"name\":\"TUNZE\"}]},{\"@type\":\"WebSite\",\"@id\":\"https:\/\/www.aq-arium.com\/aqmarine\/#website\",\"url\":\"https:\/\/www.aq-arium.com\/aqmarine\/\",\"name\":\"AQ, Aquarium Solutions\",\"description\":\"Productos para Acuario Marino y Dulce\",\"publisher\":{\"@id\":\"https:\/\/www.aq-arium.com\/aqmarine\/#organization\"},\"potentialAction\":[{\"@type\":\"SearchAction\",\"target\":{\"@type\":\"EntryPoint\",\"urlTemplate\":\"https:\/\/www.aq-arium.com\/aqmarine\/?s={search_term_string}\"},\"query-input\":{\"@type\":\"PropertyValueSpecification\",\"valueRequired\":true,\"valueName\":\"search_term_string\"}}],\"inLanguage\":\"es-ES\"},{\"@type\":\"Organization\",\"@id\":\"https:\/\/www.aq-arium.com\/aqmarine\/#organization\",\"name\":\"AQ-arium Solutions\",\"url\":\"https:\/\/www.aq-arium.com\/aqmarine\/\",\"logo\":{\"@type\":\"ImageObject\",\"inLanguage\":\"es-ES\",\"@id\":\"https:\/\/www.aq-arium.com\/aqmarine\/#\/schema\/logo\/image\/\",\"url\":\"https:\/\/www.aq-arium.com\/aqmarine\/wp-content\/uploads\/2021\/08\/AQ-arium-Solutions-logo-100x47px-1.png\",\"contentUrl\":\"https:\/\/www.aq-arium.com\/aqmarine\/wp-content\/uploads\/2021\/08\/AQ-arium-Solutions-logo-100x47px-1.png\",\"width\":100,\"height\":47,\"caption\":\"AQ-arium Solutions\"},\"image\":{\"@id\":\"https:\/\/www.aq-arium.com\/aqmarine\/#\/schema\/logo\/image\/\"},\"sameAs\":[\"https:\/\/www.instagram.com\/aq.arium\/\",\"https:\/\/x.com\/AArium56877\"]}]}<\/script>\n<!-- \/ Yoast SEO plugin. -->","yoast_head_json":{"title":"TUNZE Bombas y Accesorios - AQ, Aquarium Solutions","description":"Productos de alta calidad para acuario marino, bombas, filtros y accesorios de limpieza de gran reconocimiento.","robots":{"index":"index","follow":"follow","max-snippet":"max-snippet:-1","max-image-preview":"max-image-preview:large","max-video-preview":"max-video-preview:-1"},"canonical":"https:\/\/www.aq-arium.com\/aqmarine\/acuario-marino\/tunze\/","og_locale":"es_ES","og_type":"article","og_title":"TUNZE Bombas y Accesorios - AQ, Aquarium Solutions","og_description":"Productos de alta calidad para acuario marino, bombas, filtros y accesorios de limpieza de gran reconocimiento.","og_url":"https:\/\/www.aq-arium.com\/aqmarine\/acuario-marino\/tunze\/","og_site_name":"AQ, Aquarium Solutions","article_publisher":"https:\/\/www.instagram.com\/aq.arium\/","article_modified_time":"2021-09-01T13:42:55+00:00","og_image":[{"width":500,"height":500,"url":"https:\/\/www.aq-arium.com\/aqmarine\/wp-content\/uploads\/2020\/10\/1-Tunze.jpg","type":"image\/jpeg"}],"twitter_card":"summary_large_image","twitter_site":"@AArium56877","twitter_misc":{"Tiempo de lectura":"2 minutos"},"schema":{"@context":"https:\/\/schema.org","@graph":[{"@type":"WebPage","@id":"https:\/\/www.aq-arium.com\/aqmarine\/acuario-marino\/tunze\/","url":"https:\/\/www.aq-arium.com\/aqmarine\/acuario-marino\/tunze\/","name":"TUNZE Bombas y Accesorios - AQ, Aquarium Solutions","isPartOf":{"@id":"https:\/\/www.aq-arium.com\/aqmarine\/#website"},"primaryImageOfPage":{"@id":"https:\/\/www.aq-arium.com\/aqmarine\/acuario-marino\/tunze\/#primaryimage"},"image":{"@id":"https:\/\/www.aq-arium.com\/aqmarine\/acuario-marino\/tunze\/#primaryimage"},"thumbnailUrl":"https:\/\/www.aq-arium.com\/aqmarine\/wp-content\/uploads\/2020\/10\/1-Tunze.jpg","datePublished":"2015-09-29T14:22:55+00:00","dateModified":"2021-09-01T13:42:55+00:00","description":"Productos de alta calidad para acuario marino, bombas, filtros y accesorios de limpieza de gran reconocimiento.","breadcrumb":{"@id":"https:\/\/www.aq-arium.com\/aqmarine\/acuario-marino\/tunze\/#breadcrumb"},"inLanguage":"es-ES","potentialAction":[{"@type":"ReadAction","target":["https:\/\/www.aq-arium.com\/aqmarine\/acuario-marino\/tunze\/"]}]},{"@type":"ImageObject","inLanguage":"es-ES","@id":"https:\/\/www.aq-arium.com\/aqmarine\/acuario-marino\/tunze\/#primaryimage","url":"https:\/\/www.aq-arium.com\/aqmarine\/wp-content\/uploads\/2020\/10\/1-Tunze.jpg","contentUrl":"https:\/\/www.aq-arium.com\/aqmarine\/wp-content\/uploads\/2020\/10\/1-Tunze.jpg","width":500,"height":500,"caption":"TUNZE"},{"@type":"BreadcrumbList","@id":"https:\/\/www.aq-arium.com\/aqmarine\/acuario-marino\/tunze\/#breadcrumb","itemListElement":[{"@type":"ListItem","position":1,"name":"Portada","item":"https:\/\/www.aq-arium.com\/aqmarine\/"},{"@type":"ListItem","position":2,"name":"ACUARIO MARINO","item":"https:\/\/www.aq-arium.com\/aqmarine\/acuario-marino\/"},{"@type":"ListItem","position":3,"name":"TUNZE"}]},{"@type":"WebSite","@id":"https:\/\/www.aq-arium.com\/aqmarine\/#website","url":"https:\/\/www.aq-arium.com\/aqmarine\/","name":"AQ, Aquarium Solutions","description":"Productos para Acuario Marino y Dulce","publisher":{"@id":"https:\/\/www.aq-arium.com\/aqmarine\/#organization"},"potentialAction":[{"@type":"SearchAction","target":{"@type":"EntryPoint","urlTemplate":"https:\/\/www.aq-arium.com\/aqmarine\/?s={search_term_string}"},"query-input":{"@type":"PropertyValueSpecification","valueRequired":true,"valueName":"search_term_string"}}],"inLanguage":"es-ES"},{"@type":"Organization","@id":"https:\/\/www.aq-arium.com\/aqmarine\/#organization","name":"AQ-arium Solutions","url":"https:\/\/www.aq-arium.com\/aqmarine\/","logo":{"@type":"ImageObject","inLanguage":"es-ES","@id":"https:\/\/www.aq-arium.com\/aqmarine\/#\/schema\/logo\/image\/","url":"https:\/\/www.aq-arium.com\/aqmarine\/wp-content\/uploads\/2021\/08\/AQ-arium-Solutions-logo-100x47px-1.png","contentUrl":"https:\/\/www.aq-arium.com\/aqmarine\/wp-content\/uploads\/2021\/08\/AQ-arium-Solutions-logo-100x47px-1.png","width":100,"height":47,"caption":"AQ-arium Solutions"},"image":{"@id":"https:\/\/www.aq-arium.com\/aqmarine\/#\/schema\/logo\/image\/"},"sameAs":["https:\/\/www.instagram.com\/aq.arium\/","https:\/\/x.com\/AArium56877"]}]}},"jetpack_sharing_enabled":true,"_links":{"self":[{"href":"https:\/\/www.aq-arium.com\/aqmarine\/wp-json\/wp\/v2\/pages\/3189","targetHints":{"allow":["GET"]}}],"collection":[{"href":"https:\/\/www.aq-arium.com\/aqmarine\/wp-json\/wp\/v2\/pages"}],"about":[{"href":"https:\/\/www.aq-arium.com\/aqmarine\/wp-json\/wp\/v2\/types\/page"}],"author":[{"embeddable":true,"href":"https:\/\/www.aq-arium.com\/aqmarine\/wp-json\/wp\/v2\/users\/1"}],"replies":[{"embeddable":true,"href":"https:\/\/www.aq-arium.com\/aqmarine\/wp-json\/wp\/v2\/comments?post=3189"}],"version-history":[{"count":0,"href":"https:\/\/www.aq-arium.com\/aqmarine\/wp-json\/wp\/v2\/pages\/3189\/revisions"}],"up":[{"embeddable":true,"href":"https:\/\/www.aq-arium.com\/aqmarine\/wp-json\/wp\/v2\/pages\/9115"}],"wp:featuredmedia":[{"embeddable":true,"href":"https:\/\/www.aq-arium.com\/aqmarine\/wp-json\/wp\/v2\/media\/15468"}],"wp:attachment":[{"href":"https:\/\/www.aq-arium.com\/aqmarine\/wp-json\/wp\/v2\/media?parent=3189"}],"curies":[{"name":"wp","href":"https:\/\/api.w.org\/{rel}","templated":true}]}}