{"id":2150,"date":"2014-12-16T17:20:01","date_gmt":"2014-12-16T16:20:01","guid":{"rendered":"https:\/\/www.aq-arium.com\/aqmarine\/?page_id=2150"},"modified":"2014-12-16T17:20:01","modified_gmt":"2014-12-16T16:20:01","slug":"sebas-algae-mower","status":"publish","type":"page","link":"https:\/\/www.aq-arium.com\/aqmarine\/sebas-algae-mower\/","title":{"rendered":"Sebas Algae Mower"},"content":{"rendered":"<p><img loading=\"lazy\" decoding=\"async\" class=\"alignnone size-column1-2\/5 wp-image-2142\" src=\"https:\/\/www.aq-arium.com\/aqmarine\/wp-content\/uploads\/2014\/12\/IMG_4265-960x384.jpg\" alt=\"IMG_4265\" width=\"960\" height=\"384\" srcset=\"https:\/\/www.aq-arium.com\/aqmarine\/wp-content\/uploads\/2014\/12\/IMG_4265-960x384.jpg 960w, https:\/\/www.aq-arium.com\/aqmarine\/wp-content\/uploads\/2014\/12\/IMG_4265-480x192.jpg 480w, https:\/\/www.aq-arium.com\/aqmarine\/wp-content\/uploads\/2014\/12\/IMG_4265-320x128.jpg 320w, https:\/\/www.aq-arium.com\/aqmarine\/wp-content\/uploads\/2014\/12\/IMG_4265-240x96.jpg 240w\" sizes=\"auto, (max-width: 960px) 100vw, 960px\" \/><\/p>\n<p>Muchos de los aficionados saben que la alga filamentosa no puede ser erradicada permanentemente, \u00a1incluso cociendo las rocas! Cuando las condiciones sean favorables, algo bastante t\u00edpico en los acuarios, volver\u00e1n a crecer.<\/p>\n[envira-gallery id=&#8221;2146&#8243;]\n<p>Pero con el uso peri\u00f3dico de esta herramienta, es realmente muy f\u00e1cil para eliminar la alga filamentosa incluso la coralina. Desde ahora puede disfrutar de un acuario sin algas no deseadas, sin necesidad de utilizar qu\u00edmicos y esperar que no afecten a la vida.<\/p>\n<p>Sebas Algae Mower le puede ayudar con :<\/p>\n<ul>\n<li>Alga filamentosa Verde o Negra<\/li>\n<li>Alga filamentosa Tupida<\/li>\n<li>Cyanobacteria Negra o Roja<\/li>\n<li>Deshechos de comida<\/li>\n<li>Aptasias y otras plagas de los corales<\/li>\n<li>Limpieza de substrato y arena<\/li>\n<\/ul>\n<p>Sebas Algae Mower, es una herramienta ideal que puede convertirse en indispensable en muchos de nuestros acuarios.<\/p>\n<p>Vea siguiente video con las posibilidades que le ofrece.<\/p>\n<p><iframe loading=\"lazy\" title=\"Algae Mower Vac quick preview\" width=\"500\" height=\"375\" src=\"https:\/\/www.youtube.com\/embed\/-E0TWFc-CiE?feature=oembed\" frameborder=\"0\" allow=\"accelerometer; autoplay; clipboard-write; encrypted-media; gyroscope; picture-in-picture; web-share\" referrerpolicy=\"strict-origin-when-cross-origin\" allowfullscreen><\/iframe><\/p>\n","protected":false},"excerpt":{"rendered":"<p>Muchos de los aficionados saben que la alga filamentosa no puede ser erradicada permanentemente, \u00a1incluso cociendo las rocas! Cuando las condiciones sean favorables, algo bastante t\u00edpico en los acuarios, volver\u00e1n a crecer. [envira-gallery id=&#8221;2146&#8243;] Pero con el uso peri\u00f3dico de esta herramienta, es realmente muy f\u00e1cil para eliminar la alga filamentosa incluso la coralina. Desde [&hellip;]<\/p>\n","protected":false},"author":1,"featured_media":0,"parent":0,"menu_order":0,"comment_status":"closed","ping_status":"open","template":"","meta":{"_acf_changed":false,"footnotes":""},"class_list":["post-2150","page","type-page","status-publish","hentry"],"acf":[],"yoast_head":"<!-- This site is optimized with the Yoast SEO plugin v23.9 - https:\/\/yoast.com\/wordpress\/plugins\/seo\/ -->\n<title>Sebas Algae Mower - AQ, Aquarium Solutions<\/title>\n<meta name=\"robots\" content=\"index, follow, max-snippet:-1, max-image-preview:large, max-video-preview:-1\" \/>\n<link rel=\"canonical\" href=\"https:\/\/www.aq-arium.com\/aqmarine\/sebas-algae-mower\/\" \/>\n<meta property=\"og:locale\" content=\"es_ES\" \/>\n<meta property=\"og:type\" content=\"article\" \/>\n<meta property=\"og:title\" content=\"Sebas Algae Mower - AQ, Aquarium Solutions\" \/>\n<meta property=\"og:description\" content=\"Muchos de los aficionados saben que la alga filamentosa no puede ser erradicada permanentemente, \u00a1incluso cociendo las rocas! Cuando las condiciones sean favorables, algo bastante t\u00edpico en los acuarios, volver\u00e1n a crecer. [envira-gallery id=&#8221;2146&#8243;] Pero con el uso peri\u00f3dico de esta herramienta, es realmente muy f\u00e1cil para eliminar la alga filamentosa incluso la coralina. Desde [&hellip;]\" \/>\n<meta property=\"og:url\" content=\"https:\/\/www.aq-arium.com\/aqmarine\/sebas-algae-mower\/\" \/>\n<meta property=\"og:site_name\" content=\"AQ, Aquarium Solutions\" \/>\n<meta property=\"article:publisher\" content=\"https:\/\/www.instagram.com\/aq.arium\/\" \/>\n<meta property=\"og:image\" content=\"https:\/\/www.aq-arium.com\/aqmarine\/wp-content\/uploads\/2014\/12\/IMG_4265-960x384.jpg\" \/>\n<meta name=\"twitter:card\" content=\"summary_large_image\" \/>\n<meta name=\"twitter:site\" content=\"@AArium56877\" \/>\n<meta name=\"twitter:label1\" content=\"Tiempo de lectura\" \/>\n\t<meta name=\"twitter:data1\" content=\"1 minuto\" \/>\n<script type=\"application\/ld+json\" class=\"yoast-schema-graph\">{\"@context\":\"https:\/\/schema.org\",\"@graph\":[{\"@type\":\"WebPage\",\"@id\":\"https:\/\/www.aq-arium.com\/aqmarine\/sebas-algae-mower\/\",\"url\":\"https:\/\/www.aq-arium.com\/aqmarine\/sebas-algae-mower\/\",\"name\":\"Sebas Algae Mower - AQ, Aquarium Solutions\",\"isPartOf\":{\"@id\":\"https:\/\/www.aq-arium.com\/aqmarine\/#website\"},\"primaryImageOfPage\":{\"@id\":\"https:\/\/www.aq-arium.com\/aqmarine\/sebas-algae-mower\/#primaryimage\"},\"image\":{\"@id\":\"https:\/\/www.aq-arium.com\/aqmarine\/sebas-algae-mower\/#primaryimage\"},\"thumbnailUrl\":\"https:\/\/www.aq-arium.com\/aqmarine\/wp-content\/uploads\/2014\/12\/IMG_4265-960x384.jpg\",\"datePublished\":\"2014-12-16T16:20:01+00:00\",\"dateModified\":\"2014-12-16T16:20:01+00:00\",\"breadcrumb\":{\"@id\":\"https:\/\/www.aq-arium.com\/aqmarine\/sebas-algae-mower\/#breadcrumb\"},\"inLanguage\":\"es-ES\",\"potentialAction\":[{\"@type\":\"ReadAction\",\"target\":[\"https:\/\/www.aq-arium.com\/aqmarine\/sebas-algae-mower\/\"]}]},{\"@type\":\"ImageObject\",\"inLanguage\":\"es-ES\",\"@id\":\"https:\/\/www.aq-arium.com\/aqmarine\/sebas-algae-mower\/#primaryimage\",\"url\":\"https:\/\/www.aq-arium.com\/aqmarine\/wp-content\/uploads\/2014\/12\/IMG_4265.jpg\",\"contentUrl\":\"https:\/\/www.aq-arium.com\/aqmarine\/wp-content\/uploads\/2014\/12\/IMG_4265.jpg\",\"width\":1280,\"height\":853},{\"@type\":\"BreadcrumbList\",\"@id\":\"https:\/\/www.aq-arium.com\/aqmarine\/sebas-algae-mower\/#breadcrumb\",\"itemListElement\":[{\"@type\":\"ListItem\",\"position\":1,\"name\":\"Portada\",\"item\":\"https:\/\/www.aq-arium.com\/aqmarine\/\"},{\"@type\":\"ListItem\",\"position\":2,\"name\":\"Sebas Algae Mower\"}]},{\"@type\":\"WebSite\",\"@id\":\"https:\/\/www.aq-arium.com\/aqmarine\/#website\",\"url\":\"https:\/\/www.aq-arium.com\/aqmarine\/\",\"name\":\"AQ, Aquarium Solutions\",\"description\":\"Productos para Acuario Marino y Dulce\",\"publisher\":{\"@id\":\"https:\/\/www.aq-arium.com\/aqmarine\/#organization\"},\"potentialAction\":[{\"@type\":\"SearchAction\",\"target\":{\"@type\":\"EntryPoint\",\"urlTemplate\":\"https:\/\/www.aq-arium.com\/aqmarine\/?s={search_term_string}\"},\"query-input\":{\"@type\":\"PropertyValueSpecification\",\"valueRequired\":true,\"valueName\":\"search_term_string\"}}],\"inLanguage\":\"es-ES\"},{\"@type\":\"Organization\",\"@id\":\"https:\/\/www.aq-arium.com\/aqmarine\/#organization\",\"name\":\"AQ-arium Solutions\",\"url\":\"https:\/\/www.aq-arium.com\/aqmarine\/\",\"logo\":{\"@type\":\"ImageObject\",\"inLanguage\":\"es-ES\",\"@id\":\"https:\/\/www.aq-arium.com\/aqmarine\/#\/schema\/logo\/image\/\",\"url\":\"https:\/\/www.aq-arium.com\/aqmarine\/wp-content\/uploads\/2021\/08\/AQ-arium-Solutions-logo-100x47px-1.png\",\"contentUrl\":\"https:\/\/www.aq-arium.com\/aqmarine\/wp-content\/uploads\/2021\/08\/AQ-arium-Solutions-logo-100x47px-1.png\",\"width\":100,\"height\":47,\"caption\":\"AQ-arium Solutions\"},\"image\":{\"@id\":\"https:\/\/www.aq-arium.com\/aqmarine\/#\/schema\/logo\/image\/\"},\"sameAs\":[\"https:\/\/www.instagram.com\/aq.arium\/\",\"https:\/\/x.com\/AArium56877\"]}]}<\/script>\n<!-- \/ Yoast SEO plugin. -->","yoast_head_json":{"title":"Sebas Algae Mower - AQ, Aquarium Solutions","robots":{"index":"index","follow":"follow","max-snippet":"max-snippet:-1","max-image-preview":"max-image-preview:large","max-video-preview":"max-video-preview:-1"},"canonical":"https:\/\/www.aq-arium.com\/aqmarine\/sebas-algae-mower\/","og_locale":"es_ES","og_type":"article","og_title":"Sebas Algae Mower - AQ, Aquarium Solutions","og_description":"Muchos de los aficionados saben que la alga filamentosa no puede ser erradicada permanentemente, \u00a1incluso cociendo las rocas! Cuando las condiciones sean favorables, algo bastante t\u00edpico en los acuarios, volver\u00e1n a crecer. [envira-gallery id=&#8221;2146&#8243;] Pero con el uso peri\u00f3dico de esta herramienta, es realmente muy f\u00e1cil para eliminar la alga filamentosa incluso la coralina. Desde [&hellip;]","og_url":"https:\/\/www.aq-arium.com\/aqmarine\/sebas-algae-mower\/","og_site_name":"AQ, Aquarium Solutions","article_publisher":"https:\/\/www.instagram.com\/aq.arium\/","og_image":[{"url":"https:\/\/www.aq-arium.com\/aqmarine\/wp-content\/uploads\/2014\/12\/IMG_4265-960x384.jpg"}],"twitter_card":"summary_large_image","twitter_site":"@AArium56877","twitter_misc":{"Tiempo de lectura":"1 minuto"},"schema":{"@context":"https:\/\/schema.org","@graph":[{"@type":"WebPage","@id":"https:\/\/www.aq-arium.com\/aqmarine\/sebas-algae-mower\/","url":"https:\/\/www.aq-arium.com\/aqmarine\/sebas-algae-mower\/","name":"Sebas Algae Mower - AQ, Aquarium Solutions","isPartOf":{"@id":"https:\/\/www.aq-arium.com\/aqmarine\/#website"},"primaryImageOfPage":{"@id":"https:\/\/www.aq-arium.com\/aqmarine\/sebas-algae-mower\/#primaryimage"},"image":{"@id":"https:\/\/www.aq-arium.com\/aqmarine\/sebas-algae-mower\/#primaryimage"},"thumbnailUrl":"https:\/\/www.aq-arium.com\/aqmarine\/wp-content\/uploads\/2014\/12\/IMG_4265-960x384.jpg","datePublished":"2014-12-16T16:20:01+00:00","dateModified":"2014-12-16T16:20:01+00:00","breadcrumb":{"@id":"https:\/\/www.aq-arium.com\/aqmarine\/sebas-algae-mower\/#breadcrumb"},"inLanguage":"es-ES","potentialAction":[{"@type":"ReadAction","target":["https:\/\/www.aq-arium.com\/aqmarine\/sebas-algae-mower\/"]}]},{"@type":"ImageObject","inLanguage":"es-ES","@id":"https:\/\/www.aq-arium.com\/aqmarine\/sebas-algae-mower\/#primaryimage","url":"https:\/\/www.aq-arium.com\/aqmarine\/wp-content\/uploads\/2014\/12\/IMG_4265.jpg","contentUrl":"https:\/\/www.aq-arium.com\/aqmarine\/wp-content\/uploads\/2014\/12\/IMG_4265.jpg","width":1280,"height":853},{"@type":"BreadcrumbList","@id":"https:\/\/www.aq-arium.com\/aqmarine\/sebas-algae-mower\/#breadcrumb","itemListElement":[{"@type":"ListItem","position":1,"name":"Portada","item":"https:\/\/www.aq-arium.com\/aqmarine\/"},{"@type":"ListItem","position":2,"name":"Sebas Algae Mower"}]},{"@type":"WebSite","@id":"https:\/\/www.aq-arium.com\/aqmarine\/#website","url":"https:\/\/www.aq-arium.com\/aqmarine\/","name":"AQ, Aquarium Solutions","description":"Productos para Acuario Marino y Dulce","publisher":{"@id":"https:\/\/www.aq-arium.com\/aqmarine\/#organization"},"potentialAction":[{"@type":"SearchAction","target":{"@type":"EntryPoint","urlTemplate":"https:\/\/www.aq-arium.com\/aqmarine\/?s={search_term_string}"},"query-input":{"@type":"PropertyValueSpecification","valueRequired":true,"valueName":"search_term_string"}}],"inLanguage":"es-ES"},{"@type":"Organization","@id":"https:\/\/www.aq-arium.com\/aqmarine\/#organization","name":"AQ-arium Solutions","url":"https:\/\/www.aq-arium.com\/aqmarine\/","logo":{"@type":"ImageObject","inLanguage":"es-ES","@id":"https:\/\/www.aq-arium.com\/aqmarine\/#\/schema\/logo\/image\/","url":"https:\/\/www.aq-arium.com\/aqmarine\/wp-content\/uploads\/2021\/08\/AQ-arium-Solutions-logo-100x47px-1.png","contentUrl":"https:\/\/www.aq-arium.com\/aqmarine\/wp-content\/uploads\/2021\/08\/AQ-arium-Solutions-logo-100x47px-1.png","width":100,"height":47,"caption":"AQ-arium Solutions"},"image":{"@id":"https:\/\/www.aq-arium.com\/aqmarine\/#\/schema\/logo\/image\/"},"sameAs":["https:\/\/www.instagram.com\/aq.arium\/","https:\/\/x.com\/AArium56877"]}]}},"jetpack_sharing_enabled":true,"_links":{"self":[{"href":"https:\/\/www.aq-arium.com\/aqmarine\/wp-json\/wp\/v2\/pages\/2150","targetHints":{"allow":["GET"]}}],"collection":[{"href":"https:\/\/www.aq-arium.com\/aqmarine\/wp-json\/wp\/v2\/pages"}],"about":[{"href":"https:\/\/www.aq-arium.com\/aqmarine\/wp-json\/wp\/v2\/types\/page"}],"author":[{"embeddable":true,"href":"https:\/\/www.aq-arium.com\/aqmarine\/wp-json\/wp\/v2\/users\/1"}],"replies":[{"embeddable":true,"href":"https:\/\/www.aq-arium.com\/aqmarine\/wp-json\/wp\/v2\/comments?post=2150"}],"version-history":[{"count":0,"href":"https:\/\/www.aq-arium.com\/aqmarine\/wp-json\/wp\/v2\/pages\/2150\/revisions"}],"wp:attachment":[{"href":"https:\/\/www.aq-arium.com\/aqmarine\/wp-json\/wp\/v2\/media?parent=2150"}],"curies":[{"name":"wp","href":"https:\/\/api.w.org\/{rel}","templated":true}]}}