{"id":2128,"date":"2014-12-16T10:15:10","date_gmt":"2014-12-16T09:15:10","guid":{"rendered":"https:\/\/www.aq-arium.com\/aqmarine\/?page_id=2128"},"modified":"2023-04-27T08:25:00","modified_gmt":"2023-04-27T07:25:00","slug":"aquatronica-acq-cr-120","status":"publish","type":"page","link":"https:\/\/www.aq-arium.com\/aqmarine\/aquatronica-acq-cr-120\/","title":{"rendered":"Aquatronica &#8211; ACQ-CR-120"},"content":{"rendered":"<p><a href=\"https:\/\/www.aq-arium.com\/aqmarine\/aquatronica\/\">Volver a la p\u00e1gina principal de Aquatronica<\/a><img loading=\"lazy\" decoding=\"async\" class=\"alignnone size-full wp-image-1778\" src=\"https:\/\/www.aq-arium.com\/aqmarine\/wp-content\/uploads\/2014\/11\/cabecera.jpg\" alt=\"cabecera\" width=\"1136\" height=\"107\" srcset=\"https:\/\/www.aq-arium.com\/aqmarine\/wp-content\/uploads\/2014\/11\/cabecera.jpg 1136w, https:\/\/www.aq-arium.com\/aqmarine\/wp-content\/uploads\/2014\/11\/cabecera-600x57.jpg 600w, https:\/\/www.aq-arium.com\/aqmarine\/wp-content\/uploads\/2014\/11\/cabecera-300x28.jpg 300w, https:\/\/www.aq-arium.com\/aqmarine\/wp-content\/uploads\/2014\/11\/cabecera-1024x96.jpg 1024w\" sizes=\"auto, (max-width: 1136px) 100vw, 1136px\" \/><\/p>\n<p>Aquatronica ofrece a sus clientes equ\u00edpos t\u00e9nnicos de alta calidad para filtrado.<\/p>\n<p>Los Reactores\u00a0de Aquatronica son muy robustos, se nota en la calidad del material usado.<\/p>\n<p><strong>S\u00f3lido y robusto:<\/strong>\u00a0la mayor parte del reactor se hace con componentes de PVC mecanizadas a partir de bloques s\u00f3lidos y atornillados entre s\u00ed.La ausencia de piezas m\u00f3viles peque\u00f1as da a la estructura de una solidez excelente.<\/p>\n<p><strong>Estanquedad:<\/strong>\u00a0Las conexiones llevan una junta t\u00f3rica para permitir la instalaci\u00f3n r\u00e1pida y segura de sistemas de escape y potencia. Las cubiertas utilizan un sistema de juntas toricas de silicona mientras que las uniones se fortalecen con masilla de alta resistencia n\u00e1utica.<\/p>\n<p><strong>Listo para usar:<\/strong>\u00a0El reactor se suministra listo para su uso, con tubo de carga de agua, tuber\u00eda de drenaje de agua, tuber\u00eda de carga de CO2, contador de burbujas, sonda de ataque PH y funda de silicona para reducir la sonda de PH. (Cilindro y valvula CO2 no incluidos)<\/p>\n<p><strong>Potencia Italiana:<\/strong>\u00a0El modelo de bomba de circulaci\u00f3n Syncra Silent producida por SICCE ofrece un alto rendimiento con consumos de energ\u00eda bajos. La bomba se instala en una posici\u00f3n sumergida para asegurar una operaci\u00f3n silenciosa y peque\u00f1as dimensiones laterales.<\/p>\n<p><strong>Recuperaci\u00f3n integrada de CO2:<\/strong>\u00a0El tubo de recirculaci\u00f3n est\u00e1 instalado en la parte superior de la cubierta c\u00f3nica y tambi\u00e9n realiza la funci\u00f3n de recuperaci\u00f3n de CO2. El sistema de recuperaci\u00f3n de CO2 reduce significativamente el consumo de di\u00f3xido de carbono y limita la emisi\u00f3n de la misma en el acuario.<\/p>\n<div class=\"ctsc-separator  ctsc-separator-\"><div class=\"ctsc-separator-line\"><\/div><div class=\"clear\"><\/div><\/div>\n<div class=\"ctsc-feature  ctsc-feature- ctsc-feature-horizontal\"><div class=\"ctsc-feature-icon\" style=\"\"><span class=\"icon-list\"><\/span><\/div><div class=\"ctsc-feature-body\"><h4 class=\"ctsc-feature-title\">Especificaciones ACQ-CR-120<\/h4><div class=\"ctsc-feature-content\">\n<ul>\n<li>Para acuarios de : 500\u00a0litros<\/li>\n<li>Capacidad de medio : 3\u00a0litro<\/li>\n<li>Consumo : 20W<\/li>\n<li>Dimensi\u00f3n de la base : 13&#215;19 cm<\/li>\n<li>Altura : 57\u00a0cm<\/li>\n<li>Altura con tubos : 61\u00a0cm<\/li>\n<li>Di\u00e1metro del cuerpo : 12\u00a0cm<\/li>\n<li>Bomba Interna<\/li>\n<li>Bomba de Recirculaci\u00f3n : SS 1.5<\/li>\n<li>Adaptador de Corriente : 115V \/ 240V 50~60Hz<\/li>\n<li>Soporte para sondas : 10mm<\/li>\n<\/ul>\n<\/div><\/div><\/div>\n","protected":false},"excerpt":{"rendered":"<p>Volver a la p\u00e1gina principal de Aquatronica Aquatronica ofrece a sus clientes equ\u00edpos t\u00e9nnicos de alta calidad para filtrado. Los Reactores\u00a0de Aquatronica son muy robustos, se nota en la calidad del material usado. S\u00f3lido y robusto:\u00a0la mayor parte del reactor se hace con componentes de PVC mecanizadas a partir de bloques s\u00f3lidos y atornillados entre [&hellip;]<\/p>\n","protected":false},"author":1,"featured_media":0,"parent":0,"menu_order":0,"comment_status":"closed","ping_status":"open","template":"","meta":{"_acf_changed":false,"footnotes":""},"class_list":["post-2128","page","type-page","status-publish","hentry"],"acf":[],"yoast_head":"<!-- This site is optimized with the Yoast SEO plugin v23.9 - https:\/\/yoast.com\/wordpress\/plugins\/seo\/ -->\n<title>Aquatronica - ACQ-CR-120 - AQ, Aquarium Solutions<\/title>\n<meta name=\"robots\" content=\"index, follow, max-snippet:-1, max-image-preview:large, max-video-preview:-1\" \/>\n<link rel=\"canonical\" href=\"https:\/\/www.aq-arium.com\/aqmarine\/aquatronica-acq-cr-120\/\" \/>\n<meta property=\"og:locale\" content=\"es_ES\" \/>\n<meta property=\"og:type\" content=\"article\" \/>\n<meta property=\"og:title\" content=\"Aquatronica - ACQ-CR-120 - AQ, Aquarium Solutions\" \/>\n<meta property=\"og:description\" content=\"Volver a la p\u00e1gina principal de Aquatronica Aquatronica ofrece a sus clientes equ\u00edpos t\u00e9nnicos de alta calidad para filtrado. Los Reactores\u00a0de Aquatronica son muy robustos, se nota en la calidad del material usado. S\u00f3lido y robusto:\u00a0la mayor parte del reactor se hace con componentes de PVC mecanizadas a partir de bloques s\u00f3lidos y atornillados entre [&hellip;]\" \/>\n<meta property=\"og:url\" content=\"https:\/\/www.aq-arium.com\/aqmarine\/aquatronica-acq-cr-120\/\" \/>\n<meta property=\"og:site_name\" content=\"AQ, Aquarium Solutions\" \/>\n<meta property=\"article:publisher\" content=\"https:\/\/www.instagram.com\/aq.arium\/\" \/>\n<meta property=\"article:modified_time\" content=\"2023-04-27T07:25:00+00:00\" \/>\n<meta property=\"og:image\" content=\"https:\/\/www.aq-arium.com\/aqmarine\/wp-content\/uploads\/2014\/11\/cabecera.jpg\" \/>\n<meta name=\"twitter:card\" content=\"summary_large_image\" \/>\n<meta name=\"twitter:site\" content=\"@AArium56877\" \/>\n<meta name=\"twitter:label1\" content=\"Tiempo de lectura\" \/>\n\t<meta name=\"twitter:data1\" content=\"2 minutos\" \/>\n<script type=\"application\/ld+json\" class=\"yoast-schema-graph\">{\"@context\":\"https:\/\/schema.org\",\"@graph\":[{\"@type\":\"WebPage\",\"@id\":\"https:\/\/www.aq-arium.com\/aqmarine\/aquatronica-acq-cr-120\/\",\"url\":\"https:\/\/www.aq-arium.com\/aqmarine\/aquatronica-acq-cr-120\/\",\"name\":\"Aquatronica - ACQ-CR-120 - AQ, Aquarium Solutions\",\"isPartOf\":{\"@id\":\"https:\/\/www.aq-arium.com\/aqmarine\/#website\"},\"primaryImageOfPage\":{\"@id\":\"https:\/\/www.aq-arium.com\/aqmarine\/aquatronica-acq-cr-120\/#primaryimage\"},\"image\":{\"@id\":\"https:\/\/www.aq-arium.com\/aqmarine\/aquatronica-acq-cr-120\/#primaryimage\"},\"thumbnailUrl\":\"https:\/\/www.aq-arium.com\/aqmarine\/wp-content\/uploads\/2014\/11\/cabecera.jpg\",\"datePublished\":\"2014-12-16T09:15:10+00:00\",\"dateModified\":\"2023-04-27T07:25:00+00:00\",\"breadcrumb\":{\"@id\":\"https:\/\/www.aq-arium.com\/aqmarine\/aquatronica-acq-cr-120\/#breadcrumb\"},\"inLanguage\":\"es-ES\",\"potentialAction\":[{\"@type\":\"ReadAction\",\"target\":[\"https:\/\/www.aq-arium.com\/aqmarine\/aquatronica-acq-cr-120\/\"]}]},{\"@type\":\"ImageObject\",\"inLanguage\":\"es-ES\",\"@id\":\"https:\/\/www.aq-arium.com\/aqmarine\/aquatronica-acq-cr-120\/#primaryimage\",\"url\":\"https:\/\/www.aq-arium.com\/aqmarine\/wp-content\/uploads\/2014\/11\/cabecera.jpg\",\"contentUrl\":\"https:\/\/www.aq-arium.com\/aqmarine\/wp-content\/uploads\/2014\/11\/cabecera.jpg\",\"width\":1136,\"height\":107},{\"@type\":\"BreadcrumbList\",\"@id\":\"https:\/\/www.aq-arium.com\/aqmarine\/aquatronica-acq-cr-120\/#breadcrumb\",\"itemListElement\":[{\"@type\":\"ListItem\",\"position\":1,\"name\":\"Portada\",\"item\":\"https:\/\/www.aq-arium.com\/aqmarine\/\"},{\"@type\":\"ListItem\",\"position\":2,\"name\":\"Aquatronica &#8211; ACQ-CR-120\"}]},{\"@type\":\"WebSite\",\"@id\":\"https:\/\/www.aq-arium.com\/aqmarine\/#website\",\"url\":\"https:\/\/www.aq-arium.com\/aqmarine\/\",\"name\":\"AQ, Aquarium Solutions\",\"description\":\"Productos para Acuario Marino y Dulce\",\"publisher\":{\"@id\":\"https:\/\/www.aq-arium.com\/aqmarine\/#organization\"},\"potentialAction\":[{\"@type\":\"SearchAction\",\"target\":{\"@type\":\"EntryPoint\",\"urlTemplate\":\"https:\/\/www.aq-arium.com\/aqmarine\/?s={search_term_string}\"},\"query-input\":{\"@type\":\"PropertyValueSpecification\",\"valueRequired\":true,\"valueName\":\"search_term_string\"}}],\"inLanguage\":\"es-ES\"},{\"@type\":\"Organization\",\"@id\":\"https:\/\/www.aq-arium.com\/aqmarine\/#organization\",\"name\":\"AQ-arium Solutions\",\"url\":\"https:\/\/www.aq-arium.com\/aqmarine\/\",\"logo\":{\"@type\":\"ImageObject\",\"inLanguage\":\"es-ES\",\"@id\":\"https:\/\/www.aq-arium.com\/aqmarine\/#\/schema\/logo\/image\/\",\"url\":\"https:\/\/www.aq-arium.com\/aqmarine\/wp-content\/uploads\/2021\/08\/AQ-arium-Solutions-logo-100x47px-1.png\",\"contentUrl\":\"https:\/\/www.aq-arium.com\/aqmarine\/wp-content\/uploads\/2021\/08\/AQ-arium-Solutions-logo-100x47px-1.png\",\"width\":100,\"height\":47,\"caption\":\"AQ-arium Solutions\"},\"image\":{\"@id\":\"https:\/\/www.aq-arium.com\/aqmarine\/#\/schema\/logo\/image\/\"},\"sameAs\":[\"https:\/\/www.instagram.com\/aq.arium\/\",\"https:\/\/x.com\/AArium56877\"]}]}<\/script>\n<!-- \/ Yoast SEO plugin. -->","yoast_head_json":{"title":"Aquatronica - ACQ-CR-120 - AQ, Aquarium Solutions","robots":{"index":"index","follow":"follow","max-snippet":"max-snippet:-1","max-image-preview":"max-image-preview:large","max-video-preview":"max-video-preview:-1"},"canonical":"https:\/\/www.aq-arium.com\/aqmarine\/aquatronica-acq-cr-120\/","og_locale":"es_ES","og_type":"article","og_title":"Aquatronica - ACQ-CR-120 - AQ, Aquarium Solutions","og_description":"Volver a la p\u00e1gina principal de Aquatronica Aquatronica ofrece a sus clientes equ\u00edpos t\u00e9nnicos de alta calidad para filtrado. Los Reactores\u00a0de Aquatronica son muy robustos, se nota en la calidad del material usado. S\u00f3lido y robusto:\u00a0la mayor parte del reactor se hace con componentes de PVC mecanizadas a partir de bloques s\u00f3lidos y atornillados entre [&hellip;]","og_url":"https:\/\/www.aq-arium.com\/aqmarine\/aquatronica-acq-cr-120\/","og_site_name":"AQ, Aquarium Solutions","article_publisher":"https:\/\/www.instagram.com\/aq.arium\/","article_modified_time":"2023-04-27T07:25:00+00:00","og_image":[{"url":"https:\/\/www.aq-arium.com\/aqmarine\/wp-content\/uploads\/2014\/11\/cabecera.jpg"}],"twitter_card":"summary_large_image","twitter_site":"@AArium56877","twitter_misc":{"Tiempo de lectura":"2 minutos"},"schema":{"@context":"https:\/\/schema.org","@graph":[{"@type":"WebPage","@id":"https:\/\/www.aq-arium.com\/aqmarine\/aquatronica-acq-cr-120\/","url":"https:\/\/www.aq-arium.com\/aqmarine\/aquatronica-acq-cr-120\/","name":"Aquatronica - ACQ-CR-120 - AQ, Aquarium Solutions","isPartOf":{"@id":"https:\/\/www.aq-arium.com\/aqmarine\/#website"},"primaryImageOfPage":{"@id":"https:\/\/www.aq-arium.com\/aqmarine\/aquatronica-acq-cr-120\/#primaryimage"},"image":{"@id":"https:\/\/www.aq-arium.com\/aqmarine\/aquatronica-acq-cr-120\/#primaryimage"},"thumbnailUrl":"https:\/\/www.aq-arium.com\/aqmarine\/wp-content\/uploads\/2014\/11\/cabecera.jpg","datePublished":"2014-12-16T09:15:10+00:00","dateModified":"2023-04-27T07:25:00+00:00","breadcrumb":{"@id":"https:\/\/www.aq-arium.com\/aqmarine\/aquatronica-acq-cr-120\/#breadcrumb"},"inLanguage":"es-ES","potentialAction":[{"@type":"ReadAction","target":["https:\/\/www.aq-arium.com\/aqmarine\/aquatronica-acq-cr-120\/"]}]},{"@type":"ImageObject","inLanguage":"es-ES","@id":"https:\/\/www.aq-arium.com\/aqmarine\/aquatronica-acq-cr-120\/#primaryimage","url":"https:\/\/www.aq-arium.com\/aqmarine\/wp-content\/uploads\/2014\/11\/cabecera.jpg","contentUrl":"https:\/\/www.aq-arium.com\/aqmarine\/wp-content\/uploads\/2014\/11\/cabecera.jpg","width":1136,"height":107},{"@type":"BreadcrumbList","@id":"https:\/\/www.aq-arium.com\/aqmarine\/aquatronica-acq-cr-120\/#breadcrumb","itemListElement":[{"@type":"ListItem","position":1,"name":"Portada","item":"https:\/\/www.aq-arium.com\/aqmarine\/"},{"@type":"ListItem","position":2,"name":"Aquatronica &#8211; ACQ-CR-120"}]},{"@type":"WebSite","@id":"https:\/\/www.aq-arium.com\/aqmarine\/#website","url":"https:\/\/www.aq-arium.com\/aqmarine\/","name":"AQ, Aquarium Solutions","description":"Productos para Acuario Marino y Dulce","publisher":{"@id":"https:\/\/www.aq-arium.com\/aqmarine\/#organization"},"potentialAction":[{"@type":"SearchAction","target":{"@type":"EntryPoint","urlTemplate":"https:\/\/www.aq-arium.com\/aqmarine\/?s={search_term_string}"},"query-input":{"@type":"PropertyValueSpecification","valueRequired":true,"valueName":"search_term_string"}}],"inLanguage":"es-ES"},{"@type":"Organization","@id":"https:\/\/www.aq-arium.com\/aqmarine\/#organization","name":"AQ-arium Solutions","url":"https:\/\/www.aq-arium.com\/aqmarine\/","logo":{"@type":"ImageObject","inLanguage":"es-ES","@id":"https:\/\/www.aq-arium.com\/aqmarine\/#\/schema\/logo\/image\/","url":"https:\/\/www.aq-arium.com\/aqmarine\/wp-content\/uploads\/2021\/08\/AQ-arium-Solutions-logo-100x47px-1.png","contentUrl":"https:\/\/www.aq-arium.com\/aqmarine\/wp-content\/uploads\/2021\/08\/AQ-arium-Solutions-logo-100x47px-1.png","width":100,"height":47,"caption":"AQ-arium Solutions"},"image":{"@id":"https:\/\/www.aq-arium.com\/aqmarine\/#\/schema\/logo\/image\/"},"sameAs":["https:\/\/www.instagram.com\/aq.arium\/","https:\/\/x.com\/AArium56877"]}]}},"jetpack_sharing_enabled":true,"_links":{"self":[{"href":"https:\/\/www.aq-arium.com\/aqmarine\/wp-json\/wp\/v2\/pages\/2128","targetHints":{"allow":["GET"]}}],"collection":[{"href":"https:\/\/www.aq-arium.com\/aqmarine\/wp-json\/wp\/v2\/pages"}],"about":[{"href":"https:\/\/www.aq-arium.com\/aqmarine\/wp-json\/wp\/v2\/types\/page"}],"author":[{"embeddable":true,"href":"https:\/\/www.aq-arium.com\/aqmarine\/wp-json\/wp\/v2\/users\/1"}],"replies":[{"embeddable":true,"href":"https:\/\/www.aq-arium.com\/aqmarine\/wp-json\/wp\/v2\/comments?post=2128"}],"version-history":[{"count":0,"href":"https:\/\/www.aq-arium.com\/aqmarine\/wp-json\/wp\/v2\/pages\/2128\/revisions"}],"wp:attachment":[{"href":"https:\/\/www.aq-arium.com\/aqmarine\/wp-json\/wp\/v2\/media?parent=2128"}],"curies":[{"name":"wp","href":"https:\/\/api.w.org\/{rel}","templated":true}]}}