{"id":1713,"date":"2014-11-18T17:38:54","date_gmt":"2014-11-18T16:38:54","guid":{"rendered":"https:\/\/www.aq-arium.com\/aqmarine\/?page_id=1713"},"modified":"2023-04-27T09:51:40","modified_gmt":"2023-04-27T08:51:40","slug":"dvh-coral-protec","status":"publish","type":"page","link":"https:\/\/www.aq-arium.com\/aqmarine\/acuario-marino\/dvh-coral-protec\/","title":{"rendered":"DVH &#8211; Coral Protec"},"content":{"rendered":"<p><a href=\"https:\/\/www.aq-arium.com\/aqmarine\/dvh\/\">Volver a la p\u00e1gina principal de\u00a0DVH<\/a><\/p>\n<p><span style=\"color: #000000;\"><img loading=\"lazy\" decoding=\"async\" class=\"alignnone wp-image-1712 size-column1-1\/5\" title=\"Coral protect eliminador de gusnaos planos banner\" src=\"https:\/\/www.aq-arium.com\/aqmarine\/wp-content\/uploads\/2014\/08\/IMG_4205-960x192.jpg\" alt=\"Coral protect eliminador de gusnaos planos banner\" width=\"960\" height=\"192\" srcset=\"https:\/\/www.aq-arium.com\/aqmarine\/wp-content\/uploads\/2014\/08\/IMG_4205-960x192.jpg 960w, https:\/\/www.aq-arium.com\/aqmarine\/wp-content\/uploads\/2014\/08\/IMG_4205-480x96.jpg 480w, https:\/\/www.aq-arium.com\/aqmarine\/wp-content\/uploads\/2014\/08\/IMG_4205-320x64.jpg 320w, https:\/\/www.aq-arium.com\/aqmarine\/wp-content\/uploads\/2014\/08\/IMG_4205-240x48.jpg 240w\" sizes=\"auto, (max-width: 960px) 100vw, 960px\" \/><\/span><\/p>\n<p><span style=\"color: #000000;\">Coral Protec es efectivo expulsando los siguientes par\u00e1sitos : Gusanos Planos comedores de acroporas (AEFW), Nudibranquios que se alimentan de montiporas, Ara\u00f1as de los Zoanthus, Gusanos planos Rojos, y tambi\u00e9n funciona muy bien como tratamiento de la Necrosis R\u00e1pida de Tejido (RTN), Necrosis lenta del tejido (STN) e Infecciones Bacterianas. Instrucciones en el interior.<\/span><\/p>\n<p><span style=\"color: #000000;\">[envira-gallery id=&#8221;14880&#8243;]<\/span><\/p>\n<p><span style=\"color: #000000;\">Precauciones :<\/span><\/p>\n<ul>\n<li><span style=\"color: #000000;\">Mant\u00e9ngase fuera del alcance de los ni\u00f1os.<\/span><\/li>\n<li><span style=\"color: #000000;\">Evite el contacto con la piel, use guantes protectores. En caso de contacto, l\u00e1vese las manos con abundante agua.<\/span><\/li>\n<li><span style=\"color: #000000;\">Si se ingiere, lave la boca y beba abundante agua o leche. Consulte con su doctor y muestre la botella \/ instrucciones.<\/span><\/li>\n<li><span style=\"color: #000000;\">Si se produce contacto con los ojos, lave abundantemente la zona afectada con agua fr\u00eda. Consulte a su doctor y muestre la botella \/ instrucciones.<\/span><\/li>\n<\/ul>\n<p><span style=\"color: #000000;\">Recomendaciones de uso :<\/span><\/p>\n<ul>\n<li><span style=\"color: #000000;\">Puede usarse como profil\u00e1ctico (Sin evidencia de enfermedad) o para curar los espec\u00edmenes enfermos.<\/span><\/li>\n<li><span style=\"color: #000000;\">Agite la botella antes de usar. Este producto incluye aceites que precipitan con el tiempo.<\/span><\/li>\n<li><span style=\"color: #000000;\">Nunca a\u00f1ada Coral Protect directamente al acuario.<\/span><\/li>\n<li><span style=\"color: #000000;\">A\u00f1ada 0,5ml (jeringuilla incluida) de Coral Protect por cada Litro de agua del contenedor donde contenga el agua salada del acuario. Mezcle. Para aumentar la efectividad, puede enjuagar con agua dulce. Tenga mucho cuidado en mantener un pH igual al de su acuario cuando haga un enjuagado con agua dulce!<\/span><\/li>\n<li><span style=\"color: #000000;\">Utilice una peque\u00f1a bomba de movimiento para mover el agua del contenedor y emplace el coral en su interior. Si no tiene una bomba de movimiento, agite en\u00e9rgicamente el coral en la soluci\u00f3n.<\/span><\/li>\n<li><span style=\"color: #000000;\">Mantenga el coral en la soluci\u00f3n durante 2~5 minutos, dependiendo de la severidad del problema. Observe el coral durante el tratamiento, si ve alguna evidencia de reacciones adversas, como una jocosidad excesiva, s\u00e1quelo de la soluci\u00f3n.<\/span><\/li>\n<li><span style=\"color: #000000;\">Despu\u00e9s de 2~5 minutos, saque el coral y desheche la muestra. Remoje el coral con agua limpia del acuario y empl\u00e1celo en el acuario.<\/span><\/li>\n<li><span style=\"color: #000000;\">No reutilice la soluci\u00f3n, ya que las cinturas que se han desprendido pueden liberar toxinas.<\/span><\/li>\n<li><span style=\"color: #000000;\">Lave la jeringuilla con agua dulce una vez utilizada.<\/span><\/li>\n<\/ul>\n<p><span style=\"color: #000000;\"><strong>Ingredientes : Soluci\u00f3n acuosa patentada de Cloroxilenol y una mezcla patentada de extractos naturales, no contiene yodo.<\/strong><\/span><\/p>\n<p><iframe loading=\"lazy\" title=\"Eliminando nudibranquios con Coral Protec, toma 1 - TropicalReef.es\" width=\"500\" height=\"281\" src=\"https:\/\/www.youtube.com\/embed\/RP9Owtng9aY?feature=oembed\" frameborder=\"0\" allow=\"accelerometer; autoplay; clipboard-write; encrypted-media; gyroscope; picture-in-picture; web-share\" referrerpolicy=\"strict-origin-when-cross-origin\" allowfullscreen><\/iframe><\/p>\n","protected":false},"excerpt":{"rendered":"<p>Volver a la p\u00e1gina principal de\u00a0DVH Coral Protec es efectivo expulsando los siguientes par\u00e1sitos : Gusanos Planos comedores de acroporas (AEFW), Nudibranquios que se alimentan de montiporas, Ara\u00f1as de los Zoanthus, Gusanos planos Rojos, y tambi\u00e9n funciona muy bien como tratamiento de la Necrosis R\u00e1pida de Tejido (RTN), Necrosis lenta del tejido (STN) e Infecciones [&hellip;]<\/p>\n","protected":false},"author":1,"featured_media":1710,"parent":9115,"menu_order":0,"comment_status":"closed","ping_status":"open","template":"","meta":{"_acf_changed":false,"footnotes":""},"class_list":["post-1713","page","type-page","status-publish","has-post-thumbnail","hentry"],"acf":[],"yoast_head":"<!-- This site is optimized with the Yoast SEO plugin v23.9 - https:\/\/yoast.com\/wordpress\/plugins\/seo\/ -->\n<title>DVH - Coral Protec - AQ, Aquarium Solutions<\/title>\n<meta name=\"robots\" content=\"index, follow, max-snippet:-1, max-image-preview:large, max-video-preview:-1\" \/>\n<link rel=\"canonical\" href=\"https:\/\/www.aq-arium.com\/aqmarine\/acuario-marino\/dvh-coral-protec\/\" \/>\n<meta property=\"og:locale\" content=\"es_ES\" \/>\n<meta property=\"og:type\" content=\"article\" \/>\n<meta property=\"og:title\" content=\"DVH - Coral Protec - AQ, Aquarium Solutions\" \/>\n<meta property=\"og:description\" content=\"Volver a la p\u00e1gina principal de\u00a0DVH Coral Protec es efectivo expulsando los siguientes par\u00e1sitos : Gusanos Planos comedores de acroporas (AEFW), Nudibranquios que se alimentan de montiporas, Ara\u00f1as de los Zoanthus, Gusanos planos Rojos, y tambi\u00e9n funciona muy bien como tratamiento de la Necrosis R\u00e1pida de Tejido (RTN), Necrosis lenta del tejido (STN) e Infecciones [&hellip;]\" \/>\n<meta property=\"og:url\" content=\"https:\/\/www.aq-arium.com\/aqmarine\/acuario-marino\/dvh-coral-protec\/\" \/>\n<meta property=\"og:site_name\" content=\"AQ, Aquarium Solutions\" \/>\n<meta property=\"article:publisher\" content=\"https:\/\/www.instagram.com\/aq.arium\/\" \/>\n<meta property=\"article:modified_time\" content=\"2023-04-27T08:51:40+00:00\" \/>\n<meta property=\"og:image\" content=\"https:\/\/www.aq-arium.com\/aqmarine\/wp-content\/uploads\/2014\/08\/IMG_4203-scaled.jpg\" \/>\n\t<meta property=\"og:image:width\" content=\"2560\" \/>\n\t<meta property=\"og:image:height\" content=\"1707\" \/>\n\t<meta property=\"og:image:type\" content=\"image\/jpeg\" \/>\n<meta name=\"twitter:card\" content=\"summary_large_image\" \/>\n<meta name=\"twitter:site\" content=\"@AArium56877\" \/>\n<meta name=\"twitter:label1\" content=\"Tiempo de lectura\" \/>\n\t<meta name=\"twitter:data1\" content=\"2 minutos\" \/>\n<script type=\"application\/ld+json\" class=\"yoast-schema-graph\">{\"@context\":\"https:\/\/schema.org\",\"@graph\":[{\"@type\":\"WebPage\",\"@id\":\"https:\/\/www.aq-arium.com\/aqmarine\/acuario-marino\/dvh-coral-protec\/\",\"url\":\"https:\/\/www.aq-arium.com\/aqmarine\/acuario-marino\/dvh-coral-protec\/\",\"name\":\"DVH - Coral Protec - AQ, Aquarium Solutions\",\"isPartOf\":{\"@id\":\"https:\/\/www.aq-arium.com\/aqmarine\/#website\"},\"primaryImageOfPage\":{\"@id\":\"https:\/\/www.aq-arium.com\/aqmarine\/acuario-marino\/dvh-coral-protec\/#primaryimage\"},\"image\":{\"@id\":\"https:\/\/www.aq-arium.com\/aqmarine\/acuario-marino\/dvh-coral-protec\/#primaryimage\"},\"thumbnailUrl\":\"https:\/\/www.aq-arium.com\/aqmarine\/wp-content\/uploads\/2014\/08\/IMG_4203-scaled.jpg\",\"datePublished\":\"2014-11-18T16:38:54+00:00\",\"dateModified\":\"2023-04-27T08:51:40+00:00\",\"breadcrumb\":{\"@id\":\"https:\/\/www.aq-arium.com\/aqmarine\/acuario-marino\/dvh-coral-protec\/#breadcrumb\"},\"inLanguage\":\"es-ES\",\"potentialAction\":[{\"@type\":\"ReadAction\",\"target\":[\"https:\/\/www.aq-arium.com\/aqmarine\/acuario-marino\/dvh-coral-protec\/\"]}]},{\"@type\":\"ImageObject\",\"inLanguage\":\"es-ES\",\"@id\":\"https:\/\/www.aq-arium.com\/aqmarine\/acuario-marino\/dvh-coral-protec\/#primaryimage\",\"url\":\"https:\/\/www.aq-arium.com\/aqmarine\/wp-content\/uploads\/2014\/08\/IMG_4203-scaled.jpg\",\"contentUrl\":\"https:\/\/www.aq-arium.com\/aqmarine\/wp-content\/uploads\/2014\/08\/IMG_4203-scaled.jpg\",\"width\":2560,\"height\":1707,\"caption\":\"Coral protect eliminador de gusanos planos\"},{\"@type\":\"BreadcrumbList\",\"@id\":\"https:\/\/www.aq-arium.com\/aqmarine\/acuario-marino\/dvh-coral-protec\/#breadcrumb\",\"itemListElement\":[{\"@type\":\"ListItem\",\"position\":1,\"name\":\"Portada\",\"item\":\"https:\/\/www.aq-arium.com\/aqmarine\/\"},{\"@type\":\"ListItem\",\"position\":2,\"name\":\"ACUARIO MARINO\",\"item\":\"https:\/\/www.aq-arium.com\/aqmarine\/acuario-marino\/\"},{\"@type\":\"ListItem\",\"position\":3,\"name\":\"DVH &#8211; Coral Protec\"}]},{\"@type\":\"WebSite\",\"@id\":\"https:\/\/www.aq-arium.com\/aqmarine\/#website\",\"url\":\"https:\/\/www.aq-arium.com\/aqmarine\/\",\"name\":\"AQ, Aquarium Solutions\",\"description\":\"Productos para Acuario Marino y Dulce\",\"publisher\":{\"@id\":\"https:\/\/www.aq-arium.com\/aqmarine\/#organization\"},\"potentialAction\":[{\"@type\":\"SearchAction\",\"target\":{\"@type\":\"EntryPoint\",\"urlTemplate\":\"https:\/\/www.aq-arium.com\/aqmarine\/?s={search_term_string}\"},\"query-input\":{\"@type\":\"PropertyValueSpecification\",\"valueRequired\":true,\"valueName\":\"search_term_string\"}}],\"inLanguage\":\"es-ES\"},{\"@type\":\"Organization\",\"@id\":\"https:\/\/www.aq-arium.com\/aqmarine\/#organization\",\"name\":\"AQ-arium Solutions\",\"url\":\"https:\/\/www.aq-arium.com\/aqmarine\/\",\"logo\":{\"@type\":\"ImageObject\",\"inLanguage\":\"es-ES\",\"@id\":\"https:\/\/www.aq-arium.com\/aqmarine\/#\/schema\/logo\/image\/\",\"url\":\"https:\/\/www.aq-arium.com\/aqmarine\/wp-content\/uploads\/2021\/08\/AQ-arium-Solutions-logo-100x47px-1.png\",\"contentUrl\":\"https:\/\/www.aq-arium.com\/aqmarine\/wp-content\/uploads\/2021\/08\/AQ-arium-Solutions-logo-100x47px-1.png\",\"width\":100,\"height\":47,\"caption\":\"AQ-arium Solutions\"},\"image\":{\"@id\":\"https:\/\/www.aq-arium.com\/aqmarine\/#\/schema\/logo\/image\/\"},\"sameAs\":[\"https:\/\/www.instagram.com\/aq.arium\/\",\"https:\/\/x.com\/AArium56877\"]}]}<\/script>\n<!-- \/ Yoast SEO plugin. -->","yoast_head_json":{"title":"DVH - Coral Protec - AQ, Aquarium Solutions","robots":{"index":"index","follow":"follow","max-snippet":"max-snippet:-1","max-image-preview":"max-image-preview:large","max-video-preview":"max-video-preview:-1"},"canonical":"https:\/\/www.aq-arium.com\/aqmarine\/acuario-marino\/dvh-coral-protec\/","og_locale":"es_ES","og_type":"article","og_title":"DVH - Coral Protec - AQ, Aquarium Solutions","og_description":"Volver a la p\u00e1gina principal de\u00a0DVH Coral Protec es efectivo expulsando los siguientes par\u00e1sitos : Gusanos Planos comedores de acroporas (AEFW), Nudibranquios que se alimentan de montiporas, Ara\u00f1as de los Zoanthus, Gusanos planos Rojos, y tambi\u00e9n funciona muy bien como tratamiento de la Necrosis R\u00e1pida de Tejido (RTN), Necrosis lenta del tejido (STN) e Infecciones [&hellip;]","og_url":"https:\/\/www.aq-arium.com\/aqmarine\/acuario-marino\/dvh-coral-protec\/","og_site_name":"AQ, Aquarium Solutions","article_publisher":"https:\/\/www.instagram.com\/aq.arium\/","article_modified_time":"2023-04-27T08:51:40+00:00","og_image":[{"width":2560,"height":1707,"url":"https:\/\/www.aq-arium.com\/aqmarine\/wp-content\/uploads\/2014\/08\/IMG_4203-scaled.jpg","type":"image\/jpeg"}],"twitter_card":"summary_large_image","twitter_site":"@AArium56877","twitter_misc":{"Tiempo de lectura":"2 minutos"},"schema":{"@context":"https:\/\/schema.org","@graph":[{"@type":"WebPage","@id":"https:\/\/www.aq-arium.com\/aqmarine\/acuario-marino\/dvh-coral-protec\/","url":"https:\/\/www.aq-arium.com\/aqmarine\/acuario-marino\/dvh-coral-protec\/","name":"DVH - Coral Protec - AQ, Aquarium Solutions","isPartOf":{"@id":"https:\/\/www.aq-arium.com\/aqmarine\/#website"},"primaryImageOfPage":{"@id":"https:\/\/www.aq-arium.com\/aqmarine\/acuario-marino\/dvh-coral-protec\/#primaryimage"},"image":{"@id":"https:\/\/www.aq-arium.com\/aqmarine\/acuario-marino\/dvh-coral-protec\/#primaryimage"},"thumbnailUrl":"https:\/\/www.aq-arium.com\/aqmarine\/wp-content\/uploads\/2014\/08\/IMG_4203-scaled.jpg","datePublished":"2014-11-18T16:38:54+00:00","dateModified":"2023-04-27T08:51:40+00:00","breadcrumb":{"@id":"https:\/\/www.aq-arium.com\/aqmarine\/acuario-marino\/dvh-coral-protec\/#breadcrumb"},"inLanguage":"es-ES","potentialAction":[{"@type":"ReadAction","target":["https:\/\/www.aq-arium.com\/aqmarine\/acuario-marino\/dvh-coral-protec\/"]}]},{"@type":"ImageObject","inLanguage":"es-ES","@id":"https:\/\/www.aq-arium.com\/aqmarine\/acuario-marino\/dvh-coral-protec\/#primaryimage","url":"https:\/\/www.aq-arium.com\/aqmarine\/wp-content\/uploads\/2014\/08\/IMG_4203-scaled.jpg","contentUrl":"https:\/\/www.aq-arium.com\/aqmarine\/wp-content\/uploads\/2014\/08\/IMG_4203-scaled.jpg","width":2560,"height":1707,"caption":"Coral protect eliminador de gusanos planos"},{"@type":"BreadcrumbList","@id":"https:\/\/www.aq-arium.com\/aqmarine\/acuario-marino\/dvh-coral-protec\/#breadcrumb","itemListElement":[{"@type":"ListItem","position":1,"name":"Portada","item":"https:\/\/www.aq-arium.com\/aqmarine\/"},{"@type":"ListItem","position":2,"name":"ACUARIO MARINO","item":"https:\/\/www.aq-arium.com\/aqmarine\/acuario-marino\/"},{"@type":"ListItem","position":3,"name":"DVH &#8211; Coral Protec"}]},{"@type":"WebSite","@id":"https:\/\/www.aq-arium.com\/aqmarine\/#website","url":"https:\/\/www.aq-arium.com\/aqmarine\/","name":"AQ, Aquarium Solutions","description":"Productos para Acuario Marino y Dulce","publisher":{"@id":"https:\/\/www.aq-arium.com\/aqmarine\/#organization"},"potentialAction":[{"@type":"SearchAction","target":{"@type":"EntryPoint","urlTemplate":"https:\/\/www.aq-arium.com\/aqmarine\/?s={search_term_string}"},"query-input":{"@type":"PropertyValueSpecification","valueRequired":true,"valueName":"search_term_string"}}],"inLanguage":"es-ES"},{"@type":"Organization","@id":"https:\/\/www.aq-arium.com\/aqmarine\/#organization","name":"AQ-arium Solutions","url":"https:\/\/www.aq-arium.com\/aqmarine\/","logo":{"@type":"ImageObject","inLanguage":"es-ES","@id":"https:\/\/www.aq-arium.com\/aqmarine\/#\/schema\/logo\/image\/","url":"https:\/\/www.aq-arium.com\/aqmarine\/wp-content\/uploads\/2021\/08\/AQ-arium-Solutions-logo-100x47px-1.png","contentUrl":"https:\/\/www.aq-arium.com\/aqmarine\/wp-content\/uploads\/2021\/08\/AQ-arium-Solutions-logo-100x47px-1.png","width":100,"height":47,"caption":"AQ-arium Solutions"},"image":{"@id":"https:\/\/www.aq-arium.com\/aqmarine\/#\/schema\/logo\/image\/"},"sameAs":["https:\/\/www.instagram.com\/aq.arium\/","https:\/\/x.com\/AArium56877"]}]}},"jetpack_sharing_enabled":true,"_links":{"self":[{"href":"https:\/\/www.aq-arium.com\/aqmarine\/wp-json\/wp\/v2\/pages\/1713","targetHints":{"allow":["GET"]}}],"collection":[{"href":"https:\/\/www.aq-arium.com\/aqmarine\/wp-json\/wp\/v2\/pages"}],"about":[{"href":"https:\/\/www.aq-arium.com\/aqmarine\/wp-json\/wp\/v2\/types\/page"}],"author":[{"embeddable":true,"href":"https:\/\/www.aq-arium.com\/aqmarine\/wp-json\/wp\/v2\/users\/1"}],"replies":[{"embeddable":true,"href":"https:\/\/www.aq-arium.com\/aqmarine\/wp-json\/wp\/v2\/comments?post=1713"}],"version-history":[{"count":0,"href":"https:\/\/www.aq-arium.com\/aqmarine\/wp-json\/wp\/v2\/pages\/1713\/revisions"}],"up":[{"embeddable":true,"href":"https:\/\/www.aq-arium.com\/aqmarine\/wp-json\/wp\/v2\/pages\/9115"}],"wp:featuredmedia":[{"embeddable":true,"href":"https:\/\/www.aq-arium.com\/aqmarine\/wp-json\/wp\/v2\/media\/1710"}],"wp:attachment":[{"href":"https:\/\/www.aq-arium.com\/aqmarine\/wp-json\/wp\/v2\/media?parent=1713"}],"curies":[{"name":"wp","href":"https:\/\/api.w.org\/{rel}","templated":true}]}}