{"id":14149,"date":"2020-09-07T09:12:39","date_gmt":"2020-09-07T08:12:39","guid":{"rendered":"https:\/\/www.aq-arium.com\/aqmarine\/?page_id=14149"},"modified":"2021-01-12T12:27:11","modified_gmt":"2021-01-12T11:27:11","slug":"ph-meter","status":"publish","type":"page","link":"https:\/\/www.aq-arium.com\/aqmarine\/acuario-marino\/ph-meter\/","title":{"rendered":"pH Meter"},"content":{"rendered":"<p><span style=\"color: #000000;\"><img loading=\"lazy\" decoding=\"async\" class=\"alignnone size-full wp-image-14150\" src=\"https:\/\/www.aq-arium.com\/aqmarine\/wp-content\/uploads\/2020\/09\/toph.jpg\" alt=\"toph\" width=\"1920\" height=\"820\" srcset=\"https:\/\/www.aq-arium.com\/aqmarine\/wp-content\/uploads\/2020\/09\/toph.jpg 1920w, https:\/\/www.aq-arium.com\/aqmarine\/wp-content\/uploads\/2020\/09\/toph-600x256.jpg 600w, https:\/\/www.aq-arium.com\/aqmarine\/wp-content\/uploads\/2020\/09\/toph-300x128.jpg 300w, https:\/\/www.aq-arium.com\/aqmarine\/wp-content\/uploads\/2020\/09\/toph-1024x437.jpg 1024w\" sizes=\"auto, (max-width: 1920px) 100vw, 1920px\" \/><\/span><\/p>\n<p><iframe loading=\"lazy\" title=\"pH Meter - Controlador de pH inteligente\" width=\"500\" height=\"281\" src=\"https:\/\/www.youtube.com\/embed\/YMwEEiZUeso?feature=oembed\" frameborder=\"0\" allow=\"accelerometer; autoplay; clipboard-write; encrypted-media; gyroscope; picture-in-picture; web-share\" referrerpolicy=\"strict-origin-when-cross-origin\" allowfullscreen><\/iframe><\/p>\n<h2><span style=\"color: #000000;\"><strong>PH METER<\/strong><\/span><\/h2>\n<p><span style=\"color: #000000;\">pH meter es un dispositivo que monitoriza el nivel de pH de tu acuario marino las 24 horas, 7 d\u00edas a la semana. Consulta el nivel de pH de tu acuarioen cualquier momento desde tu port\u00e1til, tableta o m\u00f3vil.<\/span><\/p>\n<p><span style=\"color: #000000;\">Si el pH se sale de un rango especificado, recibir\u00e1s al instante un mensaje de texto\/notificaci\u00f3n push\/e-mail.<\/span><\/p>\n<p><span style=\"color: #000000;\">Con su precisi\u00f3n, calidad y moderna tecnolog\u00eda, el pH meter no tiene rival en el mercado.<\/span><\/p>\n<p><span style=\"color: #000000;\"><img loading=\"lazy\" decoding=\"async\" class=\"alignnone wp-image-17997 size-full\" src=\"https:\/\/www.aq-arium.com\/aqmarine\/wp-content\/uploads\/2020\/12\/Movil.jpg\" alt=\"M\u00f3vil pH meter\" width=\"832\" height=\"426\" srcset=\"https:\/\/www.aq-arium.com\/aqmarine\/wp-content\/uploads\/2020\/12\/Movil.jpg 832w, https:\/\/www.aq-arium.com\/aqmarine\/wp-content\/uploads\/2020\/12\/Movil-600x307.jpg 600w, https:\/\/www.aq-arium.com\/aqmarine\/wp-content\/uploads\/2020\/12\/Movil-300x154.jpg 300w, https:\/\/www.aq-arium.com\/aqmarine\/wp-content\/uploads\/2020\/12\/Movil-768x393.jpg 768w\" sizes=\"auto, (max-width: 832px) 100vw, 832px\" \/><\/span><\/p>\n<h3><span style=\"color: #000000;\"><strong>Panel de administraci\u00f3n de dispositivos moderno y f\u00e1cil de usar<\/strong><\/span><\/h3>\n<p><span style=\"color: #000000;\">Control de dispositivos f\u00e1cil y c\u00f3modo. Mediante aplicaci\u00f3n para m\u00f3vil, navegador en ordenador o p\u00e1gina online.<\/span><\/p>\n","protected":false},"excerpt":{"rendered":"<p>PH METER pH meter es un dispositivo que monitoriza el nivel de pH de tu acuario marino las 24 horas, 7 d\u00edas a la semana. Consulta el nivel de pH de tu acuarioen cualquier momento desde tu port\u00e1til, tableta o m\u00f3vil. Si el pH se sale de un rango especificado, recibir\u00e1s al instante un mensaje [&hellip;]<\/p>\n","protected":false},"author":1,"featured_media":18536,"parent":9115,"menu_order":0,"comment_status":"closed","ping_status":"closed","template":"","meta":{"_acf_changed":false,"footnotes":""},"class_list":["post-14149","page","type-page","status-publish","has-post-thumbnail","hentry"],"acf":[],"yoast_head":"<!-- This site is optimized with the Yoast SEO plugin v23.9 - https:\/\/yoast.com\/wordpress\/plugins\/seo\/ -->\n<title>pH Meter - AQ, Aquarium Solutions<\/title>\n<meta name=\"robots\" content=\"index, follow, max-snippet:-1, max-image-preview:large, max-video-preview:-1\" \/>\n<link rel=\"canonical\" href=\"https:\/\/www.aq-arium.com\/aqmarine\/acuario-marino\/ph-meter\/\" \/>\n<meta property=\"og:locale\" content=\"es_ES\" \/>\n<meta property=\"og:type\" content=\"article\" \/>\n<meta property=\"og:title\" content=\"pH Meter - AQ, Aquarium Solutions\" \/>\n<meta property=\"og:description\" content=\"PH METER pH meter es un dispositivo que monitoriza el nivel de pH de tu acuario marino las 24 horas, 7 d\u00edas a la semana. Consulta el nivel de pH de tu acuarioen cualquier momento desde tu port\u00e1til, tableta o m\u00f3vil. Si el pH se sale de un rango especificado, recibir\u00e1s al instante un mensaje [&hellip;]\" \/>\n<meta property=\"og:url\" content=\"https:\/\/www.aq-arium.com\/aqmarine\/acuario-marino\/ph-meter\/\" \/>\n<meta property=\"og:site_name\" content=\"AQ, Aquarium Solutions\" \/>\n<meta property=\"article:publisher\" content=\"https:\/\/www.instagram.com\/aq.arium\/\" \/>\n<meta property=\"article:modified_time\" content=\"2021-01-12T11:27:11+00:00\" \/>\n<meta property=\"og:image\" content=\"https:\/\/www.aq-arium.com\/aqmarine\/wp-content\/uploads\/2021\/01\/PH-METER.jpg\" \/>\n\t<meta property=\"og:image:width\" content=\"250\" \/>\n\t<meta property=\"og:image:height\" content=\"250\" \/>\n\t<meta property=\"og:image:type\" content=\"image\/jpeg\" \/>\n<meta name=\"twitter:card\" content=\"summary_large_image\" \/>\n<meta name=\"twitter:site\" content=\"@AArium56877\" \/>\n<meta name=\"twitter:label1\" content=\"Tiempo de lectura\" \/>\n\t<meta name=\"twitter:data1\" content=\"1 minuto\" \/>\n<script type=\"application\/ld+json\" class=\"yoast-schema-graph\">{\"@context\":\"https:\/\/schema.org\",\"@graph\":[{\"@type\":\"WebPage\",\"@id\":\"https:\/\/www.aq-arium.com\/aqmarine\/acuario-marino\/ph-meter\/\",\"url\":\"https:\/\/www.aq-arium.com\/aqmarine\/acuario-marino\/ph-meter\/\",\"name\":\"pH Meter - AQ, Aquarium Solutions\",\"isPartOf\":{\"@id\":\"https:\/\/www.aq-arium.com\/aqmarine\/#website\"},\"primaryImageOfPage\":{\"@id\":\"https:\/\/www.aq-arium.com\/aqmarine\/acuario-marino\/ph-meter\/#primaryimage\"},\"image\":{\"@id\":\"https:\/\/www.aq-arium.com\/aqmarine\/acuario-marino\/ph-meter\/#primaryimage\"},\"thumbnailUrl\":\"https:\/\/www.aq-arium.com\/aqmarine\/wp-content\/uploads\/2021\/01\/PH-METER.jpg\",\"datePublished\":\"2020-09-07T08:12:39+00:00\",\"dateModified\":\"2021-01-12T11:27:11+00:00\",\"breadcrumb\":{\"@id\":\"https:\/\/www.aq-arium.com\/aqmarine\/acuario-marino\/ph-meter\/#breadcrumb\"},\"inLanguage\":\"es-ES\",\"potentialAction\":[{\"@type\":\"ReadAction\",\"target\":[\"https:\/\/www.aq-arium.com\/aqmarine\/acuario-marino\/ph-meter\/\"]}]},{\"@type\":\"ImageObject\",\"inLanguage\":\"es-ES\",\"@id\":\"https:\/\/www.aq-arium.com\/aqmarine\/acuario-marino\/ph-meter\/#primaryimage\",\"url\":\"https:\/\/www.aq-arium.com\/aqmarine\/wp-content\/uploads\/2021\/01\/PH-METER.jpg\",\"contentUrl\":\"https:\/\/www.aq-arium.com\/aqmarine\/wp-content\/uploads\/2021\/01\/PH-METER.jpg\",\"width\":250,\"height\":250,\"caption\":\"PH METER\"},{\"@type\":\"BreadcrumbList\",\"@id\":\"https:\/\/www.aq-arium.com\/aqmarine\/acuario-marino\/ph-meter\/#breadcrumb\",\"itemListElement\":[{\"@type\":\"ListItem\",\"position\":1,\"name\":\"Portada\",\"item\":\"https:\/\/www.aq-arium.com\/aqmarine\/\"},{\"@type\":\"ListItem\",\"position\":2,\"name\":\"ACUARIO MARINO\",\"item\":\"https:\/\/www.aq-arium.com\/aqmarine\/acuario-marino\/\"},{\"@type\":\"ListItem\",\"position\":3,\"name\":\"pH Meter\"}]},{\"@type\":\"WebSite\",\"@id\":\"https:\/\/www.aq-arium.com\/aqmarine\/#website\",\"url\":\"https:\/\/www.aq-arium.com\/aqmarine\/\",\"name\":\"AQ, Aquarium Solutions\",\"description\":\"Productos para Acuario Marino y Dulce\",\"publisher\":{\"@id\":\"https:\/\/www.aq-arium.com\/aqmarine\/#organization\"},\"potentialAction\":[{\"@type\":\"SearchAction\",\"target\":{\"@type\":\"EntryPoint\",\"urlTemplate\":\"https:\/\/www.aq-arium.com\/aqmarine\/?s={search_term_string}\"},\"query-input\":{\"@type\":\"PropertyValueSpecification\",\"valueRequired\":true,\"valueName\":\"search_term_string\"}}],\"inLanguage\":\"es-ES\"},{\"@type\":\"Organization\",\"@id\":\"https:\/\/www.aq-arium.com\/aqmarine\/#organization\",\"name\":\"AQ-arium Solutions\",\"url\":\"https:\/\/www.aq-arium.com\/aqmarine\/\",\"logo\":{\"@type\":\"ImageObject\",\"inLanguage\":\"es-ES\",\"@id\":\"https:\/\/www.aq-arium.com\/aqmarine\/#\/schema\/logo\/image\/\",\"url\":\"https:\/\/www.aq-arium.com\/aqmarine\/wp-content\/uploads\/2021\/08\/AQ-arium-Solutions-logo-100x47px-1.png\",\"contentUrl\":\"https:\/\/www.aq-arium.com\/aqmarine\/wp-content\/uploads\/2021\/08\/AQ-arium-Solutions-logo-100x47px-1.png\",\"width\":100,\"height\":47,\"caption\":\"AQ-arium Solutions\"},\"image\":{\"@id\":\"https:\/\/www.aq-arium.com\/aqmarine\/#\/schema\/logo\/image\/\"},\"sameAs\":[\"https:\/\/www.instagram.com\/aq.arium\/\",\"https:\/\/x.com\/AArium56877\"]}]}<\/script>\n<!-- \/ Yoast SEO plugin. -->","yoast_head_json":{"title":"pH Meter - AQ, Aquarium Solutions","robots":{"index":"index","follow":"follow","max-snippet":"max-snippet:-1","max-image-preview":"max-image-preview:large","max-video-preview":"max-video-preview:-1"},"canonical":"https:\/\/www.aq-arium.com\/aqmarine\/acuario-marino\/ph-meter\/","og_locale":"es_ES","og_type":"article","og_title":"pH Meter - AQ, Aquarium Solutions","og_description":"PH METER pH meter es un dispositivo que monitoriza el nivel de pH de tu acuario marino las 24 horas, 7 d\u00edas a la semana. Consulta el nivel de pH de tu acuarioen cualquier momento desde tu port\u00e1til, tableta o m\u00f3vil. Si el pH se sale de un rango especificado, recibir\u00e1s al instante un mensaje [&hellip;]","og_url":"https:\/\/www.aq-arium.com\/aqmarine\/acuario-marino\/ph-meter\/","og_site_name":"AQ, Aquarium Solutions","article_publisher":"https:\/\/www.instagram.com\/aq.arium\/","article_modified_time":"2021-01-12T11:27:11+00:00","og_image":[{"width":250,"height":250,"url":"https:\/\/www.aq-arium.com\/aqmarine\/wp-content\/uploads\/2021\/01\/PH-METER.jpg","type":"image\/jpeg"}],"twitter_card":"summary_large_image","twitter_site":"@AArium56877","twitter_misc":{"Tiempo de lectura":"1 minuto"},"schema":{"@context":"https:\/\/schema.org","@graph":[{"@type":"WebPage","@id":"https:\/\/www.aq-arium.com\/aqmarine\/acuario-marino\/ph-meter\/","url":"https:\/\/www.aq-arium.com\/aqmarine\/acuario-marino\/ph-meter\/","name":"pH Meter - AQ, Aquarium Solutions","isPartOf":{"@id":"https:\/\/www.aq-arium.com\/aqmarine\/#website"},"primaryImageOfPage":{"@id":"https:\/\/www.aq-arium.com\/aqmarine\/acuario-marino\/ph-meter\/#primaryimage"},"image":{"@id":"https:\/\/www.aq-arium.com\/aqmarine\/acuario-marino\/ph-meter\/#primaryimage"},"thumbnailUrl":"https:\/\/www.aq-arium.com\/aqmarine\/wp-content\/uploads\/2021\/01\/PH-METER.jpg","datePublished":"2020-09-07T08:12:39+00:00","dateModified":"2021-01-12T11:27:11+00:00","breadcrumb":{"@id":"https:\/\/www.aq-arium.com\/aqmarine\/acuario-marino\/ph-meter\/#breadcrumb"},"inLanguage":"es-ES","potentialAction":[{"@type":"ReadAction","target":["https:\/\/www.aq-arium.com\/aqmarine\/acuario-marino\/ph-meter\/"]}]},{"@type":"ImageObject","inLanguage":"es-ES","@id":"https:\/\/www.aq-arium.com\/aqmarine\/acuario-marino\/ph-meter\/#primaryimage","url":"https:\/\/www.aq-arium.com\/aqmarine\/wp-content\/uploads\/2021\/01\/PH-METER.jpg","contentUrl":"https:\/\/www.aq-arium.com\/aqmarine\/wp-content\/uploads\/2021\/01\/PH-METER.jpg","width":250,"height":250,"caption":"PH METER"},{"@type":"BreadcrumbList","@id":"https:\/\/www.aq-arium.com\/aqmarine\/acuario-marino\/ph-meter\/#breadcrumb","itemListElement":[{"@type":"ListItem","position":1,"name":"Portada","item":"https:\/\/www.aq-arium.com\/aqmarine\/"},{"@type":"ListItem","position":2,"name":"ACUARIO MARINO","item":"https:\/\/www.aq-arium.com\/aqmarine\/acuario-marino\/"},{"@type":"ListItem","position":3,"name":"pH Meter"}]},{"@type":"WebSite","@id":"https:\/\/www.aq-arium.com\/aqmarine\/#website","url":"https:\/\/www.aq-arium.com\/aqmarine\/","name":"AQ, Aquarium Solutions","description":"Productos para Acuario Marino y Dulce","publisher":{"@id":"https:\/\/www.aq-arium.com\/aqmarine\/#organization"},"potentialAction":[{"@type":"SearchAction","target":{"@type":"EntryPoint","urlTemplate":"https:\/\/www.aq-arium.com\/aqmarine\/?s={search_term_string}"},"query-input":{"@type":"PropertyValueSpecification","valueRequired":true,"valueName":"search_term_string"}}],"inLanguage":"es-ES"},{"@type":"Organization","@id":"https:\/\/www.aq-arium.com\/aqmarine\/#organization","name":"AQ-arium Solutions","url":"https:\/\/www.aq-arium.com\/aqmarine\/","logo":{"@type":"ImageObject","inLanguage":"es-ES","@id":"https:\/\/www.aq-arium.com\/aqmarine\/#\/schema\/logo\/image\/","url":"https:\/\/www.aq-arium.com\/aqmarine\/wp-content\/uploads\/2021\/08\/AQ-arium-Solutions-logo-100x47px-1.png","contentUrl":"https:\/\/www.aq-arium.com\/aqmarine\/wp-content\/uploads\/2021\/08\/AQ-arium-Solutions-logo-100x47px-1.png","width":100,"height":47,"caption":"AQ-arium Solutions"},"image":{"@id":"https:\/\/www.aq-arium.com\/aqmarine\/#\/schema\/logo\/image\/"},"sameAs":["https:\/\/www.instagram.com\/aq.arium\/","https:\/\/x.com\/AArium56877"]}]}},"jetpack_sharing_enabled":true,"_links":{"self":[{"href":"https:\/\/www.aq-arium.com\/aqmarine\/wp-json\/wp\/v2\/pages\/14149","targetHints":{"allow":["GET"]}}],"collection":[{"href":"https:\/\/www.aq-arium.com\/aqmarine\/wp-json\/wp\/v2\/pages"}],"about":[{"href":"https:\/\/www.aq-arium.com\/aqmarine\/wp-json\/wp\/v2\/types\/page"}],"author":[{"embeddable":true,"href":"https:\/\/www.aq-arium.com\/aqmarine\/wp-json\/wp\/v2\/users\/1"}],"replies":[{"embeddable":true,"href":"https:\/\/www.aq-arium.com\/aqmarine\/wp-json\/wp\/v2\/comments?post=14149"}],"version-history":[{"count":0,"href":"https:\/\/www.aq-arium.com\/aqmarine\/wp-json\/wp\/v2\/pages\/14149\/revisions"}],"up":[{"embeddable":true,"href":"https:\/\/www.aq-arium.com\/aqmarine\/wp-json\/wp\/v2\/pages\/9115"}],"wp:featuredmedia":[{"embeddable":true,"href":"https:\/\/www.aq-arium.com\/aqmarine\/wp-json\/wp\/v2\/media\/18536"}],"wp:attachment":[{"href":"https:\/\/www.aq-arium.com\/aqmarine\/wp-json\/wp\/v2\/media?parent=14149"}],"curies":[{"name":"wp","href":"https:\/\/api.w.org\/{rel}","templated":true}]}}