{"id":12961,"date":"2020-03-27T10:55:05","date_gmt":"2020-03-27T09:55:05","guid":{"rendered":"https:\/\/www.aq-arium.com\/aqmarine\/?page_id=12961"},"modified":"2023-04-27T08:34:47","modified_gmt":"2023-04-27T07:34:47","slug":"profesional-test-kit-po4-kh-ca","status":"publish","type":"page","link":"https:\/\/www.aq-arium.com\/aqmarine\/acuario-marino\/profesional-test-kit-po4-kh-ca\/","title":{"rendered":"Profesional Test Kit de ATI: Po4, kH, Ca"},"content":{"rendered":"<p><a href=\"https:\/\/www.aq-arium.com\/aqmarine\/ati\/\">Volver a la p\u00e1gina principal de ATI<\/a><\/p>\n<h2><span style=\"color: #000000;\"><strong>Profesional Test Kit: Po4, kH, Ca<\/strong><\/span><\/h2>\n<p><span style=\"color: #000000;\">Como uno de los principales laboratorios de an\u00e1lisis de agua de mar, nuestro objetivo era desarrollar una soluci\u00f3n profesional para el control directo de los par\u00e1metros m\u00e1s importantes del acuario. Los nuevos kits de prueba ATI est\u00e1n hechos para el acuarista sofisticado, que conoce el valor de la mayor precisi\u00f3n y la facilidad de manejo.<\/span><\/p>\n<h2 style=\"text-align: center;\"><span style=\"color: #000000;\"><strong>KH \/ Alcalinidad<\/strong><\/span><\/h2>\n<p><span style=\"color: #000000;\"><a style=\"color: #000000;\" href=\"https:\/\/www.aq-arium.com\/aqmarine\/wp-content\/uploads\/2018\/09\/KH-us.png\"><img loading=\"lazy\" decoding=\"async\" class=\"wp-image-7166 aligncenter\" src=\"https:\/\/www.aq-arium.com\/aqmarine\/wp-content\/uploads\/2018\/09\/KH-us.png\" alt=\"KH-us\" width=\"500\" height=\"501\" srcset=\"https:\/\/www.aq-arium.com\/aqmarine\/wp-content\/uploads\/2018\/09\/KH-us.png 2500w, https:\/\/www.aq-arium.com\/aqmarine\/wp-content\/uploads\/2018\/09\/KH-us-300x300.png 300w, https:\/\/www.aq-arium.com\/aqmarine\/wp-content\/uploads\/2018\/09\/KH-us-100x100.png 100w, https:\/\/www.aq-arium.com\/aqmarine\/wp-content\/uploads\/2018\/09\/KH-us-600x600.png 600w, https:\/\/www.aq-arium.com\/aqmarine\/wp-content\/uploads\/2018\/09\/KH-us-150x150.png 150w, https:\/\/www.aq-arium.com\/aqmarine\/wp-content\/uploads\/2018\/09\/KH-us-1024x1024.png 1024w, https:\/\/www.aq-arium.com\/aqmarine\/wp-content\/uploads\/2018\/09\/KH-us-50x50.png 50w, https:\/\/www.aq-arium.com\/aqmarine\/wp-content\/uploads\/2018\/09\/KH-us-960x960.png 960w, https:\/\/www.aq-arium.com\/aqmarine\/wp-content\/uploads\/2018\/09\/KH-us-480x480.png 480w, https:\/\/www.aq-arium.com\/aqmarine\/wp-content\/uploads\/2018\/09\/KH-us-320x320.png 320w, https:\/\/www.aq-arium.com\/aqmarine\/wp-content\/uploads\/2018\/09\/KH-us-240x240.png 240w\" sizes=\"auto, (max-width: 500px) 100vw, 500px\" \/><\/a><\/span><\/p>\n<p><span style=\"color: #000000;\"><img loading=\"lazy\" decoding=\"async\" class=\"wp-image-7165 aligncenter\" src=\"https:\/\/www.aq-arium.com\/aqmarine\/wp-content\/uploads\/2018\/09\/KH-Koffer-offen-new-3.png\" alt=\"KH-Koffer-offen-new-3\" width=\"644\" height=\"362\" srcset=\"https:\/\/www.aq-arium.com\/aqmarine\/wp-content\/uploads\/2018\/09\/KH-Koffer-offen-new-3.png 1600w, https:\/\/www.aq-arium.com\/aqmarine\/wp-content\/uploads\/2018\/09\/KH-Koffer-offen-new-3-600x338.png 600w, https:\/\/www.aq-arium.com\/aqmarine\/wp-content\/uploads\/2018\/09\/KH-Koffer-offen-new-3-300x169.png 300w, https:\/\/www.aq-arium.com\/aqmarine\/wp-content\/uploads\/2018\/09\/KH-Koffer-offen-new-3-1024x576.png 1024w\" sizes=\"auto, (max-width: 644px) 100vw, 644px\" \/><\/span><\/p>\n<ul>\n<li><span style=\"color: #000000;\">Kit de prueba profesional, controlado por laboratorio para medir el valor de KH \/ alcalinidad del agua de mar<\/span><\/li>\n<li><span style=\"color: #000000;\">Alto rendimiento, suficiente para al menos 100 aplicaciones con 10 \u00b0 dKH.<\/span><\/li>\n<li><span style=\"color: #000000;\">F\u00e1cil manejo debido al claro cambio de color<\/span><\/li>\n<li><span style=\"color: #000000;\">Alta resoluci\u00f3n (precisi\u00f3n): 0,1 \u00b0 dKH<\/span><\/li>\n<li><span style=\"color: #000000;\">Rango: 0,1 &#8211; 10 \u00b0 dKH<\/span><\/li>\n<li><span style=\"color: #000000;\">Incl. multistandard<\/span><\/li>\n<\/ul>\n<p><span style=\"color: #000000;\"><strong>Mida el valor de KH \/ alcalinidad a nivel de laboratorio<\/strong><\/span><\/p>\n<p><span style=\"color: #000000;\">Nuestra prueba KH se utiliza para la determinaci\u00f3n de alta precisi\u00f3n de la dureza \/ alcalinidad del carbonato en agua de mar y se caracteriza por una alta precisi\u00f3n de 0.1 \u00b0 dKH. La prueba tambi\u00e9n es muy productiva, a 10 \u00b0 dKH se pueden realizar al menos 100 mediciones. Para fines de control, se incluyen 100 ml de multiteferenz. Esta soluci\u00f3n de referencia m\u00faltiple tambi\u00e9n se puede usar para verificar otros par\u00e1metros del agua (por ejemplo, salinidad, calcio, magnesio, etc.).<\/span><\/p>\n<p><span style=\"color: #000000;\"><strong>Seguridad controlada<\/strong><\/span><\/p>\n<p><span style=\"color: #000000;\">La producci\u00f3n de nuestros productos para el cuidado de arrecifes est\u00e1 sujeta a un estricto control por parte de nuestro propio laboratorio. La garant\u00eda de calidad nos ayuda en la selecci\u00f3n de las materias primas m\u00e1s puras y conduce a productos finales con la mejor calidad. La precisi\u00f3n del kit de prueba KH tambi\u00e9n se ajust\u00f3 y prob\u00f3 en nuestro laboratorio.<\/span><\/p>\n<h2 style=\"text-align: center;\"><span style=\"color: #000000;\"><strong>Calcium<\/strong><\/span><\/h2>\n<p><span style=\"color: #000000;\"><a style=\"color: #000000;\" href=\"https:\/\/www.aq-arium.com\/aqmarine\/wp-content\/uploads\/2018\/09\/Calcium-us.png\"><img loading=\"lazy\" decoding=\"async\" class=\"aligncenter wp-image-7170 \" src=\"https:\/\/www.aq-arium.com\/aqmarine\/wp-content\/uploads\/2018\/09\/Calcium-us.png\" alt=\"\" width=\"508\" height=\"508\" srcset=\"https:\/\/www.aq-arium.com\/aqmarine\/wp-content\/uploads\/2018\/09\/Calcium-us.png 2500w, https:\/\/www.aq-arium.com\/aqmarine\/wp-content\/uploads\/2018\/09\/Calcium-us-300x300.png 300w, https:\/\/www.aq-arium.com\/aqmarine\/wp-content\/uploads\/2018\/09\/Calcium-us-100x100.png 100w, https:\/\/www.aq-arium.com\/aqmarine\/wp-content\/uploads\/2018\/09\/Calcium-us-600x600.png 600w, https:\/\/www.aq-arium.com\/aqmarine\/wp-content\/uploads\/2018\/09\/Calcium-us-150x150.png 150w, https:\/\/www.aq-arium.com\/aqmarine\/wp-content\/uploads\/2018\/09\/Calcium-us-1024x1024.png 1024w, https:\/\/www.aq-arium.com\/aqmarine\/wp-content\/uploads\/2018\/09\/Calcium-us-50x50.png 50w, https:\/\/www.aq-arium.com\/aqmarine\/wp-content\/uploads\/2018\/09\/Calcium-us-960x960.png 960w, https:\/\/www.aq-arium.com\/aqmarine\/wp-content\/uploads\/2018\/09\/Calcium-us-480x480.png 480w, https:\/\/www.aq-arium.com\/aqmarine\/wp-content\/uploads\/2018\/09\/Calcium-us-320x320.png 320w, https:\/\/www.aq-arium.com\/aqmarine\/wp-content\/uploads\/2018\/09\/Calcium-us-240x240.png 240w\" sizes=\"auto, (max-width: 508px) 100vw, 508px\" \/><\/a><\/span><\/p>\n<p><span style=\"color: #000000;\"><img loading=\"lazy\" decoding=\"async\" class=\"wp-image-7165 aligncenter\" src=\"https:\/\/www.aq-arium.com\/aqmarine\/wp-content\/uploads\/2018\/09\/KH-Koffer-offen-new-3.png\" alt=\"KH-Koffer-offen-new-3\" width=\"644\" height=\"362\" srcset=\"https:\/\/www.aq-arium.com\/aqmarine\/wp-content\/uploads\/2018\/09\/KH-Koffer-offen-new-3.png 1600w, https:\/\/www.aq-arium.com\/aqmarine\/wp-content\/uploads\/2018\/09\/KH-Koffer-offen-new-3-600x338.png 600w, https:\/\/www.aq-arium.com\/aqmarine\/wp-content\/uploads\/2018\/09\/KH-Koffer-offen-new-3-300x169.png 300w, https:\/\/www.aq-arium.com\/aqmarine\/wp-content\/uploads\/2018\/09\/KH-Koffer-offen-new-3-1024x576.png 1024w\" sizes=\"auto, (max-width: 644px) 100vw, 644px\" \/><\/span><\/p>\n<ul>\n<li><span style=\"color: #000000;\">Kit de prueba profesional, controlado por laboratorio para medir el valor de calcio del agua de mar<\/span><\/li>\n<li><span style=\"color: #000000;\">Alto rendimiento, suficiente para al menos 100 aplicaciones con 500 mg \/ l de calcio<\/span><\/li>\n<li><span style=\"color: #000000;\">F\u00e1cil manejo debido al claro cambio de color<\/span><\/li>\n<li><span style=\"color: #000000;\">Alta resoluci\u00f3n (precisi\u00f3n): 5 mg \/ l<\/span><\/li>\n<li><span style=\"color: #000000;\">Rango: 5 &#8211; 500 mg \/ l<\/span><\/li>\n<li><span style=\"color: #000000;\">Incl. multistandard<\/span><\/li>\n<\/ul>\n<p><span style=\"color: #000000;\"><strong>Mida el valor de calcio a nivel de laboratorio<\/strong><\/span><\/p>\n<p><span style=\"color: #000000;\">Nuestra prueba de calcio se utiliza para la determinaci\u00f3n de alta precisi\u00f3n del valor de calcio en agua de mar y se caracteriza por una alta precisi\u00f3n y rendimiento. Para fines de control, se incluye una soluci\u00f3n multiest\u00e1ndar de 100 ml. Esta soluci\u00f3n multiest\u00e1ndar tambi\u00e9n se puede usar para verificar otros par\u00e1metros del agua (por ejemplo, salinidad, calcio, magnesio, etc.).<\/span><\/p>\n<p><span style=\"color: #000000;\"><strong>Seguridad controlada<\/strong><\/span><\/p>\n<p><span style=\"color: #000000;\">La producci\u00f3n de nuestros productos para el cuidado de arrecifes est\u00e1 sujeta a un estricto control por parte de nuestro propio laboratorio. La garant\u00eda de calidad nos ayuda en la selecci\u00f3n de las materias primas m\u00e1s puras y conduce a productos finales con la mejor calidad. La precisi\u00f3n de la prueba de calcio tambi\u00e9n se ajust\u00f3 y prob\u00f3 en nuestro laboratorio.<\/span><\/p>\n<h2 style=\"text-align: center;\"><span style=\"color: #000000;\"><strong>Phosphate<\/strong><\/span><\/h2>\n<p><span style=\"color: #000000;\"><a style=\"color: #000000;\" href=\"https:\/\/www.aq-arium.com\/aqmarine\/wp-content\/uploads\/2018\/09\/PO4-us.png\"><img loading=\"lazy\" decoding=\"async\" class=\"aligncenter wp-image-7172 \" src=\"https:\/\/www.aq-arium.com\/aqmarine\/wp-content\/uploads\/2018\/09\/PO4-us.png\" alt=\"\" width=\"486\" height=\"486\" srcset=\"https:\/\/www.aq-arium.com\/aqmarine\/wp-content\/uploads\/2018\/09\/PO4-us.png 2500w, https:\/\/www.aq-arium.com\/aqmarine\/wp-content\/uploads\/2018\/09\/PO4-us-300x300.png 300w, https:\/\/www.aq-arium.com\/aqmarine\/wp-content\/uploads\/2018\/09\/PO4-us-100x100.png 100w, https:\/\/www.aq-arium.com\/aqmarine\/wp-content\/uploads\/2018\/09\/PO4-us-600x600.png 600w, https:\/\/www.aq-arium.com\/aqmarine\/wp-content\/uploads\/2018\/09\/PO4-us-150x150.png 150w, https:\/\/www.aq-arium.com\/aqmarine\/wp-content\/uploads\/2018\/09\/PO4-us-1024x1024.png 1024w, https:\/\/www.aq-arium.com\/aqmarine\/wp-content\/uploads\/2018\/09\/PO4-us-50x50.png 50w, https:\/\/www.aq-arium.com\/aqmarine\/wp-content\/uploads\/2018\/09\/PO4-us-960x960.png 960w, https:\/\/www.aq-arium.com\/aqmarine\/wp-content\/uploads\/2018\/09\/PO4-us-480x480.png 480w, https:\/\/www.aq-arium.com\/aqmarine\/wp-content\/uploads\/2018\/09\/PO4-us-320x320.png 320w, https:\/\/www.aq-arium.com\/aqmarine\/wp-content\/uploads\/2018\/09\/PO4-us-240x240.png 240w\" sizes=\"auto, (max-width: 486px) 100vw, 486px\" \/><\/a><\/span><\/p>\n<p><span style=\"color: #000000;\"><img loading=\"lazy\" decoding=\"async\" class=\"wp-image-7165 aligncenter\" src=\"https:\/\/www.aq-arium.com\/aqmarine\/wp-content\/uploads\/2018\/09\/KH-Koffer-offen-new-3.png\" alt=\"KH-Koffer-offen-new-3\" width=\"657\" height=\"370\" srcset=\"https:\/\/www.aq-arium.com\/aqmarine\/wp-content\/uploads\/2018\/09\/KH-Koffer-offen-new-3.png 1600w, https:\/\/www.aq-arium.com\/aqmarine\/wp-content\/uploads\/2018\/09\/KH-Koffer-offen-new-3-600x338.png 600w, https:\/\/www.aq-arium.com\/aqmarine\/wp-content\/uploads\/2018\/09\/KH-Koffer-offen-new-3-300x169.png 300w, https:\/\/www.aq-arium.com\/aqmarine\/wp-content\/uploads\/2018\/09\/KH-Koffer-offen-new-3-1024x576.png 1024w\" sizes=\"auto, (max-width: 657px) 100vw, 657px\" \/><\/span><\/p>\n<ul>\n<li><span style=\"color: #000000;\">Kit de prueba profesional, controlado por laboratorio para medir el valor de fosfato del agua de mar<\/span><\/li>\n<li><span style=\"color: #000000;\">Alto rendimiento, suficiente para al menos 100 aplicaciones.<\/span><\/li>\n<li><span style=\"color: #000000;\">F\u00e1cil manejo debido al claro cambio de color<\/span><\/li>\n<li><span style=\"color: #000000;\">Alta resoluci\u00f3n (precisi\u00f3n): 0,01 mg \/ l.<\/span><\/li>\n<li><span style=\"color: #000000;\">Rango: 0.01 &#8211; 0.3 mg \/ l.<\/span><\/li>\n<li><span style=\"color: #000000;\">Incl. multistandard<\/span><\/li>\n<\/ul>\n<p><span style=\"color: #000000;\"><strong>Mida el valor de fosfato a nivel de laboratorio<\/strong><\/span><\/p>\n<p><span style=\"color: #000000;\">Nuestra prueba de fosfato se caracteriza por una sensibilidad y precisi\u00f3n particularmente altas. Los tubos de ensayo extra largos dan como resultado un espesor de capa significativamente mayor. Esto conduce a un mejor reconocimiento del color y, por lo tanto, a un l\u00edmite de detecci\u00f3n particularmente inferior. Al mismo tiempo, la resoluci\u00f3n en el rango de baja concentraci\u00f3n, que es de inter\u00e9s para Aqauristics, aumenta significativamente. Adem\u00e1s, el est\u00e1ndar PO4 adjunto permite la verificaci\u00f3n del funcionamiento y la durabilidad de la prueba de fosfato (Para ello, agregue 0.1 ml del est\u00e1ndar PO4 a 35 ml de agua ultrapura (&lt;0 \u03bcS) para preparar una soluci\u00f3n de referencia que contenga 0.1 mg \/ l fosfato.)<\/span><\/p>\n<p><span style=\"color: #000000;\"><strong>Seguridad controlada<\/strong><\/span><\/p>\n<p><span style=\"color: #000000;\">La producci\u00f3n de nuestros productos para el cuidado de arrecifes est\u00e1 sujeta a un estricto control por parte de nuestro propio laboratorio. La garant\u00eda de calidad nos ayuda en la selecci\u00f3n de las materias primas m\u00e1s puras y conduce a productos finales con la mejor calidad. La precisi\u00f3n del kit de prueba de fosfato tambi\u00e9n se ajust\u00f3 y prob\u00f3 en nuestro laboratorio.<\/span><\/p>\n","protected":false},"excerpt":{"rendered":"<p>Volver a la p\u00e1gina principal de ATI Profesional Test Kit: Po4, kH, Ca Como uno de los principales laboratorios de an\u00e1lisis de agua de mar, nuestro objetivo era desarrollar una soluci\u00f3n profesional para el control directo de los par\u00e1metros m\u00e1s importantes del acuario. Los nuevos kits de prueba ATI est\u00e1n hechos para el acuarista sofisticado, [&hellip;]<\/p>\n","protected":false},"author":1,"featured_media":7552,"parent":9115,"menu_order":0,"comment_status":"closed","ping_status":"closed","template":"","meta":{"_acf_changed":false,"footnotes":""},"class_list":["post-12961","page","type-page","status-publish","has-post-thumbnail","hentry"],"acf":[],"yoast_head":"<!-- This site is optimized with the Yoast SEO plugin v23.9 - https:\/\/yoast.com\/wordpress\/plugins\/seo\/ -->\n<title>Profesional Test Kit de ATI: Po4, kH, Ca - AQ, Aquarium Solutions<\/title>\n<meta name=\"robots\" content=\"index, follow, max-snippet:-1, max-image-preview:large, max-video-preview:-1\" \/>\n<link rel=\"canonical\" href=\"https:\/\/www.aq-arium.com\/aqmarine\/acuario-marino\/profesional-test-kit-po4-kh-ca\/\" \/>\n<meta property=\"og:locale\" content=\"es_ES\" \/>\n<meta property=\"og:type\" content=\"article\" \/>\n<meta property=\"og:title\" content=\"Profesional Test Kit de ATI: Po4, kH, Ca - AQ, Aquarium Solutions\" \/>\n<meta property=\"og:description\" content=\"Volver a la p\u00e1gina principal de ATI Profesional Test Kit: Po4, kH, Ca Como uno de los principales laboratorios de an\u00e1lisis de agua de mar, nuestro objetivo era desarrollar una soluci\u00f3n profesional para el control directo de los par\u00e1metros m\u00e1s importantes del acuario. Los nuevos kits de prueba ATI est\u00e1n hechos para el acuarista sofisticado, [&hellip;]\" \/>\n<meta property=\"og:url\" content=\"https:\/\/www.aq-arium.com\/aqmarine\/acuario-marino\/profesional-test-kit-po4-kh-ca\/\" \/>\n<meta property=\"og:site_name\" content=\"AQ, Aquarium Solutions\" \/>\n<meta property=\"article:publisher\" content=\"https:\/\/www.instagram.com\/aq.arium\/\" \/>\n<meta property=\"article:modified_time\" content=\"2023-04-27T07:34:47+00:00\" \/>\n<meta property=\"og:image\" content=\"https:\/\/www.aq-arium.com\/aqmarine\/wp-content\/uploads\/2014\/09\/Calcium-us.png\" \/>\n\t<meta property=\"og:image:width\" content=\"2500\" \/>\n\t<meta property=\"og:image:height\" content=\"2500\" \/>\n\t<meta property=\"og:image:type\" content=\"image\/png\" \/>\n<meta name=\"twitter:card\" content=\"summary_large_image\" \/>\n<meta name=\"twitter:site\" content=\"@AArium56877\" \/>\n<meta name=\"twitter:label1\" content=\"Tiempo de lectura\" \/>\n\t<meta name=\"twitter:data1\" content=\"5 minutos\" \/>\n<script type=\"application\/ld+json\" class=\"yoast-schema-graph\">{\"@context\":\"https:\/\/schema.org\",\"@graph\":[{\"@type\":\"WebPage\",\"@id\":\"https:\/\/www.aq-arium.com\/aqmarine\/acuario-marino\/profesional-test-kit-po4-kh-ca\/\",\"url\":\"https:\/\/www.aq-arium.com\/aqmarine\/acuario-marino\/profesional-test-kit-po4-kh-ca\/\",\"name\":\"Profesional Test Kit de ATI: Po4, kH, Ca - AQ, Aquarium Solutions\",\"isPartOf\":{\"@id\":\"https:\/\/www.aq-arium.com\/aqmarine\/#website\"},\"primaryImageOfPage\":{\"@id\":\"https:\/\/www.aq-arium.com\/aqmarine\/acuario-marino\/profesional-test-kit-po4-kh-ca\/#primaryimage\"},\"image\":{\"@id\":\"https:\/\/www.aq-arium.com\/aqmarine\/acuario-marino\/profesional-test-kit-po4-kh-ca\/#primaryimage\"},\"thumbnailUrl\":\"https:\/\/www.aq-arium.com\/aqmarine\/wp-content\/uploads\/2014\/09\/Calcium-us.png\",\"datePublished\":\"2020-03-27T09:55:05+00:00\",\"dateModified\":\"2023-04-27T07:34:47+00:00\",\"breadcrumb\":{\"@id\":\"https:\/\/www.aq-arium.com\/aqmarine\/acuario-marino\/profesional-test-kit-po4-kh-ca\/#breadcrumb\"},\"inLanguage\":\"es-ES\",\"potentialAction\":[{\"@type\":\"ReadAction\",\"target\":[\"https:\/\/www.aq-arium.com\/aqmarine\/acuario-marino\/profesional-test-kit-po4-kh-ca\/\"]}]},{\"@type\":\"ImageObject\",\"inLanguage\":\"es-ES\",\"@id\":\"https:\/\/www.aq-arium.com\/aqmarine\/acuario-marino\/profesional-test-kit-po4-kh-ca\/#primaryimage\",\"url\":\"https:\/\/www.aq-arium.com\/aqmarine\/wp-content\/uploads\/2014\/09\/Calcium-us.png\",\"contentUrl\":\"https:\/\/www.aq-arium.com\/aqmarine\/wp-content\/uploads\/2014\/09\/Calcium-us.png\",\"width\":2500,\"height\":2500,\"caption\":\"Calcium ati\"},{\"@type\":\"BreadcrumbList\",\"@id\":\"https:\/\/www.aq-arium.com\/aqmarine\/acuario-marino\/profesional-test-kit-po4-kh-ca\/#breadcrumb\",\"itemListElement\":[{\"@type\":\"ListItem\",\"position\":1,\"name\":\"Portada\",\"item\":\"https:\/\/www.aq-arium.com\/aqmarine\/\"},{\"@type\":\"ListItem\",\"position\":2,\"name\":\"ACUARIO MARINO\",\"item\":\"https:\/\/www.aq-arium.com\/aqmarine\/acuario-marino\/\"},{\"@type\":\"ListItem\",\"position\":3,\"name\":\"Profesional Test Kit de ATI: Po4, kH, Ca\"}]},{\"@type\":\"WebSite\",\"@id\":\"https:\/\/www.aq-arium.com\/aqmarine\/#website\",\"url\":\"https:\/\/www.aq-arium.com\/aqmarine\/\",\"name\":\"AQ, Aquarium Solutions\",\"description\":\"Productos para Acuario Marino y Dulce\",\"publisher\":{\"@id\":\"https:\/\/www.aq-arium.com\/aqmarine\/#organization\"},\"potentialAction\":[{\"@type\":\"SearchAction\",\"target\":{\"@type\":\"EntryPoint\",\"urlTemplate\":\"https:\/\/www.aq-arium.com\/aqmarine\/?s={search_term_string}\"},\"query-input\":{\"@type\":\"PropertyValueSpecification\",\"valueRequired\":true,\"valueName\":\"search_term_string\"}}],\"inLanguage\":\"es-ES\"},{\"@type\":\"Organization\",\"@id\":\"https:\/\/www.aq-arium.com\/aqmarine\/#organization\",\"name\":\"AQ-arium Solutions\",\"url\":\"https:\/\/www.aq-arium.com\/aqmarine\/\",\"logo\":{\"@type\":\"ImageObject\",\"inLanguage\":\"es-ES\",\"@id\":\"https:\/\/www.aq-arium.com\/aqmarine\/#\/schema\/logo\/image\/\",\"url\":\"https:\/\/www.aq-arium.com\/aqmarine\/wp-content\/uploads\/2021\/08\/AQ-arium-Solutions-logo-100x47px-1.png\",\"contentUrl\":\"https:\/\/www.aq-arium.com\/aqmarine\/wp-content\/uploads\/2021\/08\/AQ-arium-Solutions-logo-100x47px-1.png\",\"width\":100,\"height\":47,\"caption\":\"AQ-arium Solutions\"},\"image\":{\"@id\":\"https:\/\/www.aq-arium.com\/aqmarine\/#\/schema\/logo\/image\/\"},\"sameAs\":[\"https:\/\/www.instagram.com\/aq.arium\/\",\"https:\/\/x.com\/AArium56877\"]}]}<\/script>\n<!-- \/ Yoast SEO plugin. -->","yoast_head_json":{"title":"Profesional Test Kit de ATI: Po4, kH, Ca - AQ, Aquarium Solutions","robots":{"index":"index","follow":"follow","max-snippet":"max-snippet:-1","max-image-preview":"max-image-preview:large","max-video-preview":"max-video-preview:-1"},"canonical":"https:\/\/www.aq-arium.com\/aqmarine\/acuario-marino\/profesional-test-kit-po4-kh-ca\/","og_locale":"es_ES","og_type":"article","og_title":"Profesional Test Kit de ATI: Po4, kH, Ca - AQ, Aquarium Solutions","og_description":"Volver a la p\u00e1gina principal de ATI Profesional Test Kit: Po4, kH, Ca Como uno de los principales laboratorios de an\u00e1lisis de agua de mar, nuestro objetivo era desarrollar una soluci\u00f3n profesional para el control directo de los par\u00e1metros m\u00e1s importantes del acuario. Los nuevos kits de prueba ATI est\u00e1n hechos para el acuarista sofisticado, [&hellip;]","og_url":"https:\/\/www.aq-arium.com\/aqmarine\/acuario-marino\/profesional-test-kit-po4-kh-ca\/","og_site_name":"AQ, Aquarium Solutions","article_publisher":"https:\/\/www.instagram.com\/aq.arium\/","article_modified_time":"2023-04-27T07:34:47+00:00","og_image":[{"width":2500,"height":2500,"url":"https:\/\/www.aq-arium.com\/aqmarine\/wp-content\/uploads\/2014\/09\/Calcium-us.png","type":"image\/png"}],"twitter_card":"summary_large_image","twitter_site":"@AArium56877","twitter_misc":{"Tiempo de lectura":"5 minutos"},"schema":{"@context":"https:\/\/schema.org","@graph":[{"@type":"WebPage","@id":"https:\/\/www.aq-arium.com\/aqmarine\/acuario-marino\/profesional-test-kit-po4-kh-ca\/","url":"https:\/\/www.aq-arium.com\/aqmarine\/acuario-marino\/profesional-test-kit-po4-kh-ca\/","name":"Profesional Test Kit de ATI: Po4, kH, Ca - AQ, Aquarium Solutions","isPartOf":{"@id":"https:\/\/www.aq-arium.com\/aqmarine\/#website"},"primaryImageOfPage":{"@id":"https:\/\/www.aq-arium.com\/aqmarine\/acuario-marino\/profesional-test-kit-po4-kh-ca\/#primaryimage"},"image":{"@id":"https:\/\/www.aq-arium.com\/aqmarine\/acuario-marino\/profesional-test-kit-po4-kh-ca\/#primaryimage"},"thumbnailUrl":"https:\/\/www.aq-arium.com\/aqmarine\/wp-content\/uploads\/2014\/09\/Calcium-us.png","datePublished":"2020-03-27T09:55:05+00:00","dateModified":"2023-04-27T07:34:47+00:00","breadcrumb":{"@id":"https:\/\/www.aq-arium.com\/aqmarine\/acuario-marino\/profesional-test-kit-po4-kh-ca\/#breadcrumb"},"inLanguage":"es-ES","potentialAction":[{"@type":"ReadAction","target":["https:\/\/www.aq-arium.com\/aqmarine\/acuario-marino\/profesional-test-kit-po4-kh-ca\/"]}]},{"@type":"ImageObject","inLanguage":"es-ES","@id":"https:\/\/www.aq-arium.com\/aqmarine\/acuario-marino\/profesional-test-kit-po4-kh-ca\/#primaryimage","url":"https:\/\/www.aq-arium.com\/aqmarine\/wp-content\/uploads\/2014\/09\/Calcium-us.png","contentUrl":"https:\/\/www.aq-arium.com\/aqmarine\/wp-content\/uploads\/2014\/09\/Calcium-us.png","width":2500,"height":2500,"caption":"Calcium ati"},{"@type":"BreadcrumbList","@id":"https:\/\/www.aq-arium.com\/aqmarine\/acuario-marino\/profesional-test-kit-po4-kh-ca\/#breadcrumb","itemListElement":[{"@type":"ListItem","position":1,"name":"Portada","item":"https:\/\/www.aq-arium.com\/aqmarine\/"},{"@type":"ListItem","position":2,"name":"ACUARIO MARINO","item":"https:\/\/www.aq-arium.com\/aqmarine\/acuario-marino\/"},{"@type":"ListItem","position":3,"name":"Profesional Test Kit de ATI: Po4, kH, Ca"}]},{"@type":"WebSite","@id":"https:\/\/www.aq-arium.com\/aqmarine\/#website","url":"https:\/\/www.aq-arium.com\/aqmarine\/","name":"AQ, Aquarium Solutions","description":"Productos para Acuario Marino y Dulce","publisher":{"@id":"https:\/\/www.aq-arium.com\/aqmarine\/#organization"},"potentialAction":[{"@type":"SearchAction","target":{"@type":"EntryPoint","urlTemplate":"https:\/\/www.aq-arium.com\/aqmarine\/?s={search_term_string}"},"query-input":{"@type":"PropertyValueSpecification","valueRequired":true,"valueName":"search_term_string"}}],"inLanguage":"es-ES"},{"@type":"Organization","@id":"https:\/\/www.aq-arium.com\/aqmarine\/#organization","name":"AQ-arium Solutions","url":"https:\/\/www.aq-arium.com\/aqmarine\/","logo":{"@type":"ImageObject","inLanguage":"es-ES","@id":"https:\/\/www.aq-arium.com\/aqmarine\/#\/schema\/logo\/image\/","url":"https:\/\/www.aq-arium.com\/aqmarine\/wp-content\/uploads\/2021\/08\/AQ-arium-Solutions-logo-100x47px-1.png","contentUrl":"https:\/\/www.aq-arium.com\/aqmarine\/wp-content\/uploads\/2021\/08\/AQ-arium-Solutions-logo-100x47px-1.png","width":100,"height":47,"caption":"AQ-arium Solutions"},"image":{"@id":"https:\/\/www.aq-arium.com\/aqmarine\/#\/schema\/logo\/image\/"},"sameAs":["https:\/\/www.instagram.com\/aq.arium\/","https:\/\/x.com\/AArium56877"]}]}},"jetpack_sharing_enabled":true,"_links":{"self":[{"href":"https:\/\/www.aq-arium.com\/aqmarine\/wp-json\/wp\/v2\/pages\/12961","targetHints":{"allow":["GET"]}}],"collection":[{"href":"https:\/\/www.aq-arium.com\/aqmarine\/wp-json\/wp\/v2\/pages"}],"about":[{"href":"https:\/\/www.aq-arium.com\/aqmarine\/wp-json\/wp\/v2\/types\/page"}],"author":[{"embeddable":true,"href":"https:\/\/www.aq-arium.com\/aqmarine\/wp-json\/wp\/v2\/users\/1"}],"replies":[{"embeddable":true,"href":"https:\/\/www.aq-arium.com\/aqmarine\/wp-json\/wp\/v2\/comments?post=12961"}],"version-history":[{"count":0,"href":"https:\/\/www.aq-arium.com\/aqmarine\/wp-json\/wp\/v2\/pages\/12961\/revisions"}],"up":[{"embeddable":true,"href":"https:\/\/www.aq-arium.com\/aqmarine\/wp-json\/wp\/v2\/pages\/9115"}],"wp:featuredmedia":[{"embeddable":true,"href":"https:\/\/www.aq-arium.com\/aqmarine\/wp-json\/wp\/v2\/media\/7552"}],"wp:attachment":[{"href":"https:\/\/www.aq-arium.com\/aqmarine\/wp-json\/wp\/v2\/media?parent=12961"}],"curies":[{"name":"wp","href":"https:\/\/api.w.org\/{rel}","templated":true}]}}