{"id":12886,"date":"2020-03-20T15:15:34","date_gmt":"2020-03-20T14:15:34","guid":{"rendered":"https:\/\/www.aq-arium.com\/aqmarine\/?page_id=12886"},"modified":"2023-05-04T09:02:27","modified_gmt":"2023-05-04T08:02:27","slug":"waterbox-clear-pro","status":"publish","type":"page","link":"https:\/\/www.aq-arium.com\/aqmarine\/acuario-plantado\/waterbox-clear-pro\/","title":{"rendered":"WATERBOX CLEAR PRO"},"content":{"rendered":"<p style=\"text-align: left;\">Volver a la p\u00e1gina principal de <a href=\"https:\/\/www.aq-arium.com\/aqmarine\/waterbox\/\">Waterbox<\/a><\/p>\n<h1 style=\"text-align: center;\"><span style=\"color: #000000;\"><img loading=\"lazy\" decoding=\"async\" class=\"wp-image-10933 aligncenter\" src=\"https:\/\/www.aq-arium.com\/aqmarine\/wp-content\/uploads\/2019\/07\/wb-logo-green22.png\" alt=\"wb-logo-green22\" width=\"343\" height=\"98\" srcset=\"https:\/\/www.aq-arium.com\/aqmarine\/wp-content\/uploads\/2019\/07\/wb-logo-green22.png 420w, https:\/\/www.aq-arium.com\/aqmarine\/wp-content\/uploads\/2019\/07\/wb-logo-green22-300x86.png 300w\" sizes=\"auto, (max-width: 343px) 100vw, 343px\" \/><\/span><\/h1>\n<h1 style=\"text-align: center;\"><span style=\"color: #000000;\"><strong>ACUARIOS EXQUISITAMENTE DISE\u00d1ADOS PARA TODOS LOS NIVELES DE EXPERIENCIA.<\/strong><\/span><\/h1>\n<h1><span style=\"color: #000000;\">CLEAR PRO<\/span><\/h1>\n<hr \/>\n<p><span style=\"color: #000000;\">Waterbox ha creado el \u00faltimo sistema de cubos sin bordes construido a partir de StarphireUltra-Clear &#x2122; con bordes cuidadosamente biselados para proporcionar el acuario\u00a0c\u00fabico m\u00e1s atractivo a nivel visual del planeta.<\/span><\/p>\n<p><img loading=\"lazy\" decoding=\"async\" class=\"alignnone size-full wp-image-10984\" src=\"https:\/\/www.aq-arium.com\/aqmarine\/wp-content\/uploads\/2019\/07\/display-clearpro.jpg\" alt=\"display-clearpro\" width=\"2200\" height=\"1000\" srcset=\"https:\/\/www.aq-arium.com\/aqmarine\/wp-content\/uploads\/2019\/07\/display-clearpro.jpg 2200w, https:\/\/www.aq-arium.com\/aqmarine\/wp-content\/uploads\/2019\/07\/display-clearpro-600x273.jpg 600w, https:\/\/www.aq-arium.com\/aqmarine\/wp-content\/uploads\/2019\/07\/display-clearpro-300x136.jpg 300w, https:\/\/www.aq-arium.com\/aqmarine\/wp-content\/uploads\/2019\/07\/display-clearpro-1024x465.jpg 1024w\" sizes=\"auto, (max-width: 2200px) 100vw, 2200px\" \/><\/p>\n<h1 style=\"text-align: left;\"><span style=\"color: #000000;\">\u00a0<\/span><\/h1>\n<h3 style=\"text-align: center;\"><span style=\"color: #000000;\"><strong><span style=\"text-decoration: underline;\">DISPONIBLE EN DOS MODELOS<\/span><\/strong><\/span><\/h3>\n<h3 style=\"text-align: center;\"><span style=\"color: #000000;\">CLEAR PRO 6025\u00a0<\/span><span style=\"color: #000000;\">(540L)\u00a0<\/span><span style=\"color: #000000;\">|\u00a0CLEAR PRO 7225 (632L)<\/span><\/h3>\n<p><span style=\"color: #000000;\">\u00a0<\/span><\/p>\n<div class=\"sc-sdtwF iIwwEJ pf-f75ececa pf-r pf-r-align--cm\" data-pf-type=\"Row\"><span style=\"color: #000000;\">\u00a0<\/span><\/div>\n<h3><span style=\"text-decoration: underline; color: #000000;\"><strong>\u00bfQU\u00c9 INCLUYE?<\/strong><\/span><\/h3>\n<p>El CLEAR PRO ofrece un dise\u00f1o minimalista con una calidad inigualable. Nuestra simplicidad y atenci\u00f3n a la artesan\u00eda fina crea un lienzo de arte vivo.<\/p>\n<p><span style=\"color: #000000;\"><div class=\"ctsc-column ctsc-col2\"><\/div><\/span><\/p>\n<ul>\n<li><span style=\"color: #000000;\">Vidrio ultra claro Starphire<\/span><\/li>\n<li><span style=\"color: #000000;\">Gabinete de contrachapado laminado con recubrimiento UV<\/span><\/li>\n<li><span style=\"color: #000000;\">Incluye alfombrilla autonivelante<\/span><\/li>\n<\/ul>\n<p><span style=\"color: #000000;\">[\/column_half_last]<\/span><\/p>\n<p><span style=\"color: #000000;\"><div class=\"ctsc-column ctsc-col3\"><\/span><\/p>\n<p><span style=\"color: #000000;\"><img loading=\"lazy\" decoding=\"async\" class=\"\" src=\"https:\/\/cdn.shopify.com\/s\/files\/1\/0273\/6590\/0397\/t\/3\/assets\/pf-509488af--clearminidetailsmat1.jpg?v=1582036916\" alt=\"\" width=\"264\" height=\"264\" \/><\/span><\/p>\n<p><span style=\"color: #000000;\"><strong>Alfombrilla autonivelante<\/strong><br \/>\nIncluye una esterilla de espuma autonivelante previamente asentada, que mantiene el nivel del acuario en superficies irregulares y reduce la tensi\u00f3n en el vidrio.<\/span><\/p>\n<p><span style=\"color: #000000;\"><\/div><div class=\"ctsc-column ctsc-col3\"><\/span><\/p>\n<p><span style=\"color: #000000;\"><img loading=\"lazy\" decoding=\"async\" class=\"\" src=\"https:\/\/cdn.shopify.com\/s\/files\/1\/0273\/6590\/0397\/t\/3\/assets\/pf-bc0a6f19-62d1-4c83-9125-4307b004370e--cleardetailssilicone.jpg?v=1576791807\" alt=\"\" width=\"254\" height=\"254\" \/><\/span><\/p>\n<p><span style=\"color: #000000;\"><strong>Silicona transparente de borde recto<\/strong><br \/>\nUtilizando una t\u00e9cnica de bordes rectos, todas las costuras de silicona tienen una resistencia excepcional y una apariencia limpia.<\/span><\/p>\n<p><span style=\"color: #000000;\"><\/div><div class=\"ctsc-column ctsc-col3 ctsc-col-last\"><\/span><\/p>\n<p><span style=\"color: #000000;\"><img loading=\"lazy\" decoding=\"async\" class=\"\" src=\"https:\/\/cdn.shopify.com\/s\/files\/1\/0273\/6590\/0397\/t\/3\/assets\/pf-34425ed4--glasslogo.jpg?v=1582131236\" alt=\"\" width=\"246\" height=\"246\" \/><\/span><\/p>\n<p><span style=\"color: #000000;\"><strong>Grabado con l\u00e1ser<\/strong><br \/>\nCada Waterbox tiene nuestro logotipo flotante grabado con l\u00e1ser dentro del vidrio para demostrar su autenticidad.<\/span><\/p>\n<p><span style=\"color: #000000;\"><\/div><div class=\"col-divide\"><\/div><\/span><\/p>\n<h1><span style=\"color: #000000;\">\u00a0<a style=\"color: #000000;\" href=\"https:\/\/www.aq-arium.com\/aqmarine\/wp-content\/uploads\/2020\/03\/CLEAR-ESQUEMA.jpg\"><img loading=\"lazy\" decoding=\"async\" class=\"alignnone size-full wp-image-12877\" src=\"https:\/\/www.aq-arium.com\/aqmarine\/wp-content\/uploads\/2020\/03\/CLEAR-ESQUEMA.jpg\" alt=\"CLEAR ESQUEMA\" width=\"1800\" height=\"1000\" srcset=\"https:\/\/www.aq-arium.com\/aqmarine\/wp-content\/uploads\/2020\/03\/CLEAR-ESQUEMA.jpg 1800w, https:\/\/www.aq-arium.com\/aqmarine\/wp-content\/uploads\/2020\/03\/CLEAR-ESQUEMA-600x333.jpg 600w, https:\/\/www.aq-arium.com\/aqmarine\/wp-content\/uploads\/2020\/03\/CLEAR-ESQUEMA-300x167.jpg 300w, https:\/\/www.aq-arium.com\/aqmarine\/wp-content\/uploads\/2020\/03\/CLEAR-ESQUEMA-1024x569.jpg 1024w\" sizes=\"auto, (max-width: 1800px) 100vw, 1800px\" \/><\/a><\/span><\/h1>\n<h3><span style=\"color: #000000;\">\u00a0<\/span><\/h3>\n<h3><span style=\"text-decoration: underline; color: #000000;\"><strong>Cristal Ultra Claro Starphire<\/strong><\/span><\/h3>\n<p><span style=\"color: #000000;\">El uso de\u00a0cristal patentado Starphire Ultra-Clear, bajo en hierro, en cada lado del acuario proporciona una claridad sin igual.<\/span><\/p>\n<h1><span style=\"color: #000000;\"><img loading=\"lazy\" decoding=\"async\" class=\"alignnone wp-image-12756 size-large\" src=\"https:\/\/www.aq-arium.com\/aqmarine\/wp-content\/uploads\/2020\/03\/pf-c0c83aea-2406-4145-8eca-f04dfc9e703d-web1800x1000glass1-1024x468.jpg\" alt=\"pf-c0c83aea-2406-4145-8eca-f04dfc9e703d--web1800x1000glass\" width=\"960\" height=\"439\" srcset=\"https:\/\/www.aq-arium.com\/aqmarine\/wp-content\/uploads\/2020\/03\/pf-c0c83aea-2406-4145-8eca-f04dfc9e703d-web1800x1000glass1-1024x468.jpg 1024w, https:\/\/www.aq-arium.com\/aqmarine\/wp-content\/uploads\/2020\/03\/pf-c0c83aea-2406-4145-8eca-f04dfc9e703d-web1800x1000glass1-600x274.jpg 600w, https:\/\/www.aq-arium.com\/aqmarine\/wp-content\/uploads\/2020\/03\/pf-c0c83aea-2406-4145-8eca-f04dfc9e703d-web1800x1000glass1-300x137.jpg 300w, https:\/\/www.aq-arium.com\/aqmarine\/wp-content\/uploads\/2020\/03\/pf-c0c83aea-2406-4145-8eca-f04dfc9e703d-web1800x1000glass1.jpg 1800w\" sizes=\"auto, (max-width: 960px) 100vw, 960px\" \/><\/span><\/h1>\n<h3><span style=\"color: #000000;\">\u00a0<\/span><\/h3>\n<h3><span style=\"text-decoration: underline; color: #000000;\"><strong>MUEBLE DE ALTA CALIDAD A PRUEBA DE AGUA<\/strong><\/span><\/h3>\n<p><span style=\"color: #000000;\"><a style=\"color: #000000;\" href=\"https:\/\/www.aq-arium.com\/aqmarine\/wp-content\/uploads\/2020\/03\/pf-c6a59ce0-102f-4222-8b69-4f5640d58895-web1800x1000ClearBlackWhiteSM.jpg\"><img loading=\"lazy\" decoding=\"async\" class=\"alignnone size-full wp-image-12878\" src=\"https:\/\/www.aq-arium.com\/aqmarine\/wp-content\/uploads\/2020\/03\/pf-c6a59ce0-102f-4222-8b69-4f5640d58895-web1800x1000ClearBlackWhiteSM.jpg\" alt=\"pf-c6a59ce0-102f-4222-8b69-4f5640d58895--web1800x1000ClearBlackWhiteSM\" width=\"1800\" height=\"1000\" srcset=\"https:\/\/www.aq-arium.com\/aqmarine\/wp-content\/uploads\/2020\/03\/pf-c6a59ce0-102f-4222-8b69-4f5640d58895-web1800x1000ClearBlackWhiteSM.jpg 1800w, https:\/\/www.aq-arium.com\/aqmarine\/wp-content\/uploads\/2020\/03\/pf-c6a59ce0-102f-4222-8b69-4f5640d58895-web1800x1000ClearBlackWhiteSM-600x333.jpg 600w, https:\/\/www.aq-arium.com\/aqmarine\/wp-content\/uploads\/2020\/03\/pf-c6a59ce0-102f-4222-8b69-4f5640d58895-web1800x1000ClearBlackWhiteSM-300x167.jpg 300w, https:\/\/www.aq-arium.com\/aqmarine\/wp-content\/uploads\/2020\/03\/pf-c6a59ce0-102f-4222-8b69-4f5640d58895-web1800x1000ClearBlackWhiteSM-1024x569.jpg 1024w\" sizes=\"auto, (max-width: 1800px) 100vw, 1800px\" \/><\/a><\/span><\/p>\n<p><span style=\"color: #000000;\">Los muebles Waterbox est\u00e1n dise\u00f1ados para elevar\u00a0la est\u00e9tica de cualquier habitaci\u00f3n con acabados de primera clase.<\/span><\/p>\n<p><span style=\"color: #000000;\">Fabricado por \u201cWorld Furniture Manufacturer\u201d. Las mesas\u00a0modelo 1818 son de contrachapado laminado e incluyen bisagras inoxidables, puertas abatibles y patas de nivelaci\u00f3n.<\/span><\/p>\n<p><span style=\"color: #000000;\">Nuestro ebanista ostenta los siguientes reconocimientos:\u00a0<\/span><br \/>\n<span style=\"color: #000000;\">&#8211; Miembro del Comit\u00e9 T\u00e9cnico Nacional de Estandarizaci\u00f3n de Muebles\u00a0<\/span><br \/>\n<span style=\"color: #000000;\">&#8211; Centro de Tecnolog\u00eda Empresarial USA<\/span><br \/>\n<span style=\"color: #000000;\">&#8211; TOP 10 mejores marcas de muebles.<\/span><\/p>\n<p><span style=\"color: #000000;\"><div class=\"ctsc-column ctsc-col4\"><\/span><\/p>\n<p><img decoding=\"async\" src=\"https:\/\/www.aq-arium.com\/aqmarine\/wp-content\/uploads\/2018\/09\/2.jpg\" alt=\"2\" \/><\/p>\n<p><span style=\"color: #000000;\"><strong>Bisagras recubiertas de PVC de cierre suave<\/strong><\/span><br \/>\n<span style=\"color: #000000;\">Las bisagras de acero inoxidable mantienen la mesa libre de \u00f3xido y aumentan la longevidad del mueble.<\/span><\/p>\n<p><span style=\"color: #000000;\"><\/div><div class=\"ctsc-column ctsc-col4\"><\/span><\/p>\n<p><img decoding=\"async\" src=\"https:\/\/www.aq-arium.com\/aqmarine\/wp-content\/uploads\/2018\/09\/3.jpg\" alt=\"3\" \/><\/p>\n<p><span style=\"color: #000000;\"><strong>Apertura de puertas mediante presi\u00f3n<\/strong><strong><br \/>\n<\/strong>Las puertas europeas alineadas con el panel frontal del acuario proporcionan un f\u00e1cil acceso a la mesa.<\/span><\/p>\n<p><span style=\"color: #000000;\"><\/div><div class=\"ctsc-column ctsc-col4\"><\/span><\/p>\n<p><img decoding=\"async\" src=\"https:\/\/www.aq-arium.com\/aqmarine\/wp-content\/uploads\/2018\/09\/4.jpg\" alt=\"4\" \/><\/p>\n<p><span style=\"color: #000000;\"><strong>Patas de nivelaci\u00f3n<\/strong><strong><br \/>\n<\/strong>Se incluyen patas de nivelaci\u00f3n ajustables con cada mesa para garantizar que el acuario est\u00e9 nivelado.<\/span><\/p>\n<p><span style=\"color: #000000;\"><\/div><div class=\"ctsc-column ctsc-col4 ctsc-col-last\"><\/span><\/p>\n<p><img loading=\"lazy\" decoding=\"async\" class=\"\" src=\"https:\/\/cdn.shopify.com\/s\/files\/1\/0273\/6590\/0397\/t\/3\/assets\/pf-50f91e88-fcd5-47c7-ae56-5fe23153ade7--web2000x2000BlackWhite.jpg?v=1576773896\" alt=\"\" width=\"332\" height=\"332\" \/><\/p>\n<p><span style=\"color: #000000;\"><strong>Acabados de gabinete<\/strong><\/span><br \/>\n<span style=\"color: #000000;\">Los gabinetes est\u00e1n disponibles en\u00a0dos acabados. Las opciones incluyen negro y blanco.<\/span><\/p>\n<p><span style=\"color: #000000;\"><\/div><div class=\"col-divide\"><\/div><\/span><\/p>\n<h3 style=\"text-align: center;\"><span style=\"text-decoration: underline; color: #000000;\"><strong>ESPECIFICACIONES T\u00c9CNICAS<\/strong><\/span><\/h3>\n<table width=\"382\">\n<tbody>\n<tr>\n<td width=\"138\">Model<\/td>\n<td width=\"106\">CLEAR PRO 6025<\/td>\n<td width=\"138\">CLEAR PRO 7225<\/td>\n<\/tr>\n<tr>\n<td>Grosor Vidrio (mm)<\/td>\n<td>15<\/td>\n<td>19<\/td>\n<\/tr>\n<tr>\n<td>L(mm)<\/td>\n<td>1536<\/td>\n<td>1836<\/td>\n<\/tr>\n<tr>\n<td>W(mm)<\/td>\n<td>643<\/td>\n<td>643<\/td>\n<\/tr>\n<tr>\n<td>H(mm)<\/td>\n<td>600<\/td>\n<td>600<\/td>\n<\/tr>\n<tr>\n<td>Litros<\/td>\n<td>540<\/td>\n<td>632<\/td>\n<\/tr>\n<\/tbody>\n<\/table>\n<p><span style=\"color: #000000;\">\u00a0<img decoding=\"async\" src=\"https:\/\/cdn.shopify.com\/s\/files\/1\/0273\/6590\/0397\/t\/3\/assets\/pf-d85409a1--web1000x800CustomerInspirations.jpg?v=1582309890\" alt=\"John\" \/><\/span><\/p>\n<p><img decoding=\"async\" src=\"https:\/\/cdn.shopify.com\/s\/files\/1\/0273\/6590\/0397\/t\/3\/assets\/pf-e0907d02--web1000x800CustomerInspirations2.jpg?v=1582310036\" alt=\"\" \/><\/p>\n","protected":false},"excerpt":{"rendered":"<p>Volver a la p\u00e1gina principal de Waterbox ACUARIOS EXQUISITAMENTE DISE\u00d1ADOS PARA TODOS LOS NIVELES DE EXPERIENCIA. CLEAR PRO Waterbox ha creado el \u00faltimo sistema de cubos sin bordes construido a partir de StarphireUltra-Clear &#x2122; con bordes cuidadosamente biselados para proporcionar el acuario\u00a0c\u00fabico m\u00e1s atractivo a nivel visual del planeta. \u00a0 DISPONIBLE EN DOS MODELOS CLEAR [&hellip;]<\/p>\n","protected":false},"author":1,"featured_media":15542,"parent":9239,"menu_order":0,"comment_status":"closed","ping_status":"closed","template":"","meta":{"_acf_changed":false,"footnotes":""},"class_list":["post-12886","page","type-page","status-publish","has-post-thumbnail","hentry"],"acf":[],"yoast_head":"<!-- This site is optimized with the Yoast SEO plugin v23.9 - https:\/\/yoast.com\/wordpress\/plugins\/seo\/ -->\n<title>WATERBOX CLEAR PRO - AQ, Aquarium Solutions<\/title>\n<meta name=\"robots\" content=\"index, follow, max-snippet:-1, max-image-preview:large, max-video-preview:-1\" \/>\n<link rel=\"canonical\" href=\"https:\/\/www.aq-arium.com\/aqmarine\/acuario-plantado\/waterbox-clear-pro\/\" \/>\n<meta property=\"og:locale\" content=\"es_ES\" \/>\n<meta property=\"og:type\" content=\"article\" \/>\n<meta property=\"og:title\" content=\"WATERBOX CLEAR PRO - AQ, Aquarium Solutions\" \/>\n<meta property=\"og:description\" content=\"Volver a la p\u00e1gina principal de Waterbox ACUARIOS EXQUISITAMENTE DISE\u00d1ADOS PARA TODOS LOS NIVELES DE EXPERIENCIA. CLEAR PRO Waterbox ha creado el \u00faltimo sistema de cubos sin bordes construido a partir de StarphireUltra-Clear &#x2122; con bordes cuidadosamente biselados para proporcionar el acuario\u00a0c\u00fabico m\u00e1s atractivo a nivel visual del planeta. \u00a0 DISPONIBLE EN DOS MODELOS CLEAR [&hellip;]\" \/>\n<meta property=\"og:url\" content=\"https:\/\/www.aq-arium.com\/aqmarine\/acuario-plantado\/waterbox-clear-pro\/\" \/>\n<meta property=\"og:site_name\" content=\"AQ, Aquarium Solutions\" \/>\n<meta property=\"article:publisher\" content=\"https:\/\/www.instagram.com\/aq.arium\/\" \/>\n<meta property=\"article:modified_time\" content=\"2023-05-04T08:02:27+00:00\" \/>\n<meta property=\"og:image\" content=\"https:\/\/www.aq-arium.com\/aqmarine\/wp-content\/uploads\/2020\/10\/web.1800x1000.ClearProScene_1080x.jpg\" \/>\n\t<meta property=\"og:image:width\" content=\"1080\" \/>\n\t<meta property=\"og:image:height\" content=\"600\" \/>\n\t<meta property=\"og:image:type\" content=\"image\/jpeg\" \/>\n<meta name=\"twitter:card\" content=\"summary_large_image\" \/>\n<meta name=\"twitter:site\" content=\"@AArium56877\" \/>\n<meta name=\"twitter:label1\" content=\"Tiempo de lectura\" \/>\n\t<meta name=\"twitter:data1\" content=\"5 minutos\" \/>\n<script type=\"application\/ld+json\" class=\"yoast-schema-graph\">{\"@context\":\"https:\/\/schema.org\",\"@graph\":[{\"@type\":\"WebPage\",\"@id\":\"https:\/\/www.aq-arium.com\/aqmarine\/acuario-plantado\/waterbox-clear-pro\/\",\"url\":\"https:\/\/www.aq-arium.com\/aqmarine\/acuario-plantado\/waterbox-clear-pro\/\",\"name\":\"WATERBOX CLEAR PRO - AQ, Aquarium Solutions\",\"isPartOf\":{\"@id\":\"https:\/\/www.aq-arium.com\/aqmarine\/#website\"},\"primaryImageOfPage\":{\"@id\":\"https:\/\/www.aq-arium.com\/aqmarine\/acuario-plantado\/waterbox-clear-pro\/#primaryimage\"},\"image\":{\"@id\":\"https:\/\/www.aq-arium.com\/aqmarine\/acuario-plantado\/waterbox-clear-pro\/#primaryimage\"},\"thumbnailUrl\":\"https:\/\/www.aq-arium.com\/aqmarine\/wp-content\/uploads\/2020\/10\/web.1800x1000.ClearProScene_1080x.jpg\",\"datePublished\":\"2020-03-20T14:15:34+00:00\",\"dateModified\":\"2023-05-04T08:02:27+00:00\",\"breadcrumb\":{\"@id\":\"https:\/\/www.aq-arium.com\/aqmarine\/acuario-plantado\/waterbox-clear-pro\/#breadcrumb\"},\"inLanguage\":\"es-ES\",\"potentialAction\":[{\"@type\":\"ReadAction\",\"target\":[\"https:\/\/www.aq-arium.com\/aqmarine\/acuario-plantado\/waterbox-clear-pro\/\"]}]},{\"@type\":\"ImageObject\",\"inLanguage\":\"es-ES\",\"@id\":\"https:\/\/www.aq-arium.com\/aqmarine\/acuario-plantado\/waterbox-clear-pro\/#primaryimage\",\"url\":\"https:\/\/www.aq-arium.com\/aqmarine\/wp-content\/uploads\/2020\/10\/web.1800x1000.ClearProScene_1080x.jpg\",\"contentUrl\":\"https:\/\/www.aq-arium.com\/aqmarine\/wp-content\/uploads\/2020\/10\/web.1800x1000.ClearProScene_1080x.jpg\",\"width\":1080,\"height\":600,\"caption\":\"WATERBOX DULCE\"},{\"@type\":\"BreadcrumbList\",\"@id\":\"https:\/\/www.aq-arium.com\/aqmarine\/acuario-plantado\/waterbox-clear-pro\/#breadcrumb\",\"itemListElement\":[{\"@type\":\"ListItem\",\"position\":1,\"name\":\"Portada\",\"item\":\"https:\/\/www.aq-arium.com\/aqmarine\/\"},{\"@type\":\"ListItem\",\"position\":2,\"name\":\"ACUARIO PLANTADO\",\"item\":\"https:\/\/www.aq-arium.com\/aqmarine\/acuario-plantado\/\"},{\"@type\":\"ListItem\",\"position\":3,\"name\":\"WATERBOX CLEAR PRO\"}]},{\"@type\":\"WebSite\",\"@id\":\"https:\/\/www.aq-arium.com\/aqmarine\/#website\",\"url\":\"https:\/\/www.aq-arium.com\/aqmarine\/\",\"name\":\"AQ, Aquarium Solutions\",\"description\":\"Productos para Acuario Marino y Dulce\",\"publisher\":{\"@id\":\"https:\/\/www.aq-arium.com\/aqmarine\/#organization\"},\"potentialAction\":[{\"@type\":\"SearchAction\",\"target\":{\"@type\":\"EntryPoint\",\"urlTemplate\":\"https:\/\/www.aq-arium.com\/aqmarine\/?s={search_term_string}\"},\"query-input\":{\"@type\":\"PropertyValueSpecification\",\"valueRequired\":true,\"valueName\":\"search_term_string\"}}],\"inLanguage\":\"es-ES\"},{\"@type\":\"Organization\",\"@id\":\"https:\/\/www.aq-arium.com\/aqmarine\/#organization\",\"name\":\"AQ-arium Solutions\",\"url\":\"https:\/\/www.aq-arium.com\/aqmarine\/\",\"logo\":{\"@type\":\"ImageObject\",\"inLanguage\":\"es-ES\",\"@id\":\"https:\/\/www.aq-arium.com\/aqmarine\/#\/schema\/logo\/image\/\",\"url\":\"https:\/\/www.aq-arium.com\/aqmarine\/wp-content\/uploads\/2021\/08\/AQ-arium-Solutions-logo-100x47px-1.png\",\"contentUrl\":\"https:\/\/www.aq-arium.com\/aqmarine\/wp-content\/uploads\/2021\/08\/AQ-arium-Solutions-logo-100x47px-1.png\",\"width\":100,\"height\":47,\"caption\":\"AQ-arium Solutions\"},\"image\":{\"@id\":\"https:\/\/www.aq-arium.com\/aqmarine\/#\/schema\/logo\/image\/\"},\"sameAs\":[\"https:\/\/www.instagram.com\/aq.arium\/\",\"https:\/\/x.com\/AArium56877\"]}]}<\/script>\n<!-- \/ Yoast SEO plugin. -->","yoast_head_json":{"title":"WATERBOX CLEAR PRO - AQ, Aquarium Solutions","robots":{"index":"index","follow":"follow","max-snippet":"max-snippet:-1","max-image-preview":"max-image-preview:large","max-video-preview":"max-video-preview:-1"},"canonical":"https:\/\/www.aq-arium.com\/aqmarine\/acuario-plantado\/waterbox-clear-pro\/","og_locale":"es_ES","og_type":"article","og_title":"WATERBOX CLEAR PRO - AQ, Aquarium Solutions","og_description":"Volver a la p\u00e1gina principal de Waterbox ACUARIOS EXQUISITAMENTE DISE\u00d1ADOS PARA TODOS LOS NIVELES DE EXPERIENCIA. CLEAR PRO Waterbox ha creado el \u00faltimo sistema de cubos sin bordes construido a partir de StarphireUltra-Clear &#x2122; con bordes cuidadosamente biselados para proporcionar el acuario\u00a0c\u00fabico m\u00e1s atractivo a nivel visual del planeta. \u00a0 DISPONIBLE EN DOS MODELOS CLEAR [&hellip;]","og_url":"https:\/\/www.aq-arium.com\/aqmarine\/acuario-plantado\/waterbox-clear-pro\/","og_site_name":"AQ, Aquarium Solutions","article_publisher":"https:\/\/www.instagram.com\/aq.arium\/","article_modified_time":"2023-05-04T08:02:27+00:00","og_image":[{"width":1080,"height":600,"url":"https:\/\/www.aq-arium.com\/aqmarine\/wp-content\/uploads\/2020\/10\/web.1800x1000.ClearProScene_1080x.jpg","type":"image\/jpeg"}],"twitter_card":"summary_large_image","twitter_site":"@AArium56877","twitter_misc":{"Tiempo de lectura":"5 minutos"},"schema":{"@context":"https:\/\/schema.org","@graph":[{"@type":"WebPage","@id":"https:\/\/www.aq-arium.com\/aqmarine\/acuario-plantado\/waterbox-clear-pro\/","url":"https:\/\/www.aq-arium.com\/aqmarine\/acuario-plantado\/waterbox-clear-pro\/","name":"WATERBOX CLEAR PRO - AQ, Aquarium Solutions","isPartOf":{"@id":"https:\/\/www.aq-arium.com\/aqmarine\/#website"},"primaryImageOfPage":{"@id":"https:\/\/www.aq-arium.com\/aqmarine\/acuario-plantado\/waterbox-clear-pro\/#primaryimage"},"image":{"@id":"https:\/\/www.aq-arium.com\/aqmarine\/acuario-plantado\/waterbox-clear-pro\/#primaryimage"},"thumbnailUrl":"https:\/\/www.aq-arium.com\/aqmarine\/wp-content\/uploads\/2020\/10\/web.1800x1000.ClearProScene_1080x.jpg","datePublished":"2020-03-20T14:15:34+00:00","dateModified":"2023-05-04T08:02:27+00:00","breadcrumb":{"@id":"https:\/\/www.aq-arium.com\/aqmarine\/acuario-plantado\/waterbox-clear-pro\/#breadcrumb"},"inLanguage":"es-ES","potentialAction":[{"@type":"ReadAction","target":["https:\/\/www.aq-arium.com\/aqmarine\/acuario-plantado\/waterbox-clear-pro\/"]}]},{"@type":"ImageObject","inLanguage":"es-ES","@id":"https:\/\/www.aq-arium.com\/aqmarine\/acuario-plantado\/waterbox-clear-pro\/#primaryimage","url":"https:\/\/www.aq-arium.com\/aqmarine\/wp-content\/uploads\/2020\/10\/web.1800x1000.ClearProScene_1080x.jpg","contentUrl":"https:\/\/www.aq-arium.com\/aqmarine\/wp-content\/uploads\/2020\/10\/web.1800x1000.ClearProScene_1080x.jpg","width":1080,"height":600,"caption":"WATERBOX DULCE"},{"@type":"BreadcrumbList","@id":"https:\/\/www.aq-arium.com\/aqmarine\/acuario-plantado\/waterbox-clear-pro\/#breadcrumb","itemListElement":[{"@type":"ListItem","position":1,"name":"Portada","item":"https:\/\/www.aq-arium.com\/aqmarine\/"},{"@type":"ListItem","position":2,"name":"ACUARIO PLANTADO","item":"https:\/\/www.aq-arium.com\/aqmarine\/acuario-plantado\/"},{"@type":"ListItem","position":3,"name":"WATERBOX CLEAR PRO"}]},{"@type":"WebSite","@id":"https:\/\/www.aq-arium.com\/aqmarine\/#website","url":"https:\/\/www.aq-arium.com\/aqmarine\/","name":"AQ, Aquarium Solutions","description":"Productos para Acuario Marino y Dulce","publisher":{"@id":"https:\/\/www.aq-arium.com\/aqmarine\/#organization"},"potentialAction":[{"@type":"SearchAction","target":{"@type":"EntryPoint","urlTemplate":"https:\/\/www.aq-arium.com\/aqmarine\/?s={search_term_string}"},"query-input":{"@type":"PropertyValueSpecification","valueRequired":true,"valueName":"search_term_string"}}],"inLanguage":"es-ES"},{"@type":"Organization","@id":"https:\/\/www.aq-arium.com\/aqmarine\/#organization","name":"AQ-arium Solutions","url":"https:\/\/www.aq-arium.com\/aqmarine\/","logo":{"@type":"ImageObject","inLanguage":"es-ES","@id":"https:\/\/www.aq-arium.com\/aqmarine\/#\/schema\/logo\/image\/","url":"https:\/\/www.aq-arium.com\/aqmarine\/wp-content\/uploads\/2021\/08\/AQ-arium-Solutions-logo-100x47px-1.png","contentUrl":"https:\/\/www.aq-arium.com\/aqmarine\/wp-content\/uploads\/2021\/08\/AQ-arium-Solutions-logo-100x47px-1.png","width":100,"height":47,"caption":"AQ-arium Solutions"},"image":{"@id":"https:\/\/www.aq-arium.com\/aqmarine\/#\/schema\/logo\/image\/"},"sameAs":["https:\/\/www.instagram.com\/aq.arium\/","https:\/\/x.com\/AArium56877"]}]}},"jetpack_sharing_enabled":true,"_links":{"self":[{"href":"https:\/\/www.aq-arium.com\/aqmarine\/wp-json\/wp\/v2\/pages\/12886","targetHints":{"allow":["GET"]}}],"collection":[{"href":"https:\/\/www.aq-arium.com\/aqmarine\/wp-json\/wp\/v2\/pages"}],"about":[{"href":"https:\/\/www.aq-arium.com\/aqmarine\/wp-json\/wp\/v2\/types\/page"}],"author":[{"embeddable":true,"href":"https:\/\/www.aq-arium.com\/aqmarine\/wp-json\/wp\/v2\/users\/1"}],"replies":[{"embeddable":true,"href":"https:\/\/www.aq-arium.com\/aqmarine\/wp-json\/wp\/v2\/comments?post=12886"}],"version-history":[{"count":0,"href":"https:\/\/www.aq-arium.com\/aqmarine\/wp-json\/wp\/v2\/pages\/12886\/revisions"}],"up":[{"embeddable":true,"href":"https:\/\/www.aq-arium.com\/aqmarine\/wp-json\/wp\/v2\/pages\/9239"}],"wp:featuredmedia":[{"embeddable":true,"href":"https:\/\/www.aq-arium.com\/aqmarine\/wp-json\/wp\/v2\/media\/15542"}],"wp:attachment":[{"href":"https:\/\/www.aq-arium.com\/aqmarine\/wp-json\/wp\/v2\/media?parent=12886"}],"curies":[{"name":"wp","href":"https:\/\/api.w.org\/{rel}","templated":true}]}}