{"id":12854,"date":"2020-03-20T12:17:28","date_gmt":"2020-03-20T11:17:28","guid":{"rendered":"https:\/\/www.aq-arium.com\/aqmarine\/?page_id=12854"},"modified":"2023-05-04T09:02:20","modified_gmt":"2023-05-04T08:02:20","slug":"waterbox-clear-mini","status":"publish","type":"page","link":"https:\/\/www.aq-arium.com\/aqmarine\/acuario-plantado\/waterbox-clear-mini\/","title":{"rendered":"WATERBOX CLEAR MINI"},"content":{"rendered":"<p style=\"text-align: left;\">Volver a la p\u00e1gina principal de <a href=\"https:\/\/www.aq-arium.com\/aqmarine\/waterbox\/\">Waterbox<\/a><\/p>\n<h1 style=\"text-align: center;\"><span style=\"color: #000000;\"><img loading=\"lazy\" decoding=\"async\" class=\"wp-image-10933 aligncenter\" src=\"https:\/\/www.aq-arium.com\/aqmarine\/wp-content\/uploads\/2019\/07\/wb-logo-green22.png\" alt=\"wb-logo-green22\" width=\"343\" height=\"98\" srcset=\"https:\/\/www.aq-arium.com\/aqmarine\/wp-content\/uploads\/2019\/07\/wb-logo-green22.png 420w, https:\/\/www.aq-arium.com\/aqmarine\/wp-content\/uploads\/2019\/07\/wb-logo-green22-300x86.png 300w\" sizes=\"auto, (max-width: 343px) 100vw, 343px\" \/><\/span><\/h1>\n<h1 style=\"text-align: center;\"><span style=\"color: #000000;\"><strong>ACUARIOS EXQUISITAMENTE DISE\u00d1ADOS PARA TODOS LOS NIVELES DE EXPERIENCIA.<\/strong><\/span><\/h1>\n<h1><span style=\"color: #000000;\"><strong>CLEAR MINI<\/strong><\/span><\/h1>\n<hr \/>\n<p><span style=\"color: #000000;\">Waterbox ha creado el \u00faltimo sistema de cubos sin bordes construido a partir de StarphireUltra-Clear &#x2122; con bordes cuidadosamente biselados para proporcionar el acuario\u00a0c\u00fabico m\u00e1s atractivo a nivel visual del planeta.<\/span><\/p>\n<p><span style=\"color: #000000;\"><img loading=\"lazy\" decoding=\"async\" class=\"alignnone size-full wp-image-12855\" src=\"https:\/\/www.aq-arium.com\/aqmarine\/wp-content\/uploads\/2020\/03\/web.1800x1000.ClearMini_1200x630.jpg\" alt=\"web.1800x1000.ClearMini_1200x630\" width=\"1134\" height=\"630\" srcset=\"https:\/\/www.aq-arium.com\/aqmarine\/wp-content\/uploads\/2020\/03\/web.1800x1000.ClearMini_1200x630.jpg 1134w, https:\/\/www.aq-arium.com\/aqmarine\/wp-content\/uploads\/2020\/03\/web.1800x1000.ClearMini_1200x630-600x333.jpg 600w, https:\/\/www.aq-arium.com\/aqmarine\/wp-content\/uploads\/2020\/03\/web.1800x1000.ClearMini_1200x630-300x167.jpg 300w, https:\/\/www.aq-arium.com\/aqmarine\/wp-content\/uploads\/2020\/03\/web.1800x1000.ClearMini_1200x630-1024x569.jpg 1024w\" sizes=\"auto, (max-width: 1134px) 100vw, 1134px\" \/><\/span><\/p>\n<h1 style=\"text-align: left;\"><span style=\"color: #000000;\">\u00a0<\/span><\/h1>\n<h3 style=\"text-align: center;\"><span style=\"color: #000000;\"><strong><span style=\"text-decoration: underline;\">DISPONIBLE EN TRES MODELOS<\/span><\/strong><\/span><\/h3>\n<h3 style=\"text-align: center;\"><span style=\"color: #000000;\">CLEAR MINI 6 (22L) |\u00a0CLEAR MINI 10\u00a0(35L)\u00a0|\u00a0CLEAR MINI 16\u00a0(60L)<\/span><\/h3>\n<p><span style=\"color: #000000;\"><img loading=\"lazy\" decoding=\"async\" class=\"alignnone size-full wp-image-12856\" src=\"https:\/\/www.aq-arium.com\/aqmarine\/wp-content\/uploads\/2020\/03\/MODELOS.jpg\" alt=\"MODELOS\" width=\"1395\" height=\"656\" srcset=\"https:\/\/www.aq-arium.com\/aqmarine\/wp-content\/uploads\/2020\/03\/MODELOS.jpg 1395w, https:\/\/www.aq-arium.com\/aqmarine\/wp-content\/uploads\/2020\/03\/MODELOS-600x282.jpg 600w, https:\/\/www.aq-arium.com\/aqmarine\/wp-content\/uploads\/2020\/03\/MODELOS-300x141.jpg 300w, https:\/\/www.aq-arium.com\/aqmarine\/wp-content\/uploads\/2020\/03\/MODELOS-1024x482.jpg 1024w\" sizes=\"auto, (max-width: 1395px) 100vw, 1395px\" \/><\/span><\/p>\n<h3><span style=\"text-decoration: underline; color: #000000;\"><strong>\u00bfQU\u00c9 INCLUYE?<\/strong><\/span><\/h3>\n<p><span style=\"color: #000000;\">El CLEAR MINI combina la tecnolog\u00eda Starphire Ultra-Clear\u00ae Glass con silicona transparente de borde recto para crear el acuario m\u00e1s visualmente impresionante del planeta.<\/span><\/p>\n<p><span style=\"color: #000000;\"><div class=\"ctsc-column ctsc-col2\"><\/span><\/p>\n<ul>\n<li><span style=\"color: #000000;\">Vidrio ultra claro Starphire<\/span><\/li>\n<li><span style=\"color: #000000;\">Silicona de borde recto claro<\/span><\/li>\n<\/ul>\n<p><span style=\"color: #000000;\"><\/div><div class=\"ctsc-column ctsc-col2 ctsc-col-last\"><\/span><\/p>\n<ul>\n<li><span style=\"color: #000000;\">Incluye alfombrilla autonivelante<\/span><\/li>\n<li><span style=\"color: #000000;\">Bordes biselados de diamante<\/span><\/li>\n<\/ul>\n<p><span style=\"color: #000000;\"><\/div><div class=\"col-divide\"><\/div><\/span><\/p>\n<p>&nbsp;<\/p>\n<p><span style=\"color: #000000;\"><img loading=\"lazy\" decoding=\"async\" class=\"alignnone size-full wp-image-12877\" src=\"https:\/\/www.aq-arium.com\/aqmarine\/wp-content\/uploads\/2020\/03\/CLEAR-ESQUEMA.jpg\" alt=\"CLEAR ESQUEMA\" width=\"1800\" height=\"1000\" srcset=\"https:\/\/www.aq-arium.com\/aqmarine\/wp-content\/uploads\/2020\/03\/CLEAR-ESQUEMA.jpg 1800w, https:\/\/www.aq-arium.com\/aqmarine\/wp-content\/uploads\/2020\/03\/CLEAR-ESQUEMA-600x333.jpg 600w, https:\/\/www.aq-arium.com\/aqmarine\/wp-content\/uploads\/2020\/03\/CLEAR-ESQUEMA-300x167.jpg 300w, https:\/\/www.aq-arium.com\/aqmarine\/wp-content\/uploads\/2020\/03\/CLEAR-ESQUEMA-1024x569.jpg 1024w\" sizes=\"auto, (max-width: 1800px) 100vw, 1800px\" \/><\/span><\/p>\n<h3><span style=\"text-decoration: underline; color: #000000;\"><strong>ACUARIO<\/strong><\/span><\/h3>\n<div class=\"ctsc-column ctsc-col3\">\n<p><img loading=\"lazy\" decoding=\"async\" class=\"\" src=\"https:\/\/cdn.shopify.com\/s\/files\/1\/0273\/6590\/0397\/t\/3\/assets\/pf-509488af--clearminidetailsmat1.jpg?v=1582036916\" alt=\"\" width=\"264\" height=\"264\" \/><\/p>\n<p><strong>Alfombrilla autonivelante<\/strong><br \/>\nIncluye una esterilla de espuma autonivelante previamente asentada, que mantiene el nivel del acuario en superficies irregulares y reduce la tensi\u00f3n en el vidrio.<\/p>\n<\/div><div class=\"ctsc-column ctsc-col3\">\n<p><img loading=\"lazy\" decoding=\"async\" class=\"\" src=\"https:\/\/cdn.shopify.com\/s\/files\/1\/0273\/6590\/0397\/t\/3\/assets\/pf-bc0a6f19-62d1-4c83-9125-4307b004370e--cleardetailssilicone.jpg?v=1576791807\" alt=\"\" width=\"254\" height=\"254\" \/><\/p>\n<p><strong>Silicona transparente de borde recto<\/strong><br \/>\nUtilizando una t\u00e9cnica de bordes rectos, todas las costuras de silicona tienen una resistencia excepcional y una apariencia limpia.<\/p>\n<\/div><div class=\"ctsc-column ctsc-col3 ctsc-col-last\">\n<p><img loading=\"lazy\" decoding=\"async\" class=\"\" src=\"https:\/\/cdn.shopify.com\/s\/files\/1\/0273\/6590\/0397\/t\/3\/assets\/pf-34425ed4--glasslogo.jpg?v=1582131236\" alt=\"\" width=\"246\" height=\"246\" \/><\/p>\n<p><strong>Grabado con l\u00e1ser<\/strong><br \/>\nCada Waterbox tiene nuestro logotipo flotante grabado con l\u00e1ser dentro del vidrio para demostrar su autenticidad.<\/p>\n<\/div><div class=\"col-divide\"><\/div>\n<p>&nbsp;<\/p>\n<p><img loading=\"lazy\" decoding=\"async\" class=\"alignnone size-full wp-image-10936\" src=\"https:\/\/www.aq-arium.com\/aqmarine\/wp-content\/uploads\/2019\/07\/clear.zengarden-1.jpg\" alt=\"clear.zengarden-1\" width=\"2200\" height=\"763\" srcset=\"https:\/\/www.aq-arium.com\/aqmarine\/wp-content\/uploads\/2019\/07\/clear.zengarden-1.jpg 2200w, https:\/\/www.aq-arium.com\/aqmarine\/wp-content\/uploads\/2019\/07\/clear.zengarden-1-600x208.jpg 600w, https:\/\/www.aq-arium.com\/aqmarine\/wp-content\/uploads\/2019\/07\/clear.zengarden-1-300x104.jpg 300w, https:\/\/www.aq-arium.com\/aqmarine\/wp-content\/uploads\/2019\/07\/clear.zengarden-1-1024x355.jpg 1024w\" sizes=\"auto, (max-width: 2200px) 100vw, 2200px\" \/><\/p>\n<h3><span style=\"text-decoration: underline; color: #000000;\"><strong>Cristal Ultra Claro Starphire<\/strong><\/span><\/h3>\n<p><span style=\"color: #000000;\">El uso de\u00a0cristal patentado Starphire Ultra-Clear, bajo en hierro, en cada lado del acuario proporciona una claridad sin igual.<\/span><\/p>\n<h1><span style=\"color: #000000;\"><img loading=\"lazy\" decoding=\"async\" class=\"alignnone wp-image-12756 size-large\" src=\"https:\/\/www.aq-arium.com\/aqmarine\/wp-content\/uploads\/2020\/03\/pf-c0c83aea-2406-4145-8eca-f04dfc9e703d-web1800x1000glass1-1024x468.jpg\" alt=\"pf-c0c83aea-2406-4145-8eca-f04dfc9e703d--web1800x1000glass\" width=\"960\" height=\"439\" srcset=\"https:\/\/www.aq-arium.com\/aqmarine\/wp-content\/uploads\/2020\/03\/pf-c0c83aea-2406-4145-8eca-f04dfc9e703d-web1800x1000glass1-1024x468.jpg 1024w, https:\/\/www.aq-arium.com\/aqmarine\/wp-content\/uploads\/2020\/03\/pf-c0c83aea-2406-4145-8eca-f04dfc9e703d-web1800x1000glass1-600x274.jpg 600w, https:\/\/www.aq-arium.com\/aqmarine\/wp-content\/uploads\/2020\/03\/pf-c0c83aea-2406-4145-8eca-f04dfc9e703d-web1800x1000glass1-300x137.jpg 300w, https:\/\/www.aq-arium.com\/aqmarine\/wp-content\/uploads\/2020\/03\/pf-c0c83aea-2406-4145-8eca-f04dfc9e703d-web1800x1000glass1.jpg 1800w\" sizes=\"auto, (max-width: 960px) 100vw, 960px\" \/><\/span><\/h1>\n<h3><span style=\"color: #000000;\">\u00a0<\/span><\/h3>\n<h3><span style=\"text-decoration: underline; color: #000000;\"><strong>MUEBLE DE ALTA CALIDAD<\/strong><\/span><\/h3>\n<p><img loading=\"lazy\" decoding=\"async\" class=\"alignnone size-full wp-image-12878\" src=\"https:\/\/www.aq-arium.com\/aqmarine\/wp-content\/uploads\/2020\/03\/pf-c6a59ce0-102f-4222-8b69-4f5640d58895-web1800x1000ClearBlackWhiteSM.jpg\" alt=\"pf-c6a59ce0-102f-4222-8b69-4f5640d58895--web1800x1000ClearBlackWhiteSM\" width=\"1800\" height=\"1000\" srcset=\"https:\/\/www.aq-arium.com\/aqmarine\/wp-content\/uploads\/2020\/03\/pf-c6a59ce0-102f-4222-8b69-4f5640d58895-web1800x1000ClearBlackWhiteSM.jpg 1800w, https:\/\/www.aq-arium.com\/aqmarine\/wp-content\/uploads\/2020\/03\/pf-c6a59ce0-102f-4222-8b69-4f5640d58895-web1800x1000ClearBlackWhiteSM-600x333.jpg 600w, https:\/\/www.aq-arium.com\/aqmarine\/wp-content\/uploads\/2020\/03\/pf-c6a59ce0-102f-4222-8b69-4f5640d58895-web1800x1000ClearBlackWhiteSM-300x167.jpg 300w, https:\/\/www.aq-arium.com\/aqmarine\/wp-content\/uploads\/2020\/03\/pf-c6a59ce0-102f-4222-8b69-4f5640d58895-web1800x1000ClearBlackWhiteSM-1024x569.jpg 1024w\" sizes=\"auto, (max-width: 1800px) 100vw, 1800px\" \/><\/p>\n<p>Los muebles Waterbox est\u00e1n dise\u00f1ados para elevar\u00a0la est\u00e9tica de cualquier habitaci\u00f3n con acabados de primera clase.<\/p>\n<p>Fabricado por \u201cWorld Furniture Manufacturer\u201d. Las mesas\u00a0modelo 1818 son de contrachapado laminado e incluyen bisagras inoxidables, puertas abatibles y patas de nivelaci\u00f3n.<\/p>\n<p>Nuestro ebanista ostenta los siguientes reconocimientos:<br \/>\n&#8211; Miembro del Comit\u00e9 T\u00e9cnico Nacional de Estandarizaci\u00f3n de Muebles<br \/>\n&#8211; Centro de Tecnolog\u00eda Empresarial USA<br \/>\n&#8211; TOP 10 mejores marcas de muebles.<\/p>\n<div class=\"ctsc-column ctsc-col4\">\n<strong><img loading=\"lazy\" decoding=\"async\" class=\"aligncenter\" src=\"https:\/\/cdn.shopify.com\/s\/files\/1\/0273\/6590\/0397\/t\/3\/assets\/pf-05253177-6f01-41fc-86ab-929fc181aa16--Cabinetoakhinge2.jpg?v=1576792495\" alt=\"\" width=\"335\" height=\"335\" \/><\/strong><\/p>\n<p><strong>Bisagras recubiertas de PVC de cierre suave<br \/>\n<\/strong>Las bisagras de acero inoxidable mantienen la mesa libre de \u00f3xido y aumentan la longevidad del mueble.<\/p>\n<\/div><div class=\"ctsc-column ctsc-col4\">\n<img loading=\"lazy\" decoding=\"async\" class=\"aligncenter\" src=\"https:\/\/cdn.shopify.com\/s\/files\/1\/0273\/6590\/0397\/t\/3\/assets\/pf-c5a4eef6-3380-46dd-999a-a0c36f78aae2--cabinetpushpin2.jpg?v=1576792603\" alt=\"\" width=\"445\" height=\"445\" \/><\/p>\n<p><strong>Apertura de puertas mediante presi\u00f3n<br \/>\n<\/strong>Las puertas europeas alineadas con el panel frontal del acuario proporcionan un f\u00e1cil acceso a la mesa.<\/p>\n<\/div><div class=\"ctsc-column ctsc-col4\">\n<img loading=\"lazy\" decoding=\"async\" class=\"aligncenter\" src=\"https:\/\/cdn.shopify.com\/s\/files\/1\/0273\/6590\/0397\/t\/3\/assets\/pf-dc43126e-8774-42b5-95cb-ca722e758f64--CabinetOakLevelingFeet2.jpg?v=1576792183\" alt=\"\" width=\"416\" height=\"416\" \/><br \/>\n<strong>Patas de nivelaci\u00f3n<br \/>\n<\/strong>Se incluyen patas de nivelaci\u00f3n ajustables con cada mesa para garantizar que el acuario est\u00e9 nivelado.<\/p>\n<\/div><div class=\"ctsc-column ctsc-col4 ctsc-col-last\">\n<img loading=\"lazy\" decoding=\"async\" class=\"aligncenter\" src=\"https:\/\/cdn.shopify.com\/s\/files\/1\/0273\/6590\/0397\/t\/3\/assets\/pf-e87e9e5c-89dc-41c6-8455-630391257cd0--web2000x20003color.jpg?v=1576702712\" alt=\"\" width=\"373\" height=\"373\" \/><\/p>\n<p><strong>Acabados de gabinete<\/strong><br \/>\nLos gabinetes est\u00e1n disponibles en tres acabados. Las opciones incluyen negro, blanco o roble.<\/p>\n<\/div><div class=\"col-divide\"><\/div>\n<p>&nbsp;<\/p>\n<h3><span style=\"color: #000000;\">\u00a0<\/span><\/h3>\n<h3 style=\"text-align: center;\"><span style=\"text-decoration: underline; color: #000000;\"><strong>ESPECIFICACIONES T\u00c9CNICAS<\/strong><\/span><\/h3>\n<p><span style=\"color: #000000;\">\u00a0<\/span><\/p>\n<table width=\"317\">\n<tbody>\n<tr>\n<td width=\"138\"><span style=\"color: #000000;\">Modelo<\/span><\/td>\n<td width=\"55\"><span style=\"color: #000000;\">CLEAR 6<\/span><\/td>\n<td width=\"62\"><span style=\"color: #000000;\">CLEAR 10<\/span><\/td>\n<td width=\"62\"><span style=\"color: #000000;\">CLEAR 16<\/span><\/td>\n<\/tr>\n<tr>\n<td><span style=\"color: #000000;\">Grueso Cristal (mm)<\/span><\/td>\n<td><span style=\"color: #000000;\">5<\/span><\/td>\n<td><span style=\"color: #000000;\">5<\/span><\/td>\n<td><span style=\"color: #000000;\">6<\/span><\/td>\n<\/tr>\n<tr>\n<td><span style=\"color: #000000;\">L (mm)<\/span><\/td>\n<td><span style=\"color: #000000;\">360<\/span><\/td>\n<td><span style=\"color: #000000;\">500<\/span><\/td>\n<td><span style=\"color: #000000;\">600<\/span><\/td>\n<\/tr>\n<tr>\n<td><span style=\"color: #000000;\">W (mm)<\/span><\/td>\n<td><span style=\"color: #000000;\">240<\/span><\/td>\n<td><span style=\"color: #000000;\">250<\/span><\/td>\n<td><span style=\"color: #000000;\">300<\/span><\/td>\n<\/tr>\n<tr>\n<td><span style=\"color: #000000;\">H (mm)<\/span><\/td>\n<td><span style=\"color: #000000;\">280<\/span><\/td>\n<td><span style=\"color: #000000;\">300<\/span><\/td>\n<td><span style=\"color: #000000;\">360<\/span><\/td>\n<\/tr>\n<tr>\n<td><span style=\"color: #000000;\">Litros<\/span><\/td>\n<td><span style=\"color: #000000;\">22<\/span><\/td>\n<td><span style=\"color: #000000;\">35<\/span><\/td>\n<td><span style=\"color: #000000;\">60<\/span><\/td>\n<\/tr>\n<\/tbody>\n<\/table>\n<p>&nbsp;<\/p>\n<p>&nbsp;<\/p>\n<p><span style=\"color: #000000;\"><img decoding=\"async\" src=\"https:\/\/cdn.shopify.com\/s\/files\/1\/0273\/6590\/0397\/t\/3\/assets\/pf-98b66310--web1000x800CustomerInspirations2.jpg?v=1582314085\" alt=\"\" \/><\/span><\/p>\n<p><span style=\"color: #000000;\"><img decoding=\"async\" src=\"https:\/\/cdn.shopify.com\/s\/files\/1\/0273\/6590\/0397\/t\/3\/assets\/pf-9e2fa628--web1000x800CustomerInspirations.jpg?v=1582314013\" alt=\"John\" \/><\/span><\/p>\n","protected":false},"excerpt":{"rendered":"<p>Volver a la p\u00e1gina principal de Waterbox ACUARIOS EXQUISITAMENTE DISE\u00d1ADOS PARA TODOS LOS NIVELES DE EXPERIENCIA. CLEAR MINI Waterbox ha creado el \u00faltimo sistema de cubos sin bordes construido a partir de StarphireUltra-Clear &#x2122; con bordes cuidadosamente biselados para proporcionar el acuario\u00a0c\u00fabico m\u00e1s atractivo a nivel visual del planeta. \u00a0 DISPONIBLE EN TRES MODELOS CLEAR [&hellip;]<\/p>\n","protected":false},"author":1,"featured_media":0,"parent":9239,"menu_order":0,"comment_status":"closed","ping_status":"closed","template":"","meta":{"_acf_changed":false,"footnotes":""},"class_list":["post-12854","page","type-page","status-publish","hentry"],"acf":[],"yoast_head":"<!-- This site is optimized with the Yoast SEO plugin v23.9 - https:\/\/yoast.com\/wordpress\/plugins\/seo\/ -->\n<title>WATERBOX CLEAR MINI - AQ, Aquarium Solutions<\/title>\n<meta name=\"robots\" content=\"index, follow, max-snippet:-1, max-image-preview:large, max-video-preview:-1\" \/>\n<link rel=\"canonical\" href=\"https:\/\/www.aq-arium.com\/aqmarine\/acuario-plantado\/waterbox-clear-mini\/\" \/>\n<meta property=\"og:locale\" content=\"es_ES\" \/>\n<meta property=\"og:type\" content=\"article\" \/>\n<meta property=\"og:title\" content=\"WATERBOX CLEAR MINI - AQ, Aquarium Solutions\" \/>\n<meta property=\"og:description\" content=\"Volver a la p\u00e1gina principal de Waterbox ACUARIOS EXQUISITAMENTE DISE\u00d1ADOS PARA TODOS LOS NIVELES DE EXPERIENCIA. CLEAR MINI Waterbox ha creado el \u00faltimo sistema de cubos sin bordes construido a partir de StarphireUltra-Clear &#x2122; con bordes cuidadosamente biselados para proporcionar el acuario\u00a0c\u00fabico m\u00e1s atractivo a nivel visual del planeta. \u00a0 DISPONIBLE EN TRES MODELOS CLEAR [&hellip;]\" \/>\n<meta property=\"og:url\" content=\"https:\/\/www.aq-arium.com\/aqmarine\/acuario-plantado\/waterbox-clear-mini\/\" \/>\n<meta property=\"og:site_name\" content=\"AQ, Aquarium Solutions\" \/>\n<meta property=\"article:publisher\" content=\"https:\/\/www.instagram.com\/aq.arium\/\" \/>\n<meta property=\"article:modified_time\" content=\"2023-05-04T08:02:20+00:00\" \/>\n<meta property=\"og:image\" content=\"https:\/\/www.aq-arium.com\/aqmarine\/wp-content\/uploads\/2019\/07\/wb-logo-green22.png\" \/>\n<meta name=\"twitter:card\" content=\"summary_large_image\" \/>\n<meta name=\"twitter:site\" content=\"@AArium56877\" \/>\n<meta name=\"twitter:label1\" content=\"Tiempo de lectura\" \/>\n\t<meta name=\"twitter:data1\" content=\"5 minutos\" \/>\n<script type=\"application\/ld+json\" class=\"yoast-schema-graph\">{\"@context\":\"https:\/\/schema.org\",\"@graph\":[{\"@type\":\"WebPage\",\"@id\":\"https:\/\/www.aq-arium.com\/aqmarine\/acuario-plantado\/waterbox-clear-mini\/\",\"url\":\"https:\/\/www.aq-arium.com\/aqmarine\/acuario-plantado\/waterbox-clear-mini\/\",\"name\":\"WATERBOX CLEAR MINI - AQ, Aquarium Solutions\",\"isPartOf\":{\"@id\":\"https:\/\/www.aq-arium.com\/aqmarine\/#website\"},\"primaryImageOfPage\":{\"@id\":\"https:\/\/www.aq-arium.com\/aqmarine\/acuario-plantado\/waterbox-clear-mini\/#primaryimage\"},\"image\":{\"@id\":\"https:\/\/www.aq-arium.com\/aqmarine\/acuario-plantado\/waterbox-clear-mini\/#primaryimage\"},\"thumbnailUrl\":\"https:\/\/www.aq-arium.com\/aqmarine\/wp-content\/uploads\/2019\/07\/wb-logo-green22.png\",\"datePublished\":\"2020-03-20T11:17:28+00:00\",\"dateModified\":\"2023-05-04T08:02:20+00:00\",\"breadcrumb\":{\"@id\":\"https:\/\/www.aq-arium.com\/aqmarine\/acuario-plantado\/waterbox-clear-mini\/#breadcrumb\"},\"inLanguage\":\"es-ES\",\"potentialAction\":[{\"@type\":\"ReadAction\",\"target\":[\"https:\/\/www.aq-arium.com\/aqmarine\/acuario-plantado\/waterbox-clear-mini\/\"]}]},{\"@type\":\"ImageObject\",\"inLanguage\":\"es-ES\",\"@id\":\"https:\/\/www.aq-arium.com\/aqmarine\/acuario-plantado\/waterbox-clear-mini\/#primaryimage\",\"url\":\"https:\/\/www.aq-arium.com\/aqmarine\/wp-content\/uploads\/2019\/07\/wb-logo-green22.png\",\"contentUrl\":\"https:\/\/www.aq-arium.com\/aqmarine\/wp-content\/uploads\/2019\/07\/wb-logo-green22.png\",\"width\":420,\"height\":120},{\"@type\":\"BreadcrumbList\",\"@id\":\"https:\/\/www.aq-arium.com\/aqmarine\/acuario-plantado\/waterbox-clear-mini\/#breadcrumb\",\"itemListElement\":[{\"@type\":\"ListItem\",\"position\":1,\"name\":\"Portada\",\"item\":\"https:\/\/www.aq-arium.com\/aqmarine\/\"},{\"@type\":\"ListItem\",\"position\":2,\"name\":\"ACUARIO PLANTADO\",\"item\":\"https:\/\/www.aq-arium.com\/aqmarine\/acuario-plantado\/\"},{\"@type\":\"ListItem\",\"position\":3,\"name\":\"WATERBOX CLEAR MINI\"}]},{\"@type\":\"WebSite\",\"@id\":\"https:\/\/www.aq-arium.com\/aqmarine\/#website\",\"url\":\"https:\/\/www.aq-arium.com\/aqmarine\/\",\"name\":\"AQ, Aquarium Solutions\",\"description\":\"Productos para Acuario Marino y Dulce\",\"publisher\":{\"@id\":\"https:\/\/www.aq-arium.com\/aqmarine\/#organization\"},\"potentialAction\":[{\"@type\":\"SearchAction\",\"target\":{\"@type\":\"EntryPoint\",\"urlTemplate\":\"https:\/\/www.aq-arium.com\/aqmarine\/?s={search_term_string}\"},\"query-input\":{\"@type\":\"PropertyValueSpecification\",\"valueRequired\":true,\"valueName\":\"search_term_string\"}}],\"inLanguage\":\"es-ES\"},{\"@type\":\"Organization\",\"@id\":\"https:\/\/www.aq-arium.com\/aqmarine\/#organization\",\"name\":\"AQ-arium Solutions\",\"url\":\"https:\/\/www.aq-arium.com\/aqmarine\/\",\"logo\":{\"@type\":\"ImageObject\",\"inLanguage\":\"es-ES\",\"@id\":\"https:\/\/www.aq-arium.com\/aqmarine\/#\/schema\/logo\/image\/\",\"url\":\"https:\/\/www.aq-arium.com\/aqmarine\/wp-content\/uploads\/2021\/08\/AQ-arium-Solutions-logo-100x47px-1.png\",\"contentUrl\":\"https:\/\/www.aq-arium.com\/aqmarine\/wp-content\/uploads\/2021\/08\/AQ-arium-Solutions-logo-100x47px-1.png\",\"width\":100,\"height\":47,\"caption\":\"AQ-arium Solutions\"},\"image\":{\"@id\":\"https:\/\/www.aq-arium.com\/aqmarine\/#\/schema\/logo\/image\/\"},\"sameAs\":[\"https:\/\/www.instagram.com\/aq.arium\/\",\"https:\/\/x.com\/AArium56877\"]}]}<\/script>\n<!-- \/ Yoast SEO plugin. -->","yoast_head_json":{"title":"WATERBOX CLEAR MINI - AQ, Aquarium Solutions","robots":{"index":"index","follow":"follow","max-snippet":"max-snippet:-1","max-image-preview":"max-image-preview:large","max-video-preview":"max-video-preview:-1"},"canonical":"https:\/\/www.aq-arium.com\/aqmarine\/acuario-plantado\/waterbox-clear-mini\/","og_locale":"es_ES","og_type":"article","og_title":"WATERBOX CLEAR MINI - AQ, Aquarium Solutions","og_description":"Volver a la p\u00e1gina principal de Waterbox ACUARIOS EXQUISITAMENTE DISE\u00d1ADOS PARA TODOS LOS NIVELES DE EXPERIENCIA. CLEAR MINI Waterbox ha creado el \u00faltimo sistema de cubos sin bordes construido a partir de StarphireUltra-Clear &#x2122; con bordes cuidadosamente biselados para proporcionar el acuario\u00a0c\u00fabico m\u00e1s atractivo a nivel visual del planeta. \u00a0 DISPONIBLE EN TRES MODELOS CLEAR [&hellip;]","og_url":"https:\/\/www.aq-arium.com\/aqmarine\/acuario-plantado\/waterbox-clear-mini\/","og_site_name":"AQ, Aquarium Solutions","article_publisher":"https:\/\/www.instagram.com\/aq.arium\/","article_modified_time":"2023-05-04T08:02:20+00:00","og_image":[{"url":"https:\/\/www.aq-arium.com\/aqmarine\/wp-content\/uploads\/2019\/07\/wb-logo-green22.png"}],"twitter_card":"summary_large_image","twitter_site":"@AArium56877","twitter_misc":{"Tiempo de lectura":"5 minutos"},"schema":{"@context":"https:\/\/schema.org","@graph":[{"@type":"WebPage","@id":"https:\/\/www.aq-arium.com\/aqmarine\/acuario-plantado\/waterbox-clear-mini\/","url":"https:\/\/www.aq-arium.com\/aqmarine\/acuario-plantado\/waterbox-clear-mini\/","name":"WATERBOX CLEAR MINI - AQ, Aquarium Solutions","isPartOf":{"@id":"https:\/\/www.aq-arium.com\/aqmarine\/#website"},"primaryImageOfPage":{"@id":"https:\/\/www.aq-arium.com\/aqmarine\/acuario-plantado\/waterbox-clear-mini\/#primaryimage"},"image":{"@id":"https:\/\/www.aq-arium.com\/aqmarine\/acuario-plantado\/waterbox-clear-mini\/#primaryimage"},"thumbnailUrl":"https:\/\/www.aq-arium.com\/aqmarine\/wp-content\/uploads\/2019\/07\/wb-logo-green22.png","datePublished":"2020-03-20T11:17:28+00:00","dateModified":"2023-05-04T08:02:20+00:00","breadcrumb":{"@id":"https:\/\/www.aq-arium.com\/aqmarine\/acuario-plantado\/waterbox-clear-mini\/#breadcrumb"},"inLanguage":"es-ES","potentialAction":[{"@type":"ReadAction","target":["https:\/\/www.aq-arium.com\/aqmarine\/acuario-plantado\/waterbox-clear-mini\/"]}]},{"@type":"ImageObject","inLanguage":"es-ES","@id":"https:\/\/www.aq-arium.com\/aqmarine\/acuario-plantado\/waterbox-clear-mini\/#primaryimage","url":"https:\/\/www.aq-arium.com\/aqmarine\/wp-content\/uploads\/2019\/07\/wb-logo-green22.png","contentUrl":"https:\/\/www.aq-arium.com\/aqmarine\/wp-content\/uploads\/2019\/07\/wb-logo-green22.png","width":420,"height":120},{"@type":"BreadcrumbList","@id":"https:\/\/www.aq-arium.com\/aqmarine\/acuario-plantado\/waterbox-clear-mini\/#breadcrumb","itemListElement":[{"@type":"ListItem","position":1,"name":"Portada","item":"https:\/\/www.aq-arium.com\/aqmarine\/"},{"@type":"ListItem","position":2,"name":"ACUARIO PLANTADO","item":"https:\/\/www.aq-arium.com\/aqmarine\/acuario-plantado\/"},{"@type":"ListItem","position":3,"name":"WATERBOX CLEAR MINI"}]},{"@type":"WebSite","@id":"https:\/\/www.aq-arium.com\/aqmarine\/#website","url":"https:\/\/www.aq-arium.com\/aqmarine\/","name":"AQ, Aquarium Solutions","description":"Productos para Acuario Marino y Dulce","publisher":{"@id":"https:\/\/www.aq-arium.com\/aqmarine\/#organization"},"potentialAction":[{"@type":"SearchAction","target":{"@type":"EntryPoint","urlTemplate":"https:\/\/www.aq-arium.com\/aqmarine\/?s={search_term_string}"},"query-input":{"@type":"PropertyValueSpecification","valueRequired":true,"valueName":"search_term_string"}}],"inLanguage":"es-ES"},{"@type":"Organization","@id":"https:\/\/www.aq-arium.com\/aqmarine\/#organization","name":"AQ-arium Solutions","url":"https:\/\/www.aq-arium.com\/aqmarine\/","logo":{"@type":"ImageObject","inLanguage":"es-ES","@id":"https:\/\/www.aq-arium.com\/aqmarine\/#\/schema\/logo\/image\/","url":"https:\/\/www.aq-arium.com\/aqmarine\/wp-content\/uploads\/2021\/08\/AQ-arium-Solutions-logo-100x47px-1.png","contentUrl":"https:\/\/www.aq-arium.com\/aqmarine\/wp-content\/uploads\/2021\/08\/AQ-arium-Solutions-logo-100x47px-1.png","width":100,"height":47,"caption":"AQ-arium Solutions"},"image":{"@id":"https:\/\/www.aq-arium.com\/aqmarine\/#\/schema\/logo\/image\/"},"sameAs":["https:\/\/www.instagram.com\/aq.arium\/","https:\/\/x.com\/AArium56877"]}]}},"jetpack_sharing_enabled":true,"_links":{"self":[{"href":"https:\/\/www.aq-arium.com\/aqmarine\/wp-json\/wp\/v2\/pages\/12854","targetHints":{"allow":["GET"]}}],"collection":[{"href":"https:\/\/www.aq-arium.com\/aqmarine\/wp-json\/wp\/v2\/pages"}],"about":[{"href":"https:\/\/www.aq-arium.com\/aqmarine\/wp-json\/wp\/v2\/types\/page"}],"author":[{"embeddable":true,"href":"https:\/\/www.aq-arium.com\/aqmarine\/wp-json\/wp\/v2\/users\/1"}],"replies":[{"embeddable":true,"href":"https:\/\/www.aq-arium.com\/aqmarine\/wp-json\/wp\/v2\/comments?post=12854"}],"version-history":[{"count":0,"href":"https:\/\/www.aq-arium.com\/aqmarine\/wp-json\/wp\/v2\/pages\/12854\/revisions"}],"up":[{"embeddable":true,"href":"https:\/\/www.aq-arium.com\/aqmarine\/wp-json\/wp\/v2\/pages\/9239"}],"wp:attachment":[{"href":"https:\/\/www.aq-arium.com\/aqmarine\/wp-json\/wp\/v2\/media?parent=12854"}],"curies":[{"name":"wp","href":"https:\/\/api.w.org\/{rel}","templated":true}]}}